000
CXUS53 KILX 010900
CF6PIA
PRELIMINARY LOCAL CLIMATOLOGICAL DATA (WS FORM: F-6)
STATION: PEORIA IL
MONTH: JUNE
YEAR: 2023
LATITUDE: 40 40 N
LONGITUDE: 89 41 W
TEMPERATURE IN F: :PCPN: SNOW: WIND :SUNSHINE: SKY :PK WND
================================================================================
1 2 3 4 5 6A 6B 7 8 9 10 11 12 13 14 15 16 17 18
12Z AVG MX 2MIN
DY MAX MIN AVG DEP HDD CDD WTR SNW DPTH SPD SPD DIR MIN PSBL S-S WX SPD DR
================================================================================
1 93 67 80 11 0 15 T 0.0 0 3.9 17 100 M M 1 25 150
2 94 66 80 11 0 15 0.00 0.0 0 5.1 14 80 M M 0 20 60
3 93 67 80 11 0 15 0.00 0.0 0 8.5 14 60 M M 1 21 50
4 90 62 76 6 0 11 0.00 0.0 0 9.4 18 60 M M 0 8 25 60
5 86 56 71 1 0 6 0.00 0.0 0 4.8 12 80 M M 0 17 110
6 91 58 75 5 0 10 0.01 0.0 0 3.9 13 300 M M 3 21 290
7 81 59 70 -1 0 5 0.04 0.0 0 7.6 18 70 M M 4 1 26 60
8 81 49 65 -6 0 0 0.00 0.0 0 4.7 14 80 M M 0 21 70
9 83 50 67 -4 0 2 0.00 0.0 0 1.6 12 80 M M 0 17 80
10 87 54 71 -1 0 6 0.00 0.0 0 4.2 15 180 M M 1 21 270
11 75 57 66 -6 0 1 0.18 0.0 0 8.2 15 360 M M 10 1 26 20
12 75 50 63 -9 2 0 0.00 0.0 0 7.1 16 350 M M 4 26 360
13 82 60 71 -1 0 6 T 0.0 0 7.7 20 270 M M 5 30 260
14 86 62 74 1 0 9 0.00 0.0 0 2.6 9 230 M M 3 11 220
15 92 60 76 3 0 11 0.00 0.0 0 5.6 22 70 M M 2 8 29 80
16 80 54 67 -6 0 2 0.00 0.0 0 8.1 16 70 M M 1 23 80
17 83 55 69 -5 0 4 0.00 0.0 0 3.7 9 210 M M 0 13 150
18 86 68 77 3 0 12 0.00 0.0 0 6.8 16 160 M M 3 24 170
19 90 65 78 4 0 13 0.00 0.0 0 6.7 15 50 M M 0 21 60
20 92 65 79 5 0 14 0.00 0.0 0 10.7 20 60 M M 0 27 70
21 92 68 80 6 0 15 0.00 0.0 0 10.0 21 90 M M 0 29 110
22 91 68 80 5 0 15 0.00 0.0 0 6.5 17 70 M M 2 24 60
23 90 63 77 2 0 12 0.00 0.0 0 2.3 9 10 M M 1 16 340
24 95 64 80 5 0 15 0.01 0.0 0 6.2 16 170 M M 1 3 21 200
25 87 69 78 3 0 13 0.01 0.0 0 11.7 32 270 M M 4 3 46 290
26 81 68 75 0 0 10 0.00 0.0 0 9.8 18 310 M M 7 29 300
27 84 64 74 -1 0 9 0.00 0.0 0 4.3 10 40 M M 6 8 17 40
28 80 63 72 -4 0 7 0.05 0.0 0 6.7 17 140 M M 8 138 26 140
29 88 66 77 1 0 12 1.18 0.0 0 5.8 39 260 M M 3 138 58 240
30 87 64 76 0 0 11 0.04 0.0 0 2.9 22 60 M M 4 1238 27 70
================================================================================
SM 2595 1841 2 276 1.52 0.0 187.1 M 74
================================================================================
AV 86.5 61.4 6.2 FASTST M M 2 MAX(MPH)
MISC ----> 39 260 58 240
================================================================================
NOTES:
# LAST OF SEVERAL OCCURRENCES
COLUMN 17 PEAK WIND IN M.P.H.
PRELIMINARY LOCAL CLIMATOLOGICAL DATA (WS FORM: F-6) , PAGE 2
STATION: PEORIA IL
MONTH: JUNE
YEAR: 2023
LATITUDE: 40 40 N
LONGITUDE: 89 41 W
[TEMPERATURE DATA] [PRECIPITATION DATA] SYMBOLS USED IN COLUMN 16
AVERAGE MONTHLY: 73.9 TOTAL FOR MONTH: 1.52 1 = FOG OR MIST
DPTR FM NORMAL: 1.1 DPTR FM NORMAL: -2.21 2 = FOG REDUCING VISIBILITY
HIGHEST: 95 ON 24 GRTST 24HR 1.18 ON 28-29 TO 1/4 MILE OR LESS
LOWEST: 49 ON 8 3 = THUNDER
SNOW, ICE PELLETS, HAIL 4 = ICE PELLETS
TOTAL MONTH: 0.0 INCH 5 = HAIL
GRTST 24HR 0.0 6 = FREEZING RAIN OR DRIZZLE
GRTST DEPTH: 0 7 = DUSTSTORM OR SANDSTORM:
VSBY 1/2 MILE OR LESS
8 = SMOKE OR HAZE
[NO. OF DAYS WITH] [WEATHER - DAYS WITH] 9 = BLOWING SNOW
X = TORNADO
MAX 32 OR BELOW: 0 0.01 INCH OR MORE: 8
MAX 90 OR ABOVE: 12 0.10 INCH OR MORE: 2
MIN 32 OR BELOW: 0 0.50 INCH OR MORE: 1
MIN 0 OR BELOW: 0 1.00 INCH OR MORE: 1
[HDD (BASE 65) ]
TOTAL THIS MO. 2 CLEAR (SCALE 0-3) 18
DPTR FM NORMAL -11 PTCLDY (SCALE 4-7) 10
TOTAL FM JUL 1 5060 CLOUDY (SCALE 8-10) 2
DPTR FM NORMAL -551
[CDD (BASE 65) ]
TOTAL THIS MO. 276
DPTR FM NORMAL 29 [PRESSURE DATA]
TOTAL FM JAN 1 371 HIGHEST SLP 30.10 ON 28
DPTR FM NORMAL 22 LOWEST SLP 29.62 ON 13
[REMARKS]
#FINAL-06-23#