419
CXUS53 KILX 012300
CF6PIA
PRELIMINARY LOCAL CLIMATOLOGICAL DATA (WS FORM: F-6)
STATION: PEORIA IL
MONTH: AUGUST
YEAR: 2020
LATITUDE: 40 40 N
LONGITUDE: 89 41 W
TEMPERATURE IN F: :PCPN: SNOW: WIND :SUNSHINE: SKY :PK WND
================================================================================
1 2 3 4 5 6A 6B 7 8 9 10 11 12 13 14 15 16 17 18
12Z AVG MX 2MIN
DY MAX MIN AVG DEP HDD CDD WTR SNW DPTH SPD SPD DIR MIN PSBL S-S WX SPD DR
================================================================================
1 80 64 72 -3 0 7 0.00 0.0 0 4.8 12 330 M M 1 19 350
2 85 60 73 -2 0 8 T 0.0 0 3.2 13 310 M M 1 19 290
3 72 58 65 -10 0 0 0.00 0.0 0 5.6 13 20 M M 6 19 350
4 75 57 66 -9 0 1 0.00 0.0 0 4.8 14 40 M M 4 19 350
5 77 54 66 -9 0 1 0.00 0.0 0 1.5 8 210 M M 3 12 250
6 79 56 68 -7 0 3 0.00 0.0 0 2.6 12 190 M M 1 17 140
7 82 59 71 -3 0 6 0.00 0.0 0 6.9 16 200 M M 0 24 180
8 84 66 75 1 0 10 0.00 0.0 0 8.7 16 180 M M 1 22 190
9 86 69 78 4 0 13 0.00 0.0 0 9.7 16 200 M M 2 22 210
10 95 65 80 6 0 15 0.41 0.0 0 8.2 33 300 M M 3 13 58 310
11 84 63 74 0 0 9 0.00 0.0 0 3.9 9 80 M M 2 1 13 60
12 86 64 75 1 0 10 0.00 0.0 0 5.1 13 160 M M 0 18 120
13 88 65 77 3 0 12 0.00 0.0 0 4.9 10 70 M M 1 15 60
14 87 65 76 2 0 11 0.00 0.0 0 3.3 12 100 M M 1 16 90
15 86 65 76 2 0 11 0.00 0.0 0 3.9 12 340 M M 2 19 10
16 86 60 73 -1 0 8 0.00 0.0 0 5.9 14 290 M M 0 20 280
17 88 65 77 3 0 12 0.18 0.0 0 5.2 14 60 M M 3 8 22 40
18 81 62 72 -2 0 7 0.00 0.0 0 6.1 14 60 M M 2 19 50
19 81 56 69 -5 0 4 0.00 0.0 0 2.4 10 50 M M 1 16 50
20 82 57 70 -4 0 5 0.00 0.0 0 2.7 13 200 M M 0 17 190
21 84 59 72 -2 0 7 0.00 0.0 0 2.6 9 160 M M 0 14 220
22 84 60 72 -1 0 7 0.00 0.0 0 3.5 13 200 M M 0 1 19 200
23 89 67 78 5 0 13 T 0.0 0 5.6 18 190 M M 3 3 24 180
24 94 68 81 8 0 16 0.00 0.0 0 4.6 13 230 M M 0 1 18 260
25 93 72 83 10 0 18 0.00 0.0 0 4.3 10 210 M M 0 18 14 260
26 92 71 82 9 0 17 0.00 0.0 0 7.6 15 220 M M 1 1 22 220
27 92 73 83 10 0 18 0.00 0.0 0 9.0 18 210 M M 1 23 220
28 92 72 82 10 0 17 0.00 0.0 0 5.5 13 210 M M 2 1 17 180
29 79 60 70 -2 0 5 0.00 0.0 0 5.5 14 310 M M 0 21 340
30 80 55 68 -4 0 3 0.00 0.0 0 5.1 14 170 M M 0 20 160
31 80 63 72 0 0 7 0.00 0.0 0 6.6 17 150 M M 4 23 150
================================================================================
SM 2623 1950 0 281 0.59 0.0 159.3 M 45
================================================================================
AV 84.6 62.9 5.1 FASTST M M 1 MAX(MPH)
MISC ----> # 33 300 # 58 310
================================================================================
NOTES:
# LAST OF SEVERAL OCCURRENCES
COLUMN 17 PEAK WIND IN M.P.H.
PRELIMINARY LOCAL CLIMATOLOGICAL DATA (WS FORM: F-6) , PAGE 2
STATION: PEORIA IL
MONTH: AUGUST
YEAR: 2020
LATITUDE: 40 40 N
LONGITUDE: 89 41 W
[TEMPERATURE DATA] [PRECIPITATION DATA] SYMBOLS USED IN COLUMN 16
AVERAGE MONTHLY: 73.8 TOTAL FOR MONTH: 0.59 1 = FOG OR MIST
DPTR FM NORMAL: -0.0 DPTR FM NORMAL: -2.65 2 = FOG REDUCING VISIBILITY
HIGHEST: 95 ON 10 GRTST 24HR 0.41 ON 10-10 TO 1/4 MILE OR LESS
LOWEST: 54 ON 5 3 = THUNDER
SNOW, ICE PELLETS, HAIL 4 = ICE PELLETS
TOTAL MONTH: 0.0 INCH 5 = HAIL
GRTST 24HR 0.0 6 = FREEZING RAIN OR DRIZZLE
GRTST DEPTH: 0 7 = DUSTSTORM OR SANDSTORM:
VSBY 1/2 MILE OR LESS
8 = SMOKE OR HAZE
[NO. OF DAYS WITH] [WEATHER - DAYS WITH] 9 = BLOWING SNOW
X = TORNADO
MAX 32 OR BELOW: 0 0.01 INCH OR MORE: 2
MAX 90 OR ABOVE: 6 0.10 INCH OR MORE: 2
MIN 32 OR BELOW: 0 0.50 INCH OR MORE: 0
MIN 0 OR BELOW: 0 1.00 INCH OR MORE: 0
[HDD (BASE 65) ]
TOTAL THIS MO. 0 CLEAR (SCALE 0-3) 28
DPTR FM NORMAL -5 PTCLDY (SCALE 4-7) 3
TOTAL FM JUL 1 0 CLOUDY (SCALE 8-10) 0
DPTR FM NORMAL -6
[CDD (BASE 65) ]
TOTAL THIS MO. 281
DPTR FM NORMAL 5 [PRESSURE DATA]
TOTAL FM JAN 1 1047 HIGHEST SLP 30.16 ON 7
DPTR FM NORMAL 140 LOWEST SLP 29.63 ON 28
[REMARKS]
#FINAL-08-20#