000
CXUS53 KILX 011407
CLMPIA
CLIMATE REPORT
NATIONAL WEATHER SERVICE LINCOLN IL
907 AM CDT THU JUN 01 2023
...................................
...THE PEORIA IL CLIMATE SUMMARY FOR THE MONTH OF MAY 2023...
CLIMATE NORMAL PERIOD 1991 TO 2020
CLIMATE RECORD PERIOD 1883 TO 2023
WEATHER OBSERVED NORMAL DEPART LAST YEAR`S
VALUE DATE(S) VALUE FROM VALUE
NORMAL
..............................................................
TEMPERATURE (F)
RECORD
HIGH 104 05/31/1934
LOW 25 05/10/1966
HIGHEST 92 05/30 73 19 93
LOWEST 39 05/03 51 -12 42
AVG. MAXIMUM 78.0 74.2 3.8 75.5
AVG. MINIMUM 53.0 52.8 0.2 56.2
MEAN 65.5 63.5 2.0 65.8
DAYS MAX >= 90 2 0.8 1.2 3
DAYS MAX <= 32 0 0.0 0.0 0
DAYS MIN <= 32 0 0.1 -0.1 0
DAYS MIN <= 0 0 0.0 0.0 0
PRECIPITATION (INCHES)
RECORD
MAXIMUM 11.49 1915
MINIMUM 0.47 1934
TOTALS 1.83 4.69 -2.86 3.48
DAILY AVG. 0.06 0.15 -0.09 0.11
DAYS >= .01 7 12.5 -5.5 13
DAYS >= .10 4 8.4 -4.4 8
DAYS >= .50 1 2.9 -1.9 3
DAYS >= 1.00 0 1.4 -1.4 0
GREATEST
24 HR. TOTAL 1.27 05/07 TO 05/08 0.83
SNOWFALL (INCHES)
RECORDS
TOTAL 0.1 1966
TOTALS 0.0 0.0 0.0 0.0
SINCE 7/1 18.6 26.2 -7.6 MM
DAYS >= 1.0 0 0.0 0.0 0
GREATEST
SNOW DEPTH 0 0
24 HR TOTAL MM MM
DEGREE DAYS
HEATING TOTAL 60 135 -75 117
SINCE 7/1 5058 5601 -543 MM
COOLING TOTAL 84 88 -4 151
SINCE 1/1 95 102 -7 MM
..............................................................
WIND (MPH)
AVERAGE WIND SPEED 7.0
HIGHEST WIND SPEED/DIRECTION 36/090 DATE 05/07
HIGHEST GUST SPEED/DIRECTION 55/100 DATE 05/07
SKY COVER
POSSIBLE SUNSHINE (PERCENT) MM
AVERAGE SKY COVER 0.23
NUMBER OF DAYS FAIR 21
NUMBER OF DAYS PC 8
NUMBER OF DAYS CLOUDY 2
AVERAGE RH (PERCENT) 59
WEATHER CONDITIONS. NUMBER OF DAYS WITH
THUNDERSTORM 5 MIXED PRECIP 0
HEAVY RAIN 2 RAIN 2
LIGHT RAIN 8 FREEZING RAIN 0
LT FREEZING RAIN 0 HAIL 0
HEAVY SNOW 0 SNOW 0
LIGHT SNOW 0 SLEET 0
FOG 7 FOG W/VIS <= 1/4 MILE 1
HAZE 4
- INDICATES NEGATIVE NUMBERS.
R INDICATES RECORD WAS SET OR TIED.
MM INDICATES DATA IS MISSING.
T INDICATES TRACE AMOUNT.
$$