000
CXUS53 KILX 020209
CLMPIA
CLIMATE REPORT
NATIONAL WEATHER SERVICE LINCOLN IL
909 PM CDT SAT APR 01 2023
...................................
...THE PEORIA IL CLIMATE SUMMARY FOR THE MONTH OF MARCH 2023...
CLIMATE NORMAL PERIOD 1991 TO 2020
CLIMATE RECORD PERIOD 1883 TO 2023
WEATHER OBSERVED NORMAL DEPART LAST YEAR`S
VALUE DATE(S) VALUE FROM VALUE
NORMAL
..............................................................
TEMPERATURE (F)
RECORD
HIGH 87 03/21/1907
LOW -11 03/08/1943
HIGHEST 73 03/31 48 25 75
LOWEST 12 03/18 30 -18 9
AVG. MAXIMUM 50.3 51.2 -0.9 52.3
AVG. MINIMUM 32.1 31.6 0.5 32.7
MEAN 41.2 41.4 -0.2 42.6
DAYS MAX >= 90 0 0.0 0.0 0
DAYS MAX <= 32 1 2.0 -1.0 3
DAYS MIN <= 32 14 17.4 -3.4 14
DAYS MIN <= 0 0 0.2 -0.2 0
PRECIPITATION (INCHES)
RECORD
MAXIMUM 7.49 2009
MINIMUM 0.24 1885
TOTALS 4.68 2.69 1.99 3.55
DAILY AVG. 0.15 0.09 0.06 0.11
DAYS >= .01 13 10.5 2.5 12
DAYS >= .10 8 5.9 2.1 8
DAYS >= .50 4 1.6 2.4 3
DAYS >= 1.00 0 0.4 -0.4 1
GREATEST
24 HR. TOTAL 1.00 03/30 TO 03/31 1.31
SNOWFALL (INCHES)
RECORDS
TOTAL 18.2 1926
TOTALS 3.1 3.3 -0.2 3.5
SINCE 7/1 18.6 25.7 -7.1 MM
DAYS >= 1.0 2 1.0 1.0 2
GREATEST
SNOW DEPTH 2 03/12 3
24 HR TOTAL MM 1.7
DEGREE DAYS
HEATING TOTAL 731 734 -3 691
SINCE 7/1 4661 5089 -428 MM
COOLING TOTAL 0 2 -2 0
SINCE 1/1 0 2 -2 MM
..............................................................
WIND (MPH)
AVERAGE WIND SPEED 9.9
HIGHEST WIND SPEED/DIRECTION 33/280 DATE 03/31
HIGHEST GUST SPEED/DIRECTION 52/270 DATE 03/31
SKY COVER
POSSIBLE SUNSHINE (PERCENT) MM
AVERAGE SKY COVER 0.56
NUMBER OF DAYS FAIR 6
NUMBER OF DAYS PC 15
NUMBER OF DAYS CLOUDY 10
AVERAGE RH (PERCENT) 69
WEATHER CONDITIONS. NUMBER OF DAYS WITH
THUNDERSTORM 3 MIXED PRECIP 0
HEAVY RAIN 4 RAIN 5
LIGHT RAIN 14 FREEZING RAIN 0
LT FREEZING RAIN 0 HAIL 0
HEAVY SNOW 0 SNOW 0
LIGHT SNOW 6 SLEET 1
FOG 16 FOG W/VIS <= 1/4 MILE 1
HAZE 0
- INDICATES NEGATIVE NUMBERS.
R INDICATES RECORD WAS SET OR TIED.
MM INDICATES DATA IS MISSING.
T INDICATES TRACE AMOUNT.
&&
NO DAILY RECORDS WERE SET AT PEORIA DURING MARCH.
$$
ERWIN