000
CXUS55 KPIH 012127
CF6PIH
PRELIMINARY LOCAL CLIMATOLOGICAL DATA (WS FORM: F-6)
STATION: POCATELLO
MONTH: SEPTEMBER
YEAR: 2021
LATITUDE: 42 55 N
LONGITUDE: 112 36 W
TEMPERATURE IN F: :PCPN: SNOW: WIND :SUNSHINE: SKY :PK WND
================================================================================
1 2 3 4 5 6A 6B 7 8 9 10 11 12 13 14 15 16 17 18
12Z AVG MX 2MIN
DY MAX MIN AVG DEP HDD CDD WTR SNW DPTH SPD SPD DIR MIN PSBL S-S WX SPD DR
================================================================================
1 78 51 65 0 0 0 0.00 0.0 0 9.0 20 250 M M 0 25 250
2 79 42 61 -4 4 0 0.00 0.0 0 5.6 20 220 M M 1 8 26 220
3 76 47 62 -2 3 0 0.00 0.0 0 11.2 22 230 M M 0 29 230
4 84 35 60 -4 5 0 0.00 0.0 0 4.6 16 240 M M 0 24 250
5 89 39 64 0 1 0 0.00 0.0 0 3.8 12 250 M M 0 16 260
6 91 41 66 3 0 1 0.00 0.0 0 8.6 24 250 M M 0 31 240
7 88 45 67 4 0 2 0.00 0.0 0 4.7 14 210 M M 2 8 19 270
8 94 41 68 5 0 3 0.00 0.0 0 3.6 12 150 M M 0 8 17 160
9 95 50 73 11 0 8 0.00 0.0 0 4.5 15 310 M M 0 8 20 300
10 94 55 75 13 0 10 0.05 0.0 0 10.2 39 230 M M 4 8 48 230
11 78 56 67 5 0 2 0.03 0.0 0 10.0 20 250 M M 3 1 27 270
12 83 48 66 5 0 1 0.00 0.0 0 8.2 21 280 M M 3 27 250
13 81 54 68 7 0 3 0.00 0.0 0 13.6 24 260 M M 1 32 260
14 77 50 64 4 1 0 0.00 0.0 0 12.2 22 240 M M 0 30 240
15 84 39 62 2 3 0 0.00 0.0 0 8.6 23 260 M M 0 30 270
16 74 48 61 1 4 0 0.00 0.0 0 16.9 30 230 M M 0 35 240
17 81 32 57 -2 8 0 0.00 0.0 0 6.1 18 180 M M 0 26 180
18 83 57 70 11 0 5 0.02 0.0 0 21.6 44 200 M M 4 8 59 200
19 60 43 52 -6 13 0 0.18 0.0 0 13.8 30 250 M M 5 18 36 250
20 60 42 51 -7 14 0 0.00 0.0 0 9.9 18 240 M M 5 27 210
21 71 33 52 -6 13 0 0.00 0.0 0 3.0 9 90 M M 0 13 20
22 80 32 56 -1 9 0 0.00 0.0 0 5.7 13 190 M M 0 M M
23 73 51 62 5 3 0 0.01 0.0 0 10.1 20 230 M M 2 25 270
24 78 37 58 2 7 0 0.00 0.0 0 3.5 8 100 M M 0 12 300
25 84 37 61 5 4 0 0.00 0.0 0 6.3 18 260 M M 0 24 270
26 84 41 63 7 2 0 0.00 0.0 0 6.4 20 270 M M 0 25 270
27 81 39 60 5 5 0 0.00 0.0 0 4.2 16 260 M M 0 21 280
28 60 43 52 -3 13 0 0.00 0.0 0 19.4 37 230 M M 2 78 45 230
29 60 30 45 -9 20 0 0.00 0.0 0 7.0 12 230 M M 0 16 220
30 68 24 46 -8 19 0 0.00 0.0 0 2.9 9 350 M M 0 14 10
================================================================================
SM 2368 1282 151 35 0.29 0.0 255.2 M 32
================================================================================
AV 78.9 42.7 8.5 FASTST M M 1 MAX(MPH)
MISC ----> 44 200 59 200
================================================================================
NOTES:
# LAST OF SEVERAL OCCURRENCES
SNOWFALL/DEPTH ALWAYS AUGMENTED BY WFO POCATELLO
COLUMN 17 PEAK WIND IN M.P.H.
PRELIMINARY LOCAL CLIMATOLOGICAL DATA (WS FORM: F-6) , PAGE 2
STATION: POCATELLO
MONTH: SEPTEMBER
YEAR: 2021
LATITUDE: 42 55 N
LONGITUDE: 112 36 W
[TEMPERATURE DATA] [PRECIPITATION DATA] SYMBOLS USED IN COLUMN 16
AVERAGE MONTHLY: 60.8 TOTAL FOR MONTH: 0.29 1 = FOG OR MIST
DPTR FM NORMAL: 1.1 DPTR FM NORMAL: -0.60 2 = FOG REDUCING VISIBILITY
HIGHEST: 95 ON 9 GRTST 24HR 0.18 ON 19-19 TO 1/4 MILE OR LESS
LOWEST: 24 ON 30 3 = THUNDER
SNOW, ICE PELLETS, HAIL 4 = ICE PELLETS
TOTAL MONTH: 0.0 INCH 5 = HAIL
GRTST 24HR 0.0 6 = FREEZING RAIN OR DRIZZLE
GRTST DEPTH: 0 7 = DUSTSTORM OR SANDSTORM:
VSBY 1/2 MILE OR LESS
8 = SMOKE OR HAZE
[NO. OF DAYS WITH] [WEATHER - DAYS WITH] 9 = BLOWING SNOW
X = TORNADO
MAX 32 OR BELOW: 0 0.01 INCH OR MORE: 5
MAX 90 OR ABOVE: 4 0.10 INCH OR MORE: 1
MIN 32 OR BELOW: 4 0.50 INCH OR MORE: 0
MIN 0 OR BELOW: 0 1.00 INCH OR MORE: 0
[HDD (BASE 65) ]
TOTAL THIS MO. 151 CLEAR (SCALE 0-3) 26
DPTR FM NORMAL -35 PTCLDY (SCALE 4-7) 4
TOTAL FM JUL 1 189 CLOUDY (SCALE 8-10) 0
DPTR FM NORMAL -39
[CDD (BASE 65) ]
TOTAL THIS MO. 35
DPTR FM NORMAL 9 [PRESSURE DATA]
TOTAL FM JAN 1 663 HIGHEST SLP 30.55 ON 21
DPTR FM NORMAL 233 LOWEST SLP 29.63 ON 28
[REMARKS]
9TH: HIGH OF 95 BREAKS OLD RECORD OF 91 SET IN 1988.
10TH: HIGH OF 94 BREAKS OLD RECORD OF 92 SET IN 1959.
#FINAL-09-21#