718
CXUS51 KPBZ 012211
CLAPIT
CLIMATE REPORT
NATIONAL WEATHER SERVICE PITTSBURGH PA
511 PM EST WED JAN 01 2020
...................................
...THE PITTSBURGH PA CLIMATE SUMMARY FOR THE YEAR OF 2019...
CLIMATE NORMAL PERIOD 1981 TO 2010
CLIMATE RECORD PERIOD 1871 TO 2019
WEATHER OBSERVED NORMAL DEPART LAST YEAR`S
VALUE DATE(S) VALUE FROM VALUE DATE(S)
NORMAL
................................................................
TEMPERATURE (F)
RECORD
HIGH 103 07/16/1988
08/06/1918
07/10/1881
LOW -22 01/19/1994
HIGHEST 90 09/11 90 0 95 09/04
07/02
07/20
LOWEST -5 01/31 -3 -2 -6 01/07
01/30
AVG. MAXIMUM 61.7 60.7 1.0 60.9
AVG. MINIMUM 43.2 42.0 1.2 43.7
MEAN 52.4 51.4 1.0 52.3
DAYS MAX >= 90 3 6.9 -3.9 14
DAYS MAX <= 32 27 32.0 -5.0 32
DAYS MIN <= 32 120 111.5 8.5 130
DAYS MIN <= 0 4 2.3 1.7 7
PRECIPITATION (INCHES)
RECORD
MAXIMUM 57.83 2018
MINIMUM 22.65 1930
TOTALS 52.46 38.19 14.27 57.83
DAILY AVG. 0.14 0.10 0.04 0.16
DAYS >= .01 162 151.2 10.8 174
DAYS >= .10 99 83.1 15.9 115
DAYS >= .50 33 24.3 8.7 40
DAYS >= 1.00 8 5.9 2.1 12
DAYS >= %-5.2F 1 MM
GREATEST
24 HR. TOTAL 3.53 09/01 TO 09/02
STORM TOTAL 3.38
(MM/DD(HH))
SNOWFALL (INCHES)
TOTALS 38.6 41.9 -3.3 52.1
SINCE 7/1 7.6 10.7 -3.1 MM
SNOWDEPTH AVG. 0 0
DAYS >= TRACE 65 39.4 25.6 73
DAYS >= 1.0 15 12.8 2.2 19
GREATEST
24 HR TOTAL 4.6 8.7
STORM TOTAL 3.0
(MM/DD(HH))
DEGREE DAYS
HEATING TOTAL 5398 5710 -312 5664
SINCE 7/1 2030 2176 -146 MM
COOLING TOTAL 934 736 198 1135
SINCE 1/1 934 736 198 1135
FREEZE DATES
RECORD
EARLIEST MM
LATEST MM
EARLIEST 10/19
LATEST 04/02
................................................................
WIND (MPH)
AVERAGE WIND SPEED 7.2
HIGHEST WIND SPEED/DIRECTION 40/300 DATE 01/08
HIGHEST GUST SPEED/DIRECTION 61/260 DATE 02/24
AVERAGE RH (PERCENT) 70
WEATHER CONDITIONS. NUMBER OF DAYS WITH
THUNDERSTORM 59 MIXED PRECIP 0
HEAVY RAIN 27 RAIN 58
LIGHT RAIN 174 FREEZING RAIN 0
LT FREEZING RAIN 8 HAIL 0
HEAVY SNOW 3 SNOW 17
LIGHT SNOW 63 SLEET 7
FOG 195 FOG W/VIS <= 1/4 MILE 18
HAZE 25
- INDICATES NEGATIVE NUMBERS.
R INDICATES RECORD WAS SET OR TIED.
MM INDICATES DATA IS MISSING.
T INDICATES TRACE AMOUNT.
$$