000
CXUS51 KRLX 011150
CF6PKB
PRELIMINARY LOCAL CLIMATOLOGICAL DATA (WS FORM: F-6)
STATION: PARKERSBURG WV
MONTH: AUGUST
YEAR: 2021
LATITUDE: 39 20 N
LONGITUDE: 81 26 W
TEMPERATURE IN F: :PCPN: SNOW: WIND :SUNSHINE: SKY :PK WND
================================================================================
1 2 3 4 5 6A 6B 7 8 9 10 11 12 13 14 15 16 17 18
12Z AVG MX 2MIN
DY MAX MIN AVG DEP HDD CDD WTR SNW DPTH SPD SPD DIR MIN PSBL S-S WX SPD DR
================================================================================
1 85 60 73 -1 0 8 0.12 M M 4.2 24 300 M M 5 128 39 300
2 80 55 68 -6 0 3 0.00 M M 3.0 10 50 M M 2 18 14 40
3 84 53 69 -5 0 4 T M M 2.1 14 160 M M 3 123 17 180
4 83 58 71 -3 0 6 0.00 M M 1.3 12 60 M M 4 1238 14 50
5 89 61 75 1 0 10 0.03 M M 2.2 12 340 M M 4 128 15 340
6 89 62 76 2 0 11 0.00 M M 2.0 13 280 M M 1 18 18 270
7 90 67 79 5 0 14 0.00 M M 2.6 15 300 M M 2 1 21 300
8 92 64 78 4 0 13 0.00 M M 1.9 10 290 M M 1 1 16 320
9 93 66 80 6 0 15 T M M 5.2 17 210 M M 2 18 28 200
10 94 69 82 8 0 17 0.06 M M 7.2 17 190 M M 4 13 25 190
11 90 74 82 8 0 17 0.27 M M 6.8 18 60 M M 5 138 30 200
12 98 73 86 12 0 21 0.00 M M 5.0 14 210 M M 1 23 280
13 95 71 83 9 0 18 0.04 M M 4.2 22 200 M M 2 3 33 270
14 86 69 78 4 0 13 0.68 M M 3.7 13 40 M M 5 13 17 40
15 77 65 71 -3 0 6 0.02 M M 4.5 12 40 M M 6 1 14 50
16 80 68 74 0 0 9 0.17 M M 1.4 7 170 M M 7 1 9 180
17 82 70 76 2 0 11 0.47 M M 2.7 14 170 M M 5 1 18 180
18 85 71 78 4 0 13 1.49 M M 6.1 17 70 M M 8 1 23 70
19 79 69 74 0 0 9 0.03 M M 1.1 7 260 M M 6 12 10 250
20 85 67 76 2 0 11 0.00 M M 1.7 10 30 M M 6 128 14 30
21 88 64 76 3 0 11 0.00 M M 0.6 7 330 M M 4 12 10 320
22 89 64 77 4 0 12 0.11 M M 1.3 16 20 M M 4 128 21 30
23 92 65 79 6 0 14 0.00 M M 2.0 12 290 M M 3 12 15 300
24 92 68 80 7 0 15 0.00 M M 1.4 8 310 M M 3 12 13 310
25 92 68 80 7 0 15 0.06 M M 1.7 24 310 M M 3 123 36 290
26 86 69 78 5 0 13 0.09 M M 1.8 12 130 M M 7 128 16 330
27 91 68 80 8 0 15 0.00 M M 0.3 7 230 M M 3 12 10 240
28 91 69 80 8 0 15 0.00 M M 2.3 9 280 M M 1 1 16 280
29 90 68 79 7 0 14 0.34 M M 1.8 32 300 M M 3 1238 43 290
30 86 69 78 6 0 13 0.00 M M 3.9 16 320 M M 5 13 21 330
31 77 67 72 0 0 7 0.93 M M 3.4 9 40 M M 7 1 16 110
================================================================================
SM 2710 2051 0 373 4.91 M 89.4 M 122
================================================================================
AV 87.4 66.2 2.9 FASTST M M 4 MAX(MPH)
MISC ----> 32 300 43 290
================================================================================
NOTES:
# LAST OF SEVERAL OCCURRENCES
COLUMN 17 PEAK WIND IN M.P.H.
PRELIMINARY LOCAL CLIMATOLOGICAL DATA (WS FORM: F-6) , PAGE 2
STATION: PARKERSBURG WV
MONTH: AUGUST
YEAR: 2021
LATITUDE: 39 20 N
LONGITUDE: 81 26 W
[TEMPERATURE DATA] [PRECIPITATION DATA] SYMBOLS USED IN COLUMN 16
AVERAGE MONTHLY: 76.8 TOTAL FOR MONTH: 4.91 1 = FOG OR MIST
DPTR FM NORMAL: 3.3 DPTR FM NORMAL: 1.53 2 = FOG REDUCING VISIBILITY
HIGHEST: 98 ON 12 GRTST 24HR 1.96 ON 17-18 TO 1/4 MILE OR LESS
LOWEST: 53 ON 3 3 = THUNDER
SNOW, ICE PELLETS, HAIL 4 = ICE PELLETS
TOTAL MONTH: M 5 = HAIL
GRTST 24HR M ON M 6 = FREEZING RAIN OR DRIZZLE
GRTST DEPTH: M ON M 7 = DUSTSTORM OR SANDSTORM:
VSBY 1/2 MILE OR LESS
8 = SMOKE OR HAZE
[NO. OF DAYS WITH] [WEATHER - DAYS WITH] 9 = BLOWING SNOW
X = TORNADO
MAX 32 OR BELOW: 0 0.01 INCH OR MORE: 16
MAX 90 OR ABOVE: 13 0.10 INCH OR MORE: 9
MIN 32 OR BELOW: 0 0.50 INCH OR MORE: 3
MIN 0 OR BELOW: 0 1.00 INCH OR MORE: 1
[HDD (BASE 65) ]
TOTAL THIS MO. 0 CLEAR (SCALE 0-3) 10
DPTR FM NORMAL -3 PTCLDY (SCALE 4-7) 20
TOTAL FM JUL 1 0 CLOUDY (SCALE 8-10) 1
DPTR FM NORMAL -1
[CDD (BASE 65) ]
TOTAL THIS MO. 373
DPTR FM NORMAL 105 [PRESSURE DATA]
TOTAL FM JAN 1 992 HIGHEST SLP 30.21 ON 28
DPTR FM NORMAL 130 LOWEST SLP 29.70 ON 31
[REMARKS]
#FINAL-08-21#