000
CXUS56 KLOX 011155
CF6PMD
PRELIMINARY LOCAL CLIMATOLOGICAL DATA (WS FORM: F-6)
STATION: PALMDALE AIRPORT CA
MONTH: JULY
YEAR: 2023
LATITUDE: 34 37 N
LONGITUDE: 118 5 W
TEMPERATURE IN F: :PCPN: SNOW: WIND :SUNSHINE: SKY :PK WND
================================================================================
1 2 3 4 5 6A 6B 7 8 9 10 11 12 13 14 15 16 17 18
12Z AVG MX 2MIN
DY MAX MIN AVG DEP HDD CDD WTR SNW DPTH SPD SPD DIR MIN PSBL S-S WX SPD DR
================================================================================
1 107 69 88 8 0 23 0.00 M M 8.6 24 240 M M 0 31 250
2 106 71 89 9 0 24 0.00 M M 10.4 25 260 M M 0 33 250
3 103 70 87 6 0 22 0.00 M M 15.4 32 220 M M 0 41 210
4 93 69 81 0 0 16 0.00 M M 17.6 26 220 M M 0 39 210
5 94 69 82 1 0 17 0.00 M M 14.5 25 230 M M 0 31 240
6 92 66 79 -2 0 14 0.00 M M 15.4 26 220 M M 0 33 220
7 91 63 77 -5 0 12 0.00 M M 13.1 22 270 M M 0 33 240
8 95 61 78 -4 0 13 0.00 M M 10.5 23 250 M M 0 30 240
9 90 62 76 -6 0 11 0.00 M M 11.3 22 220 M M 0 27 230
10 96 60 78 -4 0 13 0.00 M M 8.4 22 230 M M 0 28 260
11 97 61 79 -3 0 14 0.00 M M 10.6 25 250 M M 0 35 240
12 95 72 84 2 0 19 0.00 M M 14.5 25 230 M M 0 34 230
13 100 75 88 5 0 23 0.00 M M 13.3 21 230 M M 0 28 260
14 107 64 86 3 0 21 0.00 M M 6.8 16 220 M M 0 22 220
15 111 66 89 6 0 24 0.00 M M 6.8 22 230 M M 0 27 230
16 109 78 94 11 0 29 T M M 12.6 25 260 M M 0 37 230
17 103 82 93 10 0 28 0.00 M M 16.1 30 220 M M 0 39 220
18 100 80 90 7 0 25 T M M 16.4 28 230 M M 0 37 220
19 103 77 90 7 0 25 0.00 M M 14.2 25 220 M M 0 33 210
20 105 75 90 7 0 25 0.00 M M 12.2 25 220 M M 0 33 220
21 105 68 87 4 0 22 0.00 M M 9.8 23 220 M M 0 29 230
22 109 71 90 7 0 25 0.00 M M 9.6 23 220 M M 0 31 220
23 101 74 88 5 0 23 0.00 M M 9.6 24 190 M M 0 37 190
24 104 74 89 5 0 24 0.00 M M 9.5 25 220 M M 0 34 240
25 105 67 86 2 0 21 0.00 M M 9.5 25 220 M M 0 35 230
26 103 76 90 6 0 25 0.00 M M 11.6 22 240 M M 0 29 200
27 105 70 88 4 0 23 0.00 M M 9.2 22 230 M M 0 28 260
28 105 69 87 3 0 22 0.00 M M 9.9 23 240 M M 0 31 250
29 105 69 87 4 0 22 0.00 M M 10.3 25 280 M M 0 32 280
30 105 70 88 5 0 23 0.00 M M 9.9 26 280 M M 0 33 270
31 97 71 84 1 0 19 0.00 M M 14.0 28 210 M M 0 36 200
================================================================================
SM 3141 2169 0 647 T M 361.6 M 0
================================================================================
AV101.3 70.0 11.7 FASTST M M 0 MAX(MPH)
MISC ----> 32 220 41 210
================================================================================
NOTES:
# LAST OF SEVERAL OCCURRENCES
COLUMN 17 PEAK WIND IN M.P.H.
PRELIMINARY LOCAL CLIMATOLOGICAL DATA (WS FORM: F-6) , PAGE 2
STATION: PALMDALE AIRPORT CA
MONTH: JULY
YEAR: 2023
LATITUDE: 34 37 N
LONGITUDE: 118 5 W
[TEMPERATURE DATA] [PRECIPITATION DATA] SYMBOLS USED IN COLUMN 16
AVERAGE MONTHLY: 85.6 TOTAL FOR MONTH: T 1 = FOG OR MIST
DPTR FM NORMAL: 3.1 DPTR FM NORMAL: -0.11 2 = FOG REDUCING VISIBILITY
HIGHEST: 111 ON 15 GRTST 24HR T ON 16-16 TO 1/4 MILE OR LESS
LOWEST: 60 ON 10 3 = THUNDER
SNOW, ICE PELLETS, HAIL 4 = ICE PELLETS
TOTAL MONTH: M 5 = HAIL
GRTST 24HR M ON M 6 = FREEZING RAIN OR DRIZZLE
GRTST DEPTH: M ON M 7 = DUSTSTORM OR SANDSTORM:
VSBY 1/2 MILE OR LESS
8 = SMOKE OR HAZE
[NO. OF DAYS WITH] [WEATHER - DAYS WITH] 9 = BLOWING SNOW
X = TORNADO
MAX 32 OR BELOW: 0 0.01 INCH OR MORE: 0
MAX 90 OR ABOVE: 31 0.10 INCH OR MORE: 0
MIN 32 OR BELOW: 0 0.50 INCH OR MORE: 0
MIN 0 OR BELOW: 0 1.00 INCH OR MORE: 0
[HDD (BASE 65) ]
TOTAL THIS MO. 0 CLEAR (SCALE 0-3) 31
DPTR FM NORMAL 0 PTCLDY (SCALE 4-7) 0
TOTAL FM JUL 1 0 CLOUDY (SCALE 8-10) 0
DPTR FM NORMAL 0
[CDD (BASE 65) ]
TOTAL THIS MO. 647
DPTR FM NORMAL 105 [PRESSURE DATA]
TOTAL FM JAN 1 988 HIGHEST SLP 29.99 ON 25
DPTR FM NORMAL -46 LOWEST SLP 29.72 ON 8
[REMARKS]
#FINAL-07-23#