000
CXUS56 KLOX 011255
CF6PMD
PRELIMINARY LOCAL CLIMATOLOGICAL DATA (WS FORM: F-6)
STATION: PALMDALE AIRPORT CA
MONTH: FEBRUARY
YEAR: 2023
LATITUDE: 34 37 N
LONGITUDE: 118 5 W
TEMPERATURE IN F: :PCPN: SNOW: WIND :SUNSHINE: SKY :PK WND
================================================================================
1 2 3 4 5 6A 6B 7 8 9 10 11 12 13 14 15 16 17 18
12Z AVG MX 2MIN
DY MAX MIN AVG DEP HDD CDD WTR SNW DPTH SPD SPD DIR MIN PSBL S-S WX SPD DR
================================================================================
1 59 22 41 -6 24 0 0.00 M M 5.9 15 90 M M 0 8 21 70
2 59 27 43 -4 22 0 0.00 M M 4.1 9 40 M M 0 12 50
3 60 34 47 0 18 0 0.00 M M 3.5 12 320 M M 0 17 280
4 65 30 48 1 17 0 0.00 M M 6.2 20 220 M M 0 36 210
5 56 40 48 0 17 0 T M M 20.5 33 280 M M 3 42 290
6 58 33 46 -2 19 0 0.00 M M 6.6 22 280 M M 0 29 270
7 60 29 45 -3 20 0 0.00 M M 6.8 17 50 M M 0 23 50
8 67 30 49 1 16 0 0.00 M M 4.7 12 200 M M 0 14 320
9 67 32 50 2 15 0 0.00 M M 6.4 20 60 M M 0 25 90
10 63 30 47 -1 18 0 0.00 M M 4.7 13 20 M M 0 16 10
11 59 32 46 -2 19 0 0.00 M M 7.7 25 210 M M 0 38 190
12 60 30 45 -3 20 0 0.00 M M 6.2 31 20 M M 5 41 350
13 64 33 49 0 16 0 0.00 M M 14.0 31 220 M M 1 41 220
14 49 31 40 -9 25 0 0.00 M M 24.7 45 290 M M 1 8 57 300
15 52 21 37 -12 28 0 0.00 M M 7.2 18 60 M M 0 25 50
16 52 21 37 -12 28 0 0.00 M M 9.1 20 60 M M 0 30 60
17 53 28 41 -8 24 0 0.00 M M 8.3 22 90 M M 0 32 90
18 56 25 41 -8 24 0 0.00 M M 4.2 10 200 M M 0 13 330
19 65 25 45 -5 20 0 0.00 M M 6.7 20 80 M M 0 24 50
20 68 32 50 0 15 0 0.00 M M 4.6 12 20 M M M 16 340
21 66 36 51 1 14 0 0.01 M M 19.3 51 300 M M 2 66 310
22 45 34 40 -10 25 0 T M M 19.5 33 280 M M 5 44 290
23 45 33 39 -11 26 0 T M M 17.9 31 210 M M 5 18 41 210
24 49 32 41 -9 24 0 0.77 M M 12.9 38 190 M M 9 1 52 180
25 45 32 39 -12 26 0 1.13 M M 6.5 24 220 M M 8 1 31 220
26 47 32 40 -11 25 0 0.00 M M 15.9 28 220 M M 1 35 260
27 48 37 43 -8 22 0 T M M 17.7 35 220 M M 4 44 210
28 51 38 45 -6 20 0 0.01 M M 16.0 31 220 M M 7 1 41 220
================================================================================
SM 1588 859 587 0 1.92 M 287.8 M 51
================================================================================
AV 56.7 30.7 10.3 FASTST M M 2 MAX(MPH)
MISC ----> 51 300 66 310
================================================================================
NOTES:
# LAST OF SEVERAL OCCURRENCES
COLUMN 17 PEAK WIND IN M.P.H.
PRELIMINARY LOCAL CLIMATOLOGICAL DATA (WS FORM: F-6) , PAGE 2
STATION: PALMDALE AIRPORT CA
MONTH: FEBRUARY
YEAR: 2023
LATITUDE: 34 37 N
LONGITUDE: 118 5 W
[TEMPERATURE DATA] [PRECIPITATION DATA] SYMBOLS USED IN COLUMN 16
AVERAGE MONTHLY: 43.7 TOTAL FOR MONTH: 1.92 1 = FOG OR MIST
DPTR FM NORMAL: -5.2 DPTR FM NORMAL: 0.43 2 = FOG REDUCING VISIBILITY
HIGHEST: 68 ON 20 GRTST 24HR 1.71 ON 24-25 TO 1/4 MILE OR LESS
LOWEST: 21 ON 16,15 3 = THUNDER
SNOW, ICE PELLETS, HAIL 4 = ICE PELLETS
TOTAL MONTH: M 5 = HAIL
GRTST 24HR M ON M 6 = FREEZING RAIN OR DRIZZLE
GRTST DEPTH: M ON M 7 = DUSTSTORM OR SANDSTORM:
VSBY 1/2 MILE OR LESS
8 = SMOKE OR HAZE
[NO. OF DAYS WITH] [WEATHER - DAYS WITH] 9 = BLOWING SNOW
X = TORNADO
MAX 32 OR BELOW: 0 0.01 INCH OR MORE: 4
MAX 90 OR ABOVE: 0 0.10 INCH OR MORE: 2
MIN 32 OR BELOW: 19 0.50 INCH OR MORE: 2
MIN 0 OR BELOW: 0 1.00 INCH OR MORE: 1
[HDD (BASE 65) ]
TOTAL THIS MO. 587 CLEAR (SCALE 0-3) 20
DPTR FM NORMAL 138 PTCLDY (SCALE 4-7) 5
TOTAL FM JUL 1 2360 CLOUDY (SCALE 8-10) 3
DPTR FM NORMAL 202
[CDD (BASE 65) ]
TOTAL THIS MO. 0
DPTR FM NORMAL 0 [PRESSURE DATA]
TOTAL FM JAN 1 0 HIGHEST SLP 30.43 ON 2
DPTR FM NORMAL 0 LOWEST SLP 29.50 ON 21
[REMARKS]
#FINAL-02-23#