000
CXUS55 KPAH 010700
CF6POF
PRELIMINARY LOCAL CLIMATOLOGICAL DATA (WS FORM: F-6)
STATION: POPLAR BLUFF MO
MONTH: FEBRUARY
YEAR: 2021
LATITUDE: 36 46 N
LONGITUDE: 90 19 W
TEMPERATURE IN F: :PCPN: SNOW: WIND :SUNSHINE: SKY :PK WND
================================================================================
1 2 3 4 5 6A 6B 7 8 9 10 11 12 13 14 15 16 17 18
12Z AVG MX 2MIN
DY MAX MIN AVG DEP HDD CDD WTR SNW DPTH SPD SPD DIR MIN PSBL S-S WX SPD DR
================================================================================
1 39 32 36 -1 29 0 0.00 M M 13.3 23 320 M M 10 32 310
2 46 28 37 0 28 0 0.00 M M 5.9 17 10 M M 4 26 10
3 46 23 35 -2 30 0 0.00 M M 3.3 12 190 M M 0 16 190
4 50 32 41 4 24 0 0.31 M M 10.4 26 300 M M 6 1 39 290
5 49 26 38 1 27 0 0.00 M M 6.0 15 200 M M 1 20 300
6 38 28 33 -5 32 0 0.12 M M 9.5 21 10 M M 6 1 24 10
7 28 17 23 -15 42 0 0.00 M M 9.5 18 60 M M 9 8 23 50
8 34 24 29 -9 36 0 0.05 M M 6.8 14 360 M M 10 18 18 10
9 31 24 28 -10 37 0 0.02 M M 11.6 18 10 M M 10 18 23 20
10 28 22 25 -13 40 0 0.11 M M 11.2 17 20 M M 10 168 23 20
11 26 21 24 -15 41 0 0.00 M M 13.8 21 10 M M 10 18 28 20
12 25 18 22 -17 43 0 0.00 M M 13.9 21 10 M M 10 26 20
13 21 12 17 -22 48 0 T M M 13.8 21 10 M M 10 8 25 10
14 16 7 12 -28 53 0 0.06 M M 17.5 24 20 M M 10 8 34 10
15 9 4 7 -33 58 0 0.43 M M 15.9 24 20 M M 10 8 33 10
16 13 -2 6 -34 59 0 T M M 4.6 14 330 M M 3 8 18 340
17 20 9 15 -25 50 0 0.18 M M 8.1 13 20 M M 9 18 17 20
18 32 11 22 -19 43 0 0.01 M M 7.8 16 20 M M 5 8 20 20
19 27 1 14 -27 51 0 0.00 M M 2.7 10 200 M M 0 18 14 210
20 33 2 18 -23 47 0 0.00 M M 2.7 10 150 M M 0 18 14 210
21 46 15 31 -10 34 0 0.02 M M 6.2 16 170 M M 4 18 23 170
22 56 33 45 3 20 0 0.00 M M 8.6 21 270 M M 1 31 250
23 63 32 48 6 17 0 0.00 M M 6.3 13 150 M M 0 17 160
24 67 34 51 9 14 0 0.00 M M 7.4 16 20 M M 0 23 20
25 52 33 43 0 22 0 0.00 M M 8.9 15 10 M M 1 23 10
26 43 40 42 -1 23 0 0.17 M M 5.2 12 50 M M 10 1 16 30
27 54 42 48 5 17 0 0.30 M M 3.9 9 320 M M 10 1 13 120
28 68 49 59 15 6 0 0.68 M M 8.5 23 320 M M 9 13 33 320
================================================================================
SM 1060 617 971 0 2.46 M 243.3 M 168
================================================================================
AV 37.9 22.0 8.7 FASTST M M 6 MAX(MPH)
MISC ----> 26 300 39 290
================================================================================
NOTES:
# LAST OF SEVERAL OCCURRENCES
COLUMN 17 PEAK WIND IN M.P.H.
PRELIMINARY LOCAL CLIMATOLOGICAL DATA (WS FORM: F-6) , PAGE 2
STATION: POPLAR BLUFF MO
MONTH: FEBRUARY
YEAR: 2021
LATITUDE: 36 46 N
LONGITUDE: 90 19 W
[TEMPERATURE DATA] [PRECIPITATION DATA] SYMBOLS USED IN COLUMN 16
AVERAGE MONTHLY: 29.9 TOTAL FOR MONTH: 2.46 1 = FOG OR MIST
DPTR FM NORMAL: -9.9 DPTR FM NORMAL: -0.92 2 = FOG REDUCING VISIBILITY
HIGHEST: 68 ON 28 GRTST 24HR 0.94 ON 27-28 TO 1/4 MILE OR LESS
LOWEST: -2 ON 16 3 = THUNDER
SNOW, ICE PELLETS, HAIL 4 = ICE PELLETS
TOTAL MONTH: M 5 = HAIL
GRTST 24HR M ON M 6 = FREEZING RAIN OR DRIZZLE
GRTST DEPTH: M ON M 7 = DUSTSTORM OR SANDSTORM:
VSBY 1/2 MILE OR LESS
8 = SMOKE OR HAZE
[NO. OF DAYS WITH] [WEATHER - DAYS WITH] 9 = BLOWING SNOW
X = TORNADO
MAX 32 OR BELOW: 12 0.01 INCH OR MORE: 13
MAX 90 OR ABOVE: 0 0.10 INCH OR MORE: 8
MIN 32 OR BELOW: 22 0.50 INCH OR MORE: 1
MIN 0 OR BELOW: 1 1.00 INCH OR MORE: 0
[HDD (BASE 65) ]
TOTAL THIS MO. 971 CLEAR (SCALE 0-3) 8
DPTR FM NORMAL 265 PTCLDY (SCALE 4-7) 6
TOTAL FM JUL 1 3314 CLOUDY (SCALE 8-10) 14
DPTR FM NORMAL 46
[CDD (BASE 65) ]
TOTAL THIS MO. 0
DPTR FM NORMAL 0 [PRESSURE DATA]
TOTAL FM JAN 1 0 HIGHEST SLP M ON M
DPTR FM NORMAL 0 LOWEST SLP 29.53 ON 4
[REMARKS]
#FINAL-02-21#