000
CXUS56 KSGX 011145
CF6PSP
PRELIMINARY LOCAL CLIMATOLOGICAL DATA (WS FORM: F-6)
STATION: PALM SPRINGS INTL AIRPORT CA
MONTH: NOVEMBER
YEAR: 2023
LATITUDE: 33 49 N
LONGITUDE: 116 30 W
TEMPERATURE IN F: :PCPN: SNOW: WIND :SUNSHINE: SKY :PK WND
================================================================================
1 2 3 4 5 6A 6B 7 8 9 10 11 12 13 14 15 16 17 18
12Z AVG MX 2MIN
DY MAX MIN AVG DEP HDD CDD WTR SNW DPTH SPD SPD DIR MIN PSBL S-S WX SPD DR
================================================================================
1 86 54 70 -2 0 5 0.00 M M 5.4 12 130 M M 0 15 80
2 87 54 71 -1 0 6 0.00 M M 5.9 12 340 M M 0 18 320
3 88 55 72 1 0 7 0.00 M M 5.7 10 330 M M 0 15 310
4 90 55 73 2 0 8 0.00 M M 4.9 13 320 M M 0 15 310
5 91 56 74 3 0 9 0.00 M M 5.0 12 330 M M 0 14 110
6 87 60 74 4 0 9 0.00 M M 3.5 10 100 M M 0 17 90
7 81 58 70 0 0 5 0.00 M M 11.5 29 330 M M 0 34 330
8 79 60 70 1 0 5 0.00 M M 9.8 23 330 M M 0 29 340
9 79 57 68 -1 0 3 0.00 M M 8.1 22 340 M M 0 28 350
10 80 51 66 -2 0 1 0.00 M M 5.2 12 340 M M 0 17 340
11 85 50 68 0 0 3 0.00 M M 5.0 12 330 M M 0 14 300
12 84 54 69 1 0 4 0.00 M M 5.9 12 330 M M 0 14 100
13 82 56 69 2 0 4 0.00 M M 6.2 14 110 M M 0 16 110
14 84 53 69 2 0 4 0.00 M M 4.3 10 330 M M 0 15 340
15 74 57 66 0 0 1 0.39 M M 4.4 14 320 M M 5 13 16 320
16 76 54 65 -1 0 0 0.00 M M 2.8 10 110 M M 0 18 19 320
17 76 54 65 0 0 0 0.02 M M 4.7 12 100 M M 2 15 300
18 77 57 67 2 0 2 0.00 M M 3.7 8 310 M M 1 11 130
19 80 56 68 4 0 3 0.00 M M 6.2 21 320 M M 0 25 330
20 75 59 67 3 0 2 0.00 M M 11.3 25 10 M M 0 32 360
21 79 59 69 5 0 4 0.00 M M 5.1 12 330 M M 0 17 290
22 79 53 66 3 0 1 0.00 M M 4.6 9 330 M M 0 17 330
23 74 55 65 2 0 0 0.00 M M 4.4 12 100 M M 0 18 70
24 73 50 62 0 3 0 0.00 M M 6.3 23 320 M M 3 28 320
25 70 53 62 0 3 0 0.00 M M 7.5 14 320 M M 1 17 320
26 69 52 61 -1 4 0 0.00 M M 5.4 14 320 M M 0 19 290
27 73 54 64 3 1 0 0.00 M M 5.4 10 310 M M 0 17 310
28 75 52 64 3 1 0 0.00 M M 4.0 9 340 M M 0 11 340
29 73 48 61 1 4 0 0.00 M M 5.7 20 330 M M 0 27 330
30 69 49 59 -1 6 0 0.00 M M 4.0 12 150 M M 0 14 150
================================================================================
SM 2375 1635 22 86 0.41 M 171.9 M 12
================================================================================
AV 79.2 54.5 5.7 FASTST M M 0 MAX(MPH)
MISC ----> 29 330 34 330
================================================================================
NOTES:
# LAST OF SEVERAL OCCURRENCES
COLUMN 17 PEAK WIND IN M.P.H.
PRELIMINARY LOCAL CLIMATOLOGICAL DATA (WS FORM: F-6) , PAGE 2
STATION: PALM SPRINGS INTL AIRPORT CA
MONTH: NOVEMBER
YEAR: 2023
LATITUDE: 33 49 N
LONGITUDE: 116 30 W
[TEMPERATURE DATA] [PRECIPITATION DATA] SYMBOLS USED IN COLUMN 16
AVERAGE MONTHLY: 66.8 TOTAL FOR MONTH: 0.41 1 = FOG OR MIST
DPTR FM NORMAL: 0.8 DPTR FM NORMAL: 0.18 2 = FOG REDUCING VISIBILITY
HIGHEST: 91 ON 5 GRTST 24HR 0.39 ON 15-15 TO 1/4 MILE OR LESS
LOWEST: 48 ON 29 3 = THUNDER
SNOW, ICE PELLETS, HAIL 4 = ICE PELLETS
TOTAL MONTH: M 5 = HAIL
GRTST 24HR M ON M 6 = FREEZING RAIN OR DRIZZLE
GRTST DEPTH: M ON M 7 = DUSTSTORM OR SANDSTORM:
VSBY 1/2 MILE OR LESS
8 = SMOKE OR HAZE
[NO. OF DAYS WITH] [WEATHER - DAYS WITH] 9 = BLOWING SNOW
X = TORNADO
MAX 32 OR BELOW: 0 0.01 INCH OR MORE: 2
MAX 90 OR ABOVE: 2 0.10 INCH OR MORE: 1
MIN 32 OR BELOW: 0 0.50 INCH OR MORE: 0
MIN 0 OR BELOW: 0 1.00 INCH OR MORE: 0
[HDD (BASE 65) ]
TOTAL THIS MO. 22 CLEAR (SCALE 0-3) 28
DPTR FM NORMAL -48 PTCLDY (SCALE 4-7) 2
TOTAL FM JUL 1 22 CLOUDY (SCALE 8-10) 0
DPTR FM NORMAL -51
[CDD (BASE 65) ]
TOTAL THIS MO. 86
DPTR FM NORMAL -16 [PRESSURE DATA]
TOTAL FM JAN 1 4487 HIGHEST SLP 30.42 ON 21
DPTR FM NORMAL -107 LOWEST SLP 29.72 ON 23
[REMARKS]
#FINAL-11-23#