000
CXUS54 KHGX 011510
CF6PSX
PRELIMINARY LOCAL CLIMATOLOGICAL DATA (WS FORM: F-6)
STATION: PALACIOS
MONTH: FEBRUARY
YEAR: 2024
LATITUDE: 28 43 N
LONGITUDE: 96 15 W
TEMPERATURE IN F: :PCPN: SNOW: WIND :SUNSHINE: SKY :PK WND
================================================================================
1 2 3 4 5 6A 6B 7 8 9 10 11 12 13 14 15 16 17 18
12Z AVG MX 2MIN
DY MAX MIN AVG DEP HDD CDD WTR SNW DPTH SPD SPD DIR MIN PSBL S-S WX SPD DR
================================================================================
1 71 52 62 5 3 0 0.00 0.0 0 7.3 15 180 M M 0 22 180
2 75 58 67 10 0 2 0.29 0.0 0 13.4 25 140 M M 3 13 32 150
3 70 57 64 7 1 0 1.95 0.0 0 10.4 41 330 M M 5 13 53 330
4 71 57 64 7 1 0 0.00 0.0 0 14.6 32 300 M M 1 43 280
5 64 50 57 -1 8 0 0.00 0.0 0 15.7 26 330 M M 4 34 340
6 67 43 55 -3 10 0 0.00 0.0 0 6.9 12 160 M M 0 1 15 190
7 70 45 58 0 7 0 0.00 0.0 0 11.0 23 140 M M 3 12 29 140
8 72 62 67 9 0 2 T 0.0 0 11.0 20 150 M M 8 25 150
9 74 64 69 11 0 4 T 0.0 0 11.1 21 160 M M 6 1 29 160
10 72 67 70 12 0 5 0.00 0.0 0 11.3 21 170 M M 8 1 29 160
11 78 52 65 6 0 0 0.02 0.0 0 14.3 26 330 M M 6 1 36 320
12 62 44 53 -6 12 0 0.00 0.0 0 14.9 26 330 M M 0 35 320
13 63 40 52 -7 13 0 0.00 0.0 0 6.0 13 150 M M 0 17 150
14 68 46 57 -2 8 0 0.00 0.0 0 9.9 18 110 M M 4 24 110
15 71 60 66 7 0 1 0.00 0.0 0 7.4 12 150 M M 7 15 150
16 64 61 63 3 2 0 0.28 0.0 0 3.4 10 140 M M 9 1 13 180
17 62 39 51 -9 14 0 0.01 0.0 0 21.6 32 360 M M 4 1 40 360
18 55 36 46 -14 19 0 0.00 0.0 0 8.8 20 350 M M 1 24 350
19 62 36 49 -11 16 0 0.00 0.0 0 5.9 15 160 M M 0 21 150
20 72 46 59 -1 6 0 0.00 0.0 0 8.2 16 170 M M 1 12 21 190
21 72 60 66 6 0 1 0.00 0.0 0 12.8 20 170 M M 3 29 170
22 70 63 67 6 0 2 0.00 0.0 0 9.7 21 180 M M 6 1 29 180
23 78 53 66 5 0 1 0.00 0.0 0 11.2 25 360 M M 1 12 34 350
24 75 47 61 0 4 0 0.00 0.0 0 7.3 16 180 M M 0 21 180
25 74 54 64 3 1 0 0.00 0.0 0 12.1 22 160 M M 1 27 150
26 74 66 70 9 0 5 0.00 0.0 0 12.9 21 170 M M 5 28 170
27 75 67 71 9 0 6 0.00 0.0 0 12.8 24 170 M M 7 1 33 180
28 71 52 62 0 3 0 T 0.0 0 18.5 33 10 M M 8 1 41 10
29 60 51 56 -6 9 0 0.03 0.0 0 13.8 20 20 M M 10 25 10
================================================================================
SM 2012 1528 137 29 2.58 0.0 324.2 M 111
================================================================================
AV 69.4 52.7 11.2 FASTST M M 4 MAX(MPH)
MISC ----> 41 330 53 330
================================================================================
NOTES:
# LAST OF SEVERAL OCCURRENCES
COLUMN 17 PEAK WIND IN M.P.H.
PRELIMINARY LOCAL CLIMATOLOGICAL DATA (WS FORM: F-6) , PAGE 2
STATION: PALACIOS
MONTH: FEBRUARY
YEAR: 2024
LATITUDE: 28 43 N
LONGITUDE: 96 15 W
[TEMPERATURE DATA] [PRECIPITATION DATA] SYMBOLS USED IN COLUMN 16
AVERAGE MONTHLY: 61.0 TOTAL FOR MONTH: 2.58 1 = FOG OR MIST
DPTR FM NORMAL: 1.7 DPTR FM NORMAL: 0.69 2 = FOG REDUCING VISIBILITY
HIGHEST: 78 ON 23,11 GRTST 24HR 2.24 ON 2- 3 TO 1/4 MILE OR LESS
LOWEST: 36 ON 19,18 3 = THUNDER
SNOW, ICE PELLETS, HAIL 4 = ICE PELLETS
TOTAL MONTH: 0.0 INCH 5 = HAIL
GRTST 24HR 0.0 6 = FREEZING RAIN OR DRIZZLE
GRTST DEPTH: 0 7 = DUSTSTORM OR SANDSTORM:
VSBY 1/2 MILE OR LESS
8 = SMOKE OR HAZE
[NO. OF DAYS WITH] [WEATHER - DAYS WITH] 9 = BLOWING SNOW
X = TORNADO
MAX 32 OR BELOW: 0 0.01 INCH OR MORE: 6
MAX 90 OR ABOVE: 0 0.10 INCH OR MORE: 3
MIN 32 OR BELOW: 0 0.50 INCH OR MORE: 1
MIN 0 OR BELOW: 0 1.00 INCH OR MORE: 1
[HDD (BASE 65) ]
TOTAL THIS MO. 137 CLEAR (SCALE 0-3) 14
DPTR FM NORMAL -56 PTCLDY (SCALE 4-7) 13
TOTAL FM JUL 1 894 CLOUDY (SCALE 8-10) 2
DPTR FM NORMAL -4
[CDD (BASE 65) ]
TOTAL THIS MO. 29
DPTR FM NORMAL -3 [PRESSURE DATA]
TOTAL FM JAN 1 30 HIGHEST SLP 30.33 ON 18
DPTR FM NORMAL -20 LOWEST SLP 29.53 ON 3
[REMARKS]
#FINAL-02-24#