000
CXUS54 KHGX 021411
CF6PSX
PRELIMINARY LOCAL CLIMATOLOGICAL DATA (WS FORM: F-6)
STATION: PALACIOS
MONTH: MARCH
YEAR: 2022
LATITUDE: 28 43 N
LONGITUDE: 96 15 W
TEMPERATURE IN F: :PCPN: SNOW: WIND :SUNSHINE: SKY :PK WND
================================================================================
1 2 3 4 5 6A 6B 7 8 9 10 11 12 13 14 15 16 17 18
12Z AVG MX 2MIN
DY MAX MIN AVG DEP HDD CDD WTR SNW DPTH SPD SPD DIR MIN PSBL S-S WX SPD DR
================================================================================
1 67 35 51 -11 14 0 0.00 0.0 0 6.3 13 200 M M 0 12 17 200
2 71 39 55 -7 10 0 0.00 0.0 0 8.1 16 140 M M 3 12 21 150
3 76 52 64 2 1 0 0.00 0.0 0 8.7 17 140 M M 2 12 22 150
4 77 61 69 6 0 4 T 0.0 0 9.8 20 140 M M 6 25 150
5 79 66 73 10 0 8 0.00 0.0 0 14.5 30 140 M M 6 1 40 140
6 79 69 74 11 0 9 0.00 0.0 0 15.4 25 140 M M 8 18 33 140
7 72 50 61 -2 4 0 T 0.0 0 18.7 33 10 M M 10 1 42 10
8 52 47 50 -13 15 0 T 0.0 0 16.1 23 10 M M 10 1 32 10
9 63 44 54 -10 11 0 0.00 0.0 0 9.4 22 10 M M 5 3 28 350
10 71 40 56 -8 9 0 0.00 0.0 0 10.3 18 130 M M 2 1 25 130
11 67 41 54 -10 11 0 0.01 0.0 0 19.4 41 350 M M 8 1 50 350
12 59 29 44 -20 21 0 0.00 0.0 0 9.6 30 350 M M 0 40 10
13 66 34 50 -14 15 0 0.00 0.0 0 10.2 24 130 M M 5 29 130
14 76 58 67 2 0 2 T 0.0 0 11.1 21 160 M M 6 29 180
15 78 53 66 1 0 1 0.42 0.0 0 11.6 24 340 M M 1 13 35 300
16 73 47 60 -5 5 0 0.00 0.0 0 8.0 17 150 M M 0 23 150
17 76 59 68 3 0 3 0.02 0.0 0 13.2 26 140 M M 6 18 36 140
18 75 56 66 1 0 1 0.00 0.0 0 13.5 32 330 M M 4 12 41 360
19 78 45 62 -4 3 0 0.00 0.0 0 9.0 20 20 M M 1 26 30
20 74 44 59 -7 6 0 T 0.0 0 12.8 25 110 M M 1 1 37 110
21 75 67 71 5 0 6 0.13 0.0 0 18.8 28 150 M M 10 18 38 150
22 75 50 63 -3 2 0 0.56 0.0 0 14.1 26 320 M M 4 13 36 310
23 71 46 59 -7 6 0 0.00 0.0 0 9.0 24 330 M M 0 30 330
24 73 55 64 -3 1 0 0.00 0.0 0 11.5 26 320 M M 0 37 300
25 78 49 64 -3 1 0 0.00 0.0 0 6.8 15 170 M M 0 8 19 170
26 76 60 68 1 0 3 0.00 0.0 0 11.1 17 180 M M 0 1 25 170
27 76 67 72 5 0 7 0.00 0.0 0 12.5 18 200 M M 1 25 210
28 79 69 74 6 0 9 0.00 0.0 0 12.7 21 160 M M 5 28 170
29 80 71 76 8 0 11 0.00 0.0 0 19.0 28 170 M M 7 1 38 150
30 88 62 75 7 0 10 0.15 0.0 0 16.2 28 290 M M 5 1 41 160
31 77 49 63 -5 2 0 0.00 0.0 0 8.6 18 30 M M 0 23 30
================================================================================
SM 2277 1614 137 74 1.29 0.0 376.0 M 116
================================================================================
AV 73.5 52.1 12.1 FASTST M M 4 MAX(MPH)
MISC ----> 41 350 50 350
================================================================================
NOTES:
# LAST OF SEVERAL OCCURRENCES
COLUMN 17 PEAK WIND IN M.P.H.
PRELIMINARY LOCAL CLIMATOLOGICAL DATA (WS FORM: F-6) , PAGE 2
STATION: PALACIOS
MONTH: MARCH
YEAR: 2022
LATITUDE: 28 43 N
LONGITUDE: 96 15 W
[TEMPERATURE DATA] [PRECIPITATION DATA] SYMBOLS USED IN COLUMN 16
AVERAGE MONTHLY: 62.8 TOTAL FOR MONTH: 1.29 1 = FOG OR MIST
DPTR FM NORMAL: -2.2 DPTR FM NORMAL: -1.42 2 = FOG REDUCING VISIBILITY
HIGHEST: 88 ON 30 GRTST 24HR 0.61 ON 21-22 TO 1/4 MILE OR LESS
LOWEST: 29 ON 12 3 = THUNDER
SNOW, ICE PELLETS, HAIL 4 = ICE PELLETS
TOTAL MONTH: 0.0 INCH 5 = HAIL
GRTST 24HR 0.0 6 = FREEZING RAIN OR DRIZZLE
GRTST DEPTH: 0 7 = DUSTSTORM OR SANDSTORM:
VSBY 1/2 MILE OR LESS
8 = SMOKE OR HAZE
[NO. OF DAYS WITH] [WEATHER - DAYS WITH] 9 = BLOWING SNOW
X = TORNADO
MAX 32 OR BELOW: 0 0.01 INCH OR MORE: 6
MAX 90 OR ABOVE: 0 0.10 INCH OR MORE: 4
MIN 32 OR BELOW: 1 0.50 INCH OR MORE: 1
MIN 0 OR BELOW: 0 1.00 INCH OR MORE: 0
[HDD (BASE 65) ]
TOTAL THIS MO. 137 CLEAR (SCALE 0-3) 15
DPTR FM NORMAL 43 PTCLDY (SCALE 4-7) 12
TOTAL FM JUL 1 992 CLOUDY (SCALE 8-10) 4
DPTR FM NORMAL 8
[CDD (BASE 65) ]
TOTAL THIS MO. 74
DPTR FM NORMAL -22 [PRESSURE DATA]
TOTAL FM JAN 1 106 HIGHEST SLP 30.56 ON 12
DPTR FM NORMAL -40 LOWEST SLP 29.50 ON 30
[REMARKS]
#FINAL-03-22#