000
CXUS55 KPUB 020227
CF6PUB
PRELIMINARY LOCAL CLIMATOLOGICAL DATA (WS FORM: F-6)
STATION: PUEBLO CO
MONTH: NOVEMBER
YEAR: 2023
LATITUDE: 38 16 N
LONGITUDE: 104 31 W
TEMPERATURE IN F: :PCPN: SNOW: WIND :SUNSHINE: SKY :PK WND
================================================================================
1 2 3 4 5 6A 6B 7 8 9 10 11 12 13 14 15 16 17 18
12Z AVG MX 2MIN
DY MAX MIN AVG DEP HDD CDD WTR SNW DPTH SPD SPD DIR MIN PSBL S-S WX SPD DR
================================================================================
1 68 19 44 -2 21 0 0.00 0.0 0 5.2 14 10 M M 0 16 170
2 74 28 51 5 14 0 0.00 0.0 0 6.9 17 310 M M 0 23 310
3 75 37 56 11 9 0 0.00 0.0 0 7.5 21 290 M M 0 27 290
4 71 31 51 6 14 0 0.00 0.0 0 6.2 14 130 M M 0 18 130
5 80 30 55 10 10 0 0.00 0.0 0 8.3 17 210 M M 0 29 210
6 75 35 55 11 10 0 0.00 0.0 0 5.1 13 90 M M 0 16 100
7 82 29 56 12 9 0 0.00 0.0 0 9.7 26 240 M M 0 39 240
8 58 39 49 6 16 0 0.02 0.0 0 13.1 33 10 M M 5 43 20
9 53 26 40 -3 25 0 0.01 0.0 0 4.8 12 190 M M 5 17 170
10 56 20 38 -5 27 0 0.00 0.0 0 2.6 12 320 M M 0 13 320
11 64 21 43 1 22 0 0.00 0.0 0 4.1 10 300 M M 0 15 300
12 66 23 45 3 20 0 0.00 0.0 0 6.1 14 110 M M 0 18 120
13 63 20 42 0 23 0 0.00 0.0 0 3.4 12 340 M M 0 12 340
14 76 23 50 9 15 0 0.00 0.0 0 5.8 22 280 M M 0 27 280
15 69 24 47 6 18 0 0.00 0.0 0 5.8 12 130 M M 0 16 290
16 77 37 57 17 8 0 0.00 0.0 0 13.1 40 280 M M 0 55 290
17 67 27 47 7 18 0 0.00 0.0 0 5.0 13 360 M M 0 15 130
18 67 25 46 7 19 0 0.00 0.0 0 6.6 17 340 M M 0 24 350
19 61 28 45 6 20 0 0.00 0.0 0 7.7 22 360 M M 4 29 350
20 50 43 47 8 18 0 0.00 0.0 0 17.5 35 350 M M 8 44 10
21 56 26 41 3 24 0 0.00 0.0 0 7.5 26 10 M M 1 36 10
22 70 22 46 8 19 0 0.00 0.0 0 6.3 15 260 M M 0 17 260
23 50 27 39 2 26 0 T T 0 11.8 22 50 M M 5 29 60
24 27 19 23 -14 42 0 0.01 T T 10.2 14 100 M M 10 16 18 100
25 29 18 24 -13 41 0 0.02 0.3 T 3.4 10 270 M M 9 1 13 270
26 44 10 27 -9 38 0 0.00 0.0 T 6.0 14 140 M M 0 19 150
27 46 11 29 -7 36 0 0.00 0.0 0 3.9 14 360 M M 0 15 350
28 61 11 36 0 29 0 0.00 0.0 0 3.0 12 280 M M 0 15 310
29 63 15 39 4 26 0 0.00 0.0 0 4.7 13 210 M M 0 20 230
30 47 19 33 -2 32 0 0.00 0.0 0 5.3 14 350 M M 0 22 100
================================================================================
SM 1845 743 649 0 0.06 0.3 206.6 M 47
================================================================================
AV 61.5 24.8 6.9 FASTST M M 2 MAX(MPH)
MISC ----> 40 280 55 290
================================================================================
NOTES:
COLUMN 7; REMOVED FALSE TIP TRACE PRECIPITATION ON 16TH.
# LAST OF SEVERAL OCCURRENCES
COLUMN 17 PEAK WIND IN M.P.H.
PRELIMINARY LOCAL CLIMATOLOGICAL DATA (WS FORM: F-6) , PAGE 2
STATION: PUEBLO CO
MONTH: NOVEMBER
YEAR: 2023
LATITUDE: 38 16 N
LONGITUDE: 104 31 W
[TEMPERATURE DATA] [PRECIPITATION DATA] SYMBOLS USED IN COLUMN 16
AVERAGE MONTHLY: 43.1 TOTAL FOR MONTH: 0.06 1 = FOG OR MIST
DPTR FM NORMAL: 2.6 DPTR FM NORMAL: -0.41 2 = FOG REDUCING VISIBILITY
HIGHEST: 82 ON 7 GRTST 24HR 0.03 ON 8-9 TO 1/4 MILE OR LESS
LOWEST: 10 ON 26 ON 24-25 3 = THUNDER
SNOW, ICE PELLETS, HAIL 4 = ICE PELLETS
TOTAL MONTH: 0.3 INCH 5 = HAIL
GRTST 24HR 0.3 ON 25 6 = FREEZING RAIN OR DRIZZLE
GRTST DEPTH: T ON 26# 7 = DUSTSTORM OR SANDSTORM:
VSBY 1/2 MILE OR LESS
8 = SMOKE OR HAZE
[NO. OF DAYS WITH] [WEATHER - DAYS WITH] 9 = BLOWING SNOW
X = TORNADO
MAX 32 OR BELOW: 2 0.01 INCH OR MORE: 4
MAX 90 OR ABOVE: 0 0.10 INCH OR MORE: 0
MIN 32 OR BELOW: 25 0.50 INCH OR MORE: 0
MIN 0 OR BELOW: 0 1.00 INCH OR MORE: 0
[HDD (BASE 65) ]
TOTAL THIS MO. 649 CLEAR (SCALE 0-3) 23
DPTR FM NORMAL -87 PTCLDY (SCALE 4-7) 5
TOTAL FM JUL 1 1015 CLOUDY (SCALE 8-10) 2
DPTR FM NORMAL -180
[CDD (BASE 65) ]
TOTAL THIS MO. 0
DPTR FM NORMAL 0 [PRESSURE DATA]
TOTAL FM JAN 1 1140 HIGHEST SLP 30.54 ON 21
DPTR FM NORMAL 61 LOWEST SLP 29.57 ON 19
[REMARKS]
#FINAL-11-23#