000
CXUS56 KOTX 010910
CF6PUW
PRELIMINARY LOCAL CLIMATOLOGICAL DATA (WS FORM: F-6)
STATION: PULLMAN_MOSCOW AIRPORT
MONTH: MAY
YEAR: 2023
LATITUDE: 46 44 N
LONGITUDE: 117 7 W
TEMPERATURE IN F: :PCPN: SNOW: WIND :SUNSHINE: SKY :PK WND
================================================================================
1 2 3 4 5 6A 6B 7 8 9 10 11 12 13 14 15 16 17 18
12Z AVG MX 2MIN
DY MAX MIN AVG DEP HDD CDD WTR SNW DPTH SPD SPD DIR MIN PSBL S-S WX SPD DR
================================================================================
1 65 46 56 5 9 0 T M M 7.6 16 280 M M 0 8 22 290
2 78 40 59 8 6 0 0.04 M M 5.6 33 40 M M 1 8 43 50
3 83 49 66 15 0 1 0.00 M M 4.6 15 110 M M 0 19 100
4 75 48 62 10 3 0 0.19 M M 5.6 12 320 M M 3 1 22 250
5 51 44 48 -4 17 0 0.16 M M 8.8 21 320 M M 10 1 26 230
6 56 43 50 -2 15 0 T M M 4.8 15 230 M M 10 1 19 230
7 61 42 52 0 13 0 0.00 M M 6.9 21 270 M M 6 29 260
8 62 42 52 -1 13 0 0.24 M M 5.6 21 280 M M 6 3 25 280
9 56 41 49 -4 16 0 0.02 M M 6.8 15 280 M M 8 3 18 280
10 65 42 54 1 11 0 0.00 M M 6.4 15 30 M M 1 19 20
11 70 39 55 1 10 0 0.00 M M 3.7 13 10 M M 1 17 10
12 76 40 58 4 7 0 0.00 M M 3.1 12 80 M M 0 14 150
13 80 48 64 10 1 0 0.00 M M 11.9 23 90 M M 0 29 90
14 82 56 69 15 0 4 0.00 M M 12.5 25 90 M M 0 37 100
15 81 59 70 15 0 5 0.01 M M 8.1 17 230 M M 2 8 22 220
16 74 53 64 9 1 0 0.05 M M 3.0 15 260 M M 4 3 18 260
17 76 50 63 8 2 0 0.00 M M 4.0 14 120 M M 0 17 110
18 82 55 69 14 0 4 0.00 M M 5.8 16 130 M M 0 18 20 100
19 85 52 69 13 0 4 0.00 M M 3.2 12 290 M M 0 8 14 320
20 87 56 72 16 0 7 0.00 M M 3.1 23 250 M M 0 8 30 260
21 79 55 67 11 0 2 T M M 9.6 30 250 M M 2 38 40 250
22 62 44 53 -3 12 0 0.00 M M 11.6 22 230 M M 3 8 29 280
23 66 37 52 -4 13 0 0.00 M M 4.2 14 300 M M 1 17 310
24 69 41 55 -1 10 0 T M M 4.7 18 320 M M 3 24 330
25 72 39 56 -1 9 0 0.00 M M 2.5 12 310 M M 0 15 310
26 75 44 60 3 5 0 0.00 M M 5.3 15 150 M M 1 21 240
27 71 55 63 6 2 0 0.01 M M 4.7 20 30 M M 9 3 26 30
28 74 56 65 8 0 0 T M M 5.8 13 140 M M 6 17 130
29 78 51 65 8 0 0 0.00 M M 5.5 14 250 M M 0 21 230
30 75 45 60 3 5 0 0.00 M M 4.5 14 270 M M 0 8 22 300
31 69 42 56 -1 9 0 0.00 M M 7.2 16 270 M M 1 22 260
================================================================================
SM 2235 1454 189 27 0.72 M 186.7 M 78
================================================================================
AV 72.1 46.9 6.0 FASTST M M 3 MAX(MPH)
MISC ----> 33 40 43 50
================================================================================
NOTES:
# LAST OF SEVERAL OCCURRENCES
COLUMN 17 PEAK WIND IN M.P.H.
PRELIMINARY LOCAL CLIMATOLOGICAL DATA (WS FORM: F-6) , PAGE 2
STATION: PULLMAN_MOSCOW AIRPORT
MONTH: MAY
YEAR: 2023
LATITUDE: 46 44 N
LONGITUDE: 117 7 W
[TEMPERATURE DATA] [PRECIPITATION DATA] SYMBOLS USED IN COLUMN 16
AVERAGE MONTHLY: 59.5 TOTAL FOR MONTH: 0.72 1 = FOG OR MIST
DPTR FM NORMAL: 5.0 DPTR FM NORMAL: -0.69 2 = FOG REDUCING VISIBILITY
HIGHEST: 87 ON 20 GRTST 24HR 0.35 ON 4- 5 TO 1/4 MILE OR LESS
LOWEST: 37 ON 23 3 = THUNDER
SNOW, ICE PELLETS, HAIL 4 = ICE PELLETS
TOTAL MONTH: M 5 = HAIL
GRTST 24HR M ON M 6 = FREEZING RAIN OR DRIZZLE
GRTST DEPTH: M ON M 7 = DUSTSTORM OR SANDSTORM:
VSBY 1/2 MILE OR LESS
8 = SMOKE OR HAZE
[NO. OF DAYS WITH] [WEATHER - DAYS WITH] 9 = BLOWING SNOW
X = TORNADO
MAX 32 OR BELOW: 0 0.01 INCH OR MORE: 8
MAX 90 OR ABOVE: 0 0.10 INCH OR MORE: 3
MIN 32 OR BELOW: 0 0.50 INCH OR MORE: 0
MIN 0 OR BELOW: 0 1.00 INCH OR MORE: 0
[HDD (BASE 65) ]
TOTAL THIS MO. 189 CLEAR (SCALE 0-3) 22
DPTR FM NORMAL -143 PTCLDY (SCALE 4-7) 6
TOTAL FM JUL 1 6184 CLOUDY (SCALE 8-10) 3
DPTR FM NORMAL 111
[CDD (BASE 65) ]
TOTAL THIS MO. 27
DPTR FM NORMAL 19 [PRESSURE DATA]
TOTAL FM JAN 1 28 HIGHEST SLP M ON M
DPTR FM NORMAL 20 LOWEST SLP 29.60 ON 3
[REMARKS]
#FINAL-05-23#