000
CXUS56 KOTX 011045
CLMPUW
CLIMATE REPORT
NATIONAL WEATHER SERVICE SPOKANE WA
345 AM PDT SAT APR 01 2023
...................................
...THE PULLMAN_MOSCOW AIRPORT CLIMATE SUMMARY FOR THE MONTH OF MARCH 2023...
CLIMATE NORMAL PERIOD 1991 TO 2020
CLIMATE RECORD PERIOD 9999 TO 9999
WEATHER OBSERVED NORMAL DEPART LAST YEAR`S
VALUE DATE(S) VALUE FROM VALUE DATE(S)
NORMAL
................................................................
TEMPERATURE (F)
RECORD
HIGH 73 03/25/1960
03/20/1999
LOW -9 03/04/2019
HIGHEST 58 03/19 MM MM 66 03/27
LOWEST 14 03/01 MM MM 16 03/10
AVG. MAXIMUM 45.0 49.3 -4.3 49.9
AVG. MINIMUM 29.2 32.9 -3.7 33.2
MEAN 37.1 41.1 -4.0 41.6
DAYS MAX >= 90 0 0.0 0.0 0
DAYS MAX <= 32 0 0.8 -0.8 0
DAYS MIN <= 32 23 15.9 7.1 15
DAYS MIN <= 0 0 0.2 -0.2 0
PRECIPITATION (INCHES)
RECORD
MAXIMUM 5.25 2017
MINIMUM 0.36 1926
TOTALS 1.27 1.95 -0.68 1.50
DAILY AVG. 0.04 0.06 -0.02 0.05
DAYS >= .01 14 13.5 0.5 12
DAYS >= .10 5 6.8 -1.8 5
DAYS >= .50 0 0.6 -0.6 0
DAYS >= 1.00 0 0.0 0.0 0
GREATEST
24 HR. TOTAL 0.29 03/13 TO 03/13 0.66
DEGREE DAYS
HEATING TOTAL 859 741 118 717
SINCE 7/1 5390 5196 194 MM
COOLING TOTAL 0 0 0 0
SINCE 1/1 0 0 0 MM
................................................................
WIND (MPH)
AVERAGE WIND SPEED 9.1
HIGHEST WIND SPEED/DIRECTION 28/240 DATE 03/10
HIGHEST GUST SPEED/DIRECTION 37/230 DATE 03/10
SKY COVER
POSSIBLE SUNSHINE (PERCENT) MM
AVERAGE SKY COVER 0.55
NUMBER OF DAYS FAIR 7
NUMBER OF DAYS PC 14
NUMBER OF DAYS CLOUDY 10
AVERAGE RH (PERCENT) 61
WEATHER CONDITIONS. NUMBER OF DAYS WITH
THUNDERSTORM 0 MIXED PRECIP 1
HEAVY RAIN 0 RAIN 1
LIGHT RAIN 8 FREEZING RAIN 0
LT FREEZING RAIN 0 HAIL 0
HEAVY SNOW 1 SNOW 4
LIGHT SNOW 11 SLEET 0
FOG 12 FOG W/VIS <= 1/4 MILE 3
HAZE 5
- INDICATES NEGATIVE NUMBERS.
R INDICATES RECORD WAS SET OR TIED.
MM INDICATES DATA IS MISSING.
T INDICATES TRACE AMOUNT.
$$