000
CXUS51 KBOX 011136
CF6PVD
PRELIMINARY LOCAL CLIMATOLOGICAL DATA (WS FORM: F-6)
STATION: PROVIDENCE RI
MONTH: MARCH
YEAR: 2023
LATITUDE: 41 43 N
LONGITUDE: 71 26 W
TEMPERATURE IN F: :PCPN: SNOW: WIND :SUNSHINE: SKY :PK WND
================================================================================
1 2 3 4 5 6A 6B 7 8 9 10 11 12 13 14 15 16 17 18
12Z AVG MX 2MIN
DY MAX MIN AVG DEP HDD CDD WTR SNW DPTH SPD SPD DIR MIN PSBL S-S WX SPD DR
================================================================================
1 45 29 37 2 28 0 T 0.0 2 6.9 15 160 M M 6 19 150
2 47 36 42 7 23 0 0.12 0.0 0 8.7 21 320 M M 8 1 30 290
3 45 31 38 3 27 0 0.04 0.1 T 8.4 18 130 M M 6 1 27 350
4 38 31 35 -1 30 0 0.81 0.5 T 16.5 32 10 M M 10 14 41 10
5 48 24 36 0 29 0 0.00 0.0 0 7.7 25 300 M M 6 37 300
6 51 33 42 6 23 0 0.00 0.0 0 11.9 25 300 M M 3 34 290
7 43 30 37 1 28 0 T T 0 14.4 26 350 M M 6 36 360
8 48 29 39 2 26 0 0.00 0.0 0 14.4 26 360 M M 7 34 20
9 51 36 44 7 21 0 0.00 0.0 0 10.6 18 20 M M 8 8 25 330
10 51 28 40 3 25 0 0.00 0.0 0 5.5 17 150 M M 6 20 210
11 40 32 36 -1 29 0 0.29 T 0 11.3 23 10 M M 9 1 29 10
12 46 30 38 0 27 0 0.00 0.0 0 9.5 18 10 M M 5 23 20
13 42 32 37 -1 28 0 1.05 0.0 0 7.6 16 60 M M 9 1 21 60
14 43 33 38 0 27 0 1.86 0.1 0 15.7 26 10 M M 10 1 37 300
15 42 33 38 0 27 0 T T 0 17.9 30 330 M M 7 1 45 340
16 55 33 44 5 21 0 0.00 0.0 0 9.9 21 290 M M 6 28 300
17 52 34 43 4 22 0 T 0.0 0 7.3 21 150 M M 8 26 150
18 53 33 43 4 22 0 0.02 0.0 0 6.9 17 300 M M 7 22 300
19 40 28 34 -6 31 0 0.00 0.0 0 13.3 24 280 M M 2 32 300
20 49 26 38 -2 27 0 0.00 0.0 0 9.6 21 230 M M 0 8 28 220
21 61 28 45 5 20 0 0.00 0.0 0 8.1 22 250 M M 3 27 260
22 55 32 44 3 21 0 T 0.0 0 6.3 21 190 M M 6 24 200
23 59 42 51 10 14 0 0.07 0.0 0 9.1 22 200 M M 10 1 27 200
24 56 35 46 5 19 0 0.00 0.0 0 7.8 18 280 M M 6 24 310
25 43 32 38 -4 27 0 0.24 T 0 9.4 21 100 M M 7 14 26 110
26 61 36 49 7 16 0 T 0.0 0 9.0 20 310 M M 5 1 29 320
27 56 29 43 1 22 0 0.27 0.0 0 5.7 18 150 M M 5 1 22 150
28 46 36 41 -1 24 0 0.16 0.0 0 6.0 12 330 M M 9 1 16 330
29 51 31 41 -2 24 0 0.00 0.0 0 8.9 18 150 M M 4 23 130
30 42 29 36 -7 29 0 T T 0 12.7 29 290 M M 2 35 290
31 46 26 36 -8 29 0 0.03 0.0 0 8.5 22 170 M M 7 27 160
================================================================================
SM 1505 977 766 0 4.96 0.7 305.5 M 193
================================================================================
AV 48.5 31.5 9.9 FASTST M M 6 MAX(MPH)
MISC ----> 32 10 45 340
================================================================================
NOTES:
# LAST OF SEVERAL OCCURRENCES
COLUMN 17 PEAK WIND IN M.P.H.
PRELIMINARY LOCAL CLIMATOLOGICAL DATA (WS FORM: F-6) , PAGE 2
STATION: PROVIDENCE RI
MONTH: MARCH
YEAR: 2023
LATITUDE: 41 43 N
LONGITUDE: 71 26 W
[TEMPERATURE DATA] [PRECIPITATION DATA] SYMBOLS USED IN COLUMN 16
AVERAGE MONTHLY: 40.0 TOTAL FOR MONTH: 4.96 1 = FOG OR MIST
DPTR FM NORMAL: 1.1 DPTR FM NORMAL: 0.06 2 = FOG REDUCING VISIBILITY
HIGHEST: 61 ON 26,21 GRTST 24HR 2.74 ON 13-14 TO 1/4 MILE OR LESS
LOWEST: 24 ON 5 3 = THUNDER
SNOW, ICE PELLETS, HAIL 4 = ICE PELLETS
TOTAL MONTH: 4.7 INCHES 5 = HAIL
GRTST 24HR 0.5 ON 4- 4 6 = FREEZING RAIN OR DRIZZLE
GRTST DEPTH: 4 ON M 7 = DUSTSTORM OR SANDSTORM:
VSBY 1/2 MILE OR LESS
8 = SMOKE OR HAZE
[NO. OF DAYS WITH] [WEATHER - DAYS WITH] 9 = BLOWING SNOW
X = TORNADO
MAX 32 OR BELOW: 0 0.01 INCH OR MORE: 12
MAX 90 OR ABOVE: 0 0.10 INCH OR MORE: 8
MIN 32 OR BELOW: 19 0.50 INCH OR MORE: 3
MIN 0 OR BELOW: 0 1.00 INCH OR MORE: 2
[HDD (BASE 65) ]
TOTAL THIS MO. 766 CLEAR (SCALE 0-3) 5
DPTR FM NORMAL -42 PTCLDY (SCALE 4-7) 20
TOTAL FM JUL 1 4237 CLOUDY (SCALE 8-10) 6
DPTR FM NORMAL -515
[CDD (BASE 65) ]
TOTAL THIS MO. 0
DPTR FM NORMAL 0 [PRESSURE DATA]
TOTAL FM JAN 1 0 HIGHEST SLP 30.42 ON 22
DPTR FM NORMAL 0 LOWEST SLP 29.20 ON 14
[REMARKS]
#FINAL-03-23#