000
CXUS54 KFWD 010831
CF6PWG
PRELIMINARY LOCAL CLIMATOLOGICAL DATA (WS FORM: F-6)
STATION: WACO MCGREGOR
MONTH: JANUARY
YEAR: 2021
LATITUDE: 31 28 N
LONGITUDE: 97 19 W
TEMPERATURE IN F: :PCPN: SNOW: WIND :SUNSHINE: SKY :PK WND
================================================================================
1 2 3 4 5 6A 6B 7 8 9 10 11 12 13 14 15 16 17 18
12Z AVG MX 2MIN
DY MAX MIN AVG DEP HDD CDD WTR SNW DPTH SPD SPD DIR MIN PSBL S-S WX SPD DR
================================================================================
1 41 35 38 -7 27 0 0.00 M M 11.5 16 300 M M 0 24 250
2 60 31 46 1 19 0 0.00 M M 6.9 10 150 M M 0 23 150
3 68 37 53 8 12 0 0.00 M M 10.4 20 210 M M 0 28 220
4 66 35 51 6 14 0 0.00 M M 4.5 10 10 M M 0 M M
5 67 34 51 6 14 0 0.00 M M 7.5 14 150 M M 2 25 160
6 60 48 54 9 11 0 M M M 12.6 22 300 M M 7 13 35 300
7 56 36 46 1 19 0 0.00 M M 11.2 15 330 M M 0 36 310
8 47 30 39 -6 26 0 0.00 M M 6.6 12 350 M M 6 18 310
9 48 27 38 -7 27 0 0.00 M M 5.5 10 50 M M 1 M M
10 43 32 38 -7 27 0 M M M 8.1 15 40 M M 10 1 25 20
11 43 29 36 -9 29 0 0.00 M M 6.5 13 280 M M 2 8 22 280
12 53 26 40 -6 25 0 0.00 M M 4.0 13 120 M M 0 18 120
13 62 30 46 0 19 0 0.00 M M 8.3 13 160 M M 0 20 99
14 64 38 51 5 14 0 0.00 M M 10.4 25 360 M M 0 36 350
15 56 37 47 1 18 0 0.00 M M 15.2 21 300 M M 2 31 300
16 61 33 47 1 18 0 0.00 M M 5.8 8 310 M M 1 8 M M
17 62 30 46 0 19 0 0.00 M M 3.9 9 350 M M 0 M M
18 71 34 53 7 12 0 0.00 M M 8.5 21 180 M M 4 30 190
19 61 49 55 9 10 0 T M M 12.3 13 360 M M 10 1 22 360
20 53 46 50 4 15 0 T M M 4.8 9 30 M M 10 1 M M
21 63 48 56 10 9 0 T M M 6.0 12 220 M M 8 M M
22 56 50 53 7 12 0 T M M 8.5 14 350 M M 9 1 21 360
23 59 49 54 8 11 0 T M M 4.2 8 100 M M 10 18 M M
24 68 56 62 16 3 0 T M M 7.2 17 150 M M 10 12 24 150
25 71 47 59 13 6 0 0.00 M M 9.8 21 310 M M 4 30 300
26 62 37 50 4 15 0 0.00 M M 8.9 15 350 M M 1 21 10
27 55 34 45 -2 20 0 0.00 M M 9.1 24 330 M M 2 38 330
28 50 28 39 -8 26 0 0.00 M M 4.1 9 40 M M 0 47 40
29 66 33 50 3 15 0 0.00 M M 8.4 20 170 M M 1 M 250
30 80 53 67 20 0 2 0.00 M M 17.0 24 260 M M 6 8 112 260
31 61 40 51 4 14 0 0.00 M M 12.2 22 340 M M 0 32 330
================================================================================
SM 1833 1172 506 2 T M 259.9 M 106
================================================================================
AV 59.1 37.8 8.4 FASTST M M 3 MAX(MPH)
MISC ----> 25 360 112 260
================================================================================
NOTES:
# LAST OF SEVERAL OCCURRENCES
COLUMN 17 PEAK WIND IN M.P.H.
PRELIMINARY LOCAL CLIMATOLOGICAL DATA (WS FORM: F-6) , PAGE 2
STATION: WACO MCGREGOR
MONTH: JANUARY
YEAR: 2021
LATITUDE: 31 28 N
LONGITUDE: 97 19 W
[TEMPERATURE DATA] [PRECIPITATION DATA] SYMBOLS USED IN COLUMN 16
AVERAGE MONTHLY: 48.5 TOTAL FOR MONTH: T 1 = FOG OR MIST
DPTR FM NORMAL: 2.7 DPTR FM NORMAL: -2.15 2 = FOG REDUCING VISIBILITY
HIGHEST: 80 ON 30 GRTST 24HR 0.36 ON 19-19 TO 1/4 MILE OR LESS
LOWEST: 26 ON 12 3 = THUNDER
SNOW, ICE PELLETS, HAIL 4 = ICE PELLETS
TOTAL MONTH: M 5 = HAIL
GRTST 24HR M ON M 6 = FREEZING RAIN OR DRIZZLE
GRTST DEPTH: M ON M 7 = DUSTSTORM OR SANDSTORM:
VSBY 1/2 MILE OR LESS
8 = SMOKE OR HAZE
[NO. OF DAYS WITH] [WEATHER - DAYS WITH] 9 = BLOWING SNOW
X = TORNADO
MAX 32 OR BELOW: 0 0.01 INCH OR MORE: 0
MAX 90 OR ABOVE: 0 0.10 INCH OR MORE: 0
MIN 32 OR BELOW: 9 0.50 INCH OR MORE: 0
MIN 0 OR BELOW: 0 1.00 INCH OR MORE: 0
[HDD (BASE 65) ]
TOTAL THIS MO. 506 CLEAR (SCALE 0-3) 19
DPTR FM NORMAL -89 PTCLDY (SCALE 4-7) 6
TOTAL FM JUL 1 1161 CLOUDY (SCALE 8-10) 6
DPTR FM NORMAL -349
[CDD (BASE 65) ]
TOTAL THIS MO. 2
DPTR FM NORMAL 0 [PRESSURE DATA]
TOTAL FM JAN 1 2 HIGHEST SLP 30.63 ON 28
DPTR FM NORMAL 0 LOWEST SLP 29.62 ON 25
[REMARKS]
#FINAL-01-21#