000
CXUS53 KMKX 010810
CF6RAC
PRELIMINARY LOCAL CLIMATOLOGICAL DATA (WS FORM: F-6)
STATION: RACINE WI
MONTH: MARCH
YEAR: 2021
LATITUDE: 42 45 N
LONGITUDE: 87 49 W
TEMPERATURE IN F: :PCPN: SNOW: WIND :SUNSHINE: SKY :PK WND
================================================================================
1 2 3 4 5 6A 6B 7 8 9 10 11 12 13 14 15 16 17 18
12Z AVG MX 2MIN
DY MAX MIN AVG DEP HDD CDD WTR SNW DPTH SPD SPD DIR MIN PSBL S-S WX SPD DR
================================================================================
1 32 14 23 -7 42 0 0.00 M M 7.8 18 350 M M 2 8 26 320
2 40 12 26 -4 39 0 0.00 M M 11.4 25 220 M M 0 34 220
3 51 28 40 9 25 0 0.00 M M 6.6 15 30 M M 0 26 240
4 35 22 29 -2 36 0 0.00 M M 11.5 22 10 M M 6 30 350
5 42 20 31 0 34 0 0.00 M M 5.0 14 20 M M 0 18 10
6 40 21 31 -1 34 0 0.00 M M 4.1 12 110 M M 0 14 110
7 44 21 33 1 32 0 0.00 M M 7.7 16 160 M M 1 1 22 170
8 57 34 46 14 19 0 0.00 M M 10.3 18 260 M M 0 26 240
9 54 34 44 11 21 0 0.00 M M 8.2 17 170 M M 0 18 27 160
10 65 44 55 22 10 0 0.00 M M 14.4 30 220 M M 7 44 210
11 65 42 54 20 11 0 T M M 15.1 30 220 M M 1 46 220
12 50 27 39 5 26 0 0.00 M M 7.3 20 340 M M 0 28 340
13 59 24 42 8 23 0 0.00 M M 6.3 15 290 M M 0 22 260
14 46 33 40 6 25 0 0.00 M M 17.1 30 30 M M 0 39 20
15 36 31 34 -1 31 0 T M M 17.3 30 120 M M 5 16 43 120
16 36 32 34 -1 31 0 0.00 M M 6.2 14 110 M M 10 1 18 110
17 38 34 36 0 29 0 0.15 M M 12.8 26 20 M M 10 1 37 40
18 43 35 39 3 26 0 0.10 M M 24.0 37 10 M M 3 18 50 10
19 43 24 34 -2 31 0 0.00 M 0 7.6 18 40 M M 0 24 30
20 47 25 36 0 29 0 0.00 M M 8.0 17 170 M M 0 26 180
21 57 34 46 9 19 0 0.00 M M 9.5 21 170 M M 0 27 180
22 68 41 55 18 10 0 0.00 M M 8.1 20 210 M M 3 27 210
23 56 45 51 14 14 0 0.33 M M 9.2 21 150 M M 8 1 37 150
24 57 43 50 12 15 0 0.03 M M 13.8 24 230 M M 9 18 39 250
25 46 36 41 3 24 0 0.04 M M 12.3 30 20 M M 10 45 30
26 38 32 35 -3 30 0 0.03 M M 8.4 28 360 M M 10 40 360
27 48 37 43 4 22 0 0.01 M M 7.3 20 120 M M 8 18 28 120
28 47 26 37 -2 28 0 0.00 M M 13.0 24 300 M M 8 1 39 290
29 55 26 41 2 24 0 M M M 13.3 23 170 M M 1 37 180
30 67 42 55 15 10 0 0.00 M M 17.1 28 210 M M 3 43 230
31 42 30 36 -4 29 0 0.00 M M 11.1 20 10 M M 5 29 30
================================================================================
SM 1504 949 779 0 0.69 M 331.8 M 110
================================================================================
AV 48.5 30.6 10.7 FASTST M M 4 MAX(MPH)
MISC ----> 37 10 50 10
================================================================================
NOTES:
# LAST OF SEVERAL OCCURRENCES
COLUMN 17 PEAK WIND IN M.P.H.
PRELIMINARY LOCAL CLIMATOLOGICAL DATA (WS FORM: F-6) , PAGE 2
STATION: RACINE WI
MONTH: MARCH
YEAR: 2021
LATITUDE: 42 45 N
LONGITUDE: 87 49 W
[TEMPERATURE DATA] [PRECIPITATION DATA] SYMBOLS USED IN COLUMN 16
AVERAGE MONTHLY: 39.6 TOTAL FOR MONTH: 0.69 1 = FOG OR MIST
DPTR FM NORMAL: 4.6 DPTR FM NORMAL: -1.36 2 = FOG REDUCING VISIBILITY
HIGHEST: 68 ON 22 GRTST 24HR 0.36 ON 23-24 TO 1/4 MILE OR LESS
LOWEST: 12 ON 2 3 = THUNDER
SNOW, ICE PELLETS, HAIL 4 = ICE PELLETS
TOTAL MONTH: M 5 = HAIL
GRTST 24HR M ON M 6 = FREEZING RAIN OR DRIZZLE
GRTST DEPTH: 0 7 = DUSTSTORM OR SANDSTORM:
VSBY 1/2 MILE OR LESS
8 = SMOKE OR HAZE
[NO. OF DAYS WITH] [WEATHER - DAYS WITH] 9 = BLOWING SNOW
X = TORNADO
MAX 32 OR BELOW: 1 0.01 INCH OR MORE: 7
MAX 90 OR ABOVE: 0 0.10 INCH OR MORE: 3
MIN 32 OR BELOW: 17 0.50 INCH OR MORE: 0
MIN 0 OR BELOW: 0 1.00 INCH OR MORE: 0
[HDD (BASE 65) ]
TOTAL THIS MO. 779 CLEAR (SCALE 0-3) 17
DPTR FM NORMAL -150 PTCLDY (SCALE 4-7) 8
TOTAL FM JUL 1 5486 CLOUDY (SCALE 8-10) 6
DPTR FM NORMAL -390
[CDD (BASE 65) ]
TOTAL THIS MO. 0
DPTR FM NORMAL 0 [PRESSURE DATA]
TOTAL FM JAN 1 0 HIGHEST SLP M ON M
DPTR FM NORMAL 0 LOWEST SLP 29.60 ON 24
[REMARKS]
#FINAL-03-21#