000
CXUS56 KMFR 011030
CF6RBG
PRELIMINARY LOCAL CLIMATOLOGICAL DATA (WS FORM: F-6)
STATION: ROSEBURG OR
MONTH: JANUARY
YEAR: 2022
LATITUDE: 43 13 N
LONGITUDE: 123 22 W
TEMPERATURE IN F: :PCPN: SNOW: WIND :SUNSHINE: SKY :PK WND
================================================================================
1 2 3 4 5 6A 6B 7 8 9 10 11 12 13 14 15 16 17 18
12Z AVG MX 2MIN
DY MAX MIN AVG DEP HDD CDD WTR SNW DPTH SPD SPD DIR MIN PSBL S-S WX SPD DR
================================================================================
1 44 31 38 -4 27 0 0.00 M M 1.1 8 160 M M 5 12 10 170
2 52 30 41 -2 24 0 T M M 6.2 21 150 M M 4 30 150
3 53 41 47 4 18 0 1.71 M M 7.0 23 170 M M 10 1 37 170
4 49 40 45 2 20 0 0.56 M M 1.1 10 350 M M 10 1 13 360
5 56 46 51 8 14 0 0.07 M M 1.0 8 160 M M 10 1 10 150
6 57 49 53 10 12 0 0.08 M M 4.0 14 230 M M 9 1 20 230
7 53 36 45 2 20 0 0.10 M M 4.5 13 180 M M 9 22 170
8 51 33 42 -1 23 0 T M M 0.3 5 10 M M 5 12 7 360
9 53 32 43 0 22 0 0.00 M M 0.7 6 220 M M 4 12 7 220
10 59 35 47 4 18 0 T M M 0.6 7 250 M M 4 1 9 60
11 56 43 50 7 15 0 T M M 0.3 6 110 M M 2 18 8 180
12 52 37 45 2 20 0 0.00 M M 0.3 6 230 M M 1 12 8 240
13 56 38 47 3 18 0 0.08 M M 2.4 14 230 M M 9 1 20 230
14 54 41 48 4 17 0 0.00 M M 3.0 8 360 M M 6 12 14 20
15 50 37 44 0 21 0 0.00 M M 1.4 6 240 M M 7 12 8 220
16 42 38 40 -4 25 0 0.00 M M 0.6 6 240 M M 10 12 7 240
17 49 37 43 -1 22 0 0.00 M M 1.9 7 40 M M 6 12 9 230
18 50 37 44 0 21 0 T M M 1.0 6 180 M M 10 12 8 160
19 59 46 53 9 12 0 0.01 M M 0.6 7 10 M M 10 1 9 20
20 60 41 51 7 14 0 T M M 2.3 10 300 M M 6 16 300
21 47 40 44 0 21 0 0.00 M M 5.4 17 10 M M 9 20 10
22 51 33 42 -2 23 0 0.00 M M 0.7 6 10 M M 5 8 20
23 50 33 42 -2 23 0 0.00 M M 0.6 6 220 M M 6 128 7 240
24 50 33 42 -2 23 0 0.00 M M 1.1 8 150 M M 5 12 10 160
25 38 33 36 -8 29 0 0.00 M M 1.5 6 120 M M 10 12 8 130
26 46 30 38 -6 27 0 0.00 M M 1.4 7 220 M M 6 1 8 220
27 41 29 35 -9 30 0 0.00 M M 1.6 8 220 M M 6 128 12 230
28 47 30 39 -5 26 0 0.00 M M 1.4 7 210 M M 6 128 10 240
29 57 29 43 -1 22 0 0.00 M M 0.8 8 360 M M 5 12 11 10
30 57 29 43 -1 22 0 0.07 M M 2.3 16 310 M M 6 12 24 320
31 48 37 43 -1 22 0 T M M 2.1 10 10 M M 8 13 360
================================================================================
SM 1587 1124 651 0 2.68 M 59.2 M 209
================================================================================
AV 51.2 36.3 1.9 FASTST M M 7 MAX(MPH)
MISC ----> 23 170 37 170
================================================================================
NOTES:
# LAST OF SEVERAL OCCURRENCES
COLUMN 17 PEAK WIND IN M.P.H.
PRELIMINARY LOCAL CLIMATOLOGICAL DATA (WS FORM: F-6) , PAGE 2
STATION: ROSEBURG OR
MONTH: JANUARY
YEAR: 2022
LATITUDE: 43 13 N
LONGITUDE: 123 22 W
[TEMPERATURE DATA] [PRECIPITATION DATA] SYMBOLS USED IN COLUMN 16
AVERAGE MONTHLY: 43.7 TOTAL FOR MONTH: 2.68 1 = FOG OR MIST
DPTR FM NORMAL: 0.1 DPTR FM NORMAL: -2.14 2 = FOG REDUCING VISIBILITY
HIGHEST: 60 ON 20 GRTST 24HR 1.71 ON 3- 3 TO 1/4 MILE OR LESS
LOWEST: 29 ON 30,29 3 = THUNDER
SNOW, ICE PELLETS, HAIL 4 = ICE PELLETS
TOTAL MONTH: M 5 = HAIL
GRTST 24HR M ON M 6 = FREEZING RAIN OR DRIZZLE
GRTST DEPTH: M ON M 7 = DUSTSTORM OR SANDSTORM:
VSBY 1/2 MILE OR LESS
8 = SMOKE OR HAZE
[NO. OF DAYS WITH] [WEATHER - DAYS WITH] 9 = BLOWING SNOW
X = TORNADO
MAX 32 OR BELOW: 0 0.01 INCH OR MORE: 8
MAX 90 OR ABOVE: 0 0.10 INCH OR MORE: 3
MIN 32 OR BELOW: 8 0.50 INCH OR MORE: 2
MIN 0 OR BELOW: 0 1.00 INCH OR MORE: 1
[HDD (BASE 65) ]
TOTAL THIS MO. 651 CLEAR (SCALE 0-3) 2
DPTR FM NORMAL -12 PTCLDY (SCALE 4-7) 17
TOTAL FM JUL 1 2106 CLOUDY (SCALE 8-10) 12
DPTR FM NORMAL -134
[CDD (BASE 65) ]
TOTAL THIS MO. 0
DPTR FM NORMAL 0 [PRESSURE DATA]
TOTAL FM JAN 1 0 HIGHEST SLP 30.59 ON 21
DPTR FM NORMAL 0 LOWEST SLP 29.56 ON 7
[REMARKS]
#FINAL-01-22#