000
CXUS56 KPDT 011810
CF6RDM
PRELIMINARY LOCAL CLIMATOLOGICAL DATA (WS FORM: F-6)
STATION: REDMOND OR
MONTH: OCTOBER
YEAR: 2022
LATITUDE: 44 16 N
LONGITUDE: 121 9 W
TEMPERATURE IN F: :PCPN: SNOW: WIND :SUNSHINE: SKY :PK WND
================================================================================
1 2 3 4 5 6A 6B 7 8 9 10 11 12 13 14 15 16 17 18
12Z AVG MX 2MIN
DY MAX MIN AVG DEP HDD CDD WTR SNW DPTH SPD SPD DIR MIN PSBL S-S WX SPD DR
================================================================================
1 75 38 57 3 8 0 0.00 M M 5.2 15 350 M M 0 20 350
2 80 36 58 4 7 0 0.00 M M 5.1 12 330 M M 0 16 320
3 85 37 61 7 4 0 0.00 M M 4.4 12 310 M M 0 16 20
4 88 38 63 10 2 0 0.00 M M 5.5 14 340 M M 0 17 340
5 88 38 63 10 2 0 0.00 M M 5.3 15 350 M M 0 18 330
6 83 38 61 9 4 0 0.00 M M 4.9 14 330 M M 0 8 17 350
7 81 38 60 8 5 0 0.00 M M 5.8 15 330 M M 0 19 330
8 79 35 57 5 8 0 0.00 M M 5.3 15 320 M M 0 8 21 320
9 78 32 55 4 10 0 0.00 M M 4.5 15 330 M M 0 18 320
10 83 33 58 7 7 0 0.00 M M 6.9 18 290 M M 0 24 290
11 76 39 58 8 7 0 0.00 M M 4.1 13 330 M M 0 8 17 340
12 82 32 57 7 8 0 0.00 M M 5.7 16 330 M M 0 18 330
13 78 32 55 5 10 0 0.00 M M 4.6 14 330 M M 0 8 18 320
14 80 33 57 8 8 0 0.00 M M 4.7 13 330 M M 0 15 320
15 75 31 53 4 12 0 0.00 M M 6.0 15 330 M M 0 20 340
16 78 33 56 8 9 0 0.00 M M 5.2 17 320 M M 0 20 310
17 78 36 57 9 8 0 0.00 M M 5.4 14 320 M M 0 19 330
18 79 28 54 6 11 0 0.00 M M 5.0 14 310 M M 0 17 330
19 79 29 54 7 11 0 0.00 M M 5.2 13 330 M M 0 16 330
20 79 32 56 9 9 0 0.00 M M 4.1 13 340 M M 0 15 330
21 64 41 53 6 12 0 0.02 M M 8.0 28 290 M M 5 8 35 290
22 50 39 45 -1 20 0 0.10 M M 12.6 26 300 M M 6 32 290
23 53 29 41 -5 24 0 T M M 5.4 14 300 M M 4 19 290
24 58 38 48 2 17 0 T M M 12.3 31 310 M M 8 37 310
25 55 28 42 -3 23 0 0.01 M M 6.8 22 250 M M 1 29 290
26 51 31 41 -4 24 0 T M M 8.7 23 290 M M 4 27 280
27 63 23 43 -2 22 0 0.00 M M 6.5 14 160 M M 0 18 150
28 63 37 50 6 15 0 0.00 M M 4.5 15 140 M M 3 20 150
29 66 35 51 7 14 0 0.00 M M 4.8 10 350 M M 3 14 220
30 63 28 46 2 19 0 0.00 M M 2.3 7 220 M M 3 9 100
31 62 42 52 8 13 0 T M M 7.0 17 200 M M 5 22 210
================================================================================
SM 2252 1059 353 0 0.13 M 181.8 M 42
================================================================================
AV 72.6 34.2 5.9 FASTST M M 1 MAX(MPH)
MISC ----> 31 310 37 310
================================================================================
NOTES:
# LAST OF SEVERAL OCCURRENCES
COLUMN 17 PEAK WIND IN M.P.H.
PRELIMINARY LOCAL CLIMATOLOGICAL DATA (WS FORM: F-6) , PAGE 2
STATION: REDMOND OR
MONTH: OCTOBER
YEAR: 2022
LATITUDE: 44 16 N
LONGITUDE: 121 9 W
[TEMPERATURE DATA] [PRECIPITATION DATA] SYMBOLS USED IN COLUMN 16
AVERAGE MONTHLY: 53.4 TOTAL FOR MONTH: 0.13 1 = FOG OR MIST
DPTR FM NORMAL: 4.8 DPTR FM NORMAL: -0.55 2 = FOG REDUCING VISIBILITY
HIGHEST: 88 ON 5, 4 GRTST 24HR 0.11 ON 21-22 TO 1/4 MILE OR LESS
LOWEST: 23 ON 27 3 = THUNDER
SNOW, ICE PELLETS, HAIL 4 = ICE PELLETS
TOTAL MONTH: M 5 = HAIL
GRTST 24HR M ON M 6 = FREEZING RAIN OR DRIZZLE
GRTST DEPTH: M ON M 7 = DUSTSTORM OR SANDSTORM:
VSBY 1/2 MILE OR LESS
8 = SMOKE OR HAZE
[NO. OF DAYS WITH] [WEATHER - DAYS WITH] 9 = BLOWING SNOW
X = TORNADO
MAX 32 OR BELOW: 0 0.01 INCH OR MORE: 3
MAX 90 OR ABOVE: 0 0.10 INCH OR MORE: 1
MIN 32 OR BELOW: 12 0.50 INCH OR MORE: 0
MIN 0 OR BELOW: 0 1.00 INCH OR MORE: 0
[HDD (BASE 65) ]
TOTAL THIS MO. 353 CLEAR (SCALE 0-3) 24
DPTR FM NORMAL -156 PTCLDY (SCALE 4-7) 7
TOTAL FM JUL 1 490 CLOUDY (SCALE 8-10) 0
DPTR FM NORMAL -309
[CDD (BASE 65) ]
TOTAL THIS MO. 0
DPTR FM NORMAL -1 [PRESSURE DATA]
TOTAL FM JAN 1 569 HIGHEST SLP 30.38 ON 19
DPTR FM NORMAL 252 LOWEST SLP 29.51 ON 21
[REMARKS]
#FINAL-10-22#