000
CXUS52 KRAH 010945
CF6RDU
PRELIMINARY LOCAL CLIMATOLOGICAL DATA (WS FORM: F-6)
STATION: RALEIGH NC
MONTH: DECEMBER
YEAR: 2022
LATITUDE: 35 52 N
LONGITUDE: 78 47 W
TEMPERATURE IN F: :PCPN: SNOW: WIND :SUNSHINE: SKY :PK WND
================================================================================
1 2 3 4 5 6A 6B 7 8 9 10 11 12 13 14 15 16 17 18
12Z AVG MX 2MIN
DY MAX MIN AVG DEP HDD CDD WTR SNW DPTH SPD SPD DIR MIN PSBL S-S WX SPD DR
================================================================================
1 52 30 41 -6 24 0 0.00 0.0 0 3.7 13 350 M M 3 19 330
2 61 25 43 -4 22 0 0.00 0.0 0 2.6 12 220 M M 4 14 230
3 63 49 56 9 9 0 0.24 0.0 0 6.7 18 220 M M 9 1 24 230
4 55 37 46 -1 19 0 0.00 0.0 0 1.3 10 30 M M 7 1 13 20
5 56 30 43 -4 22 0 0.00 0.0 0 2.1 9 140 M M 7 11 120
6 60 48 54 8 11 0 0.02 0.0 0 1.0 7 200 M M 10 1 11 140
7 65 57 61 15 4 0 0.28 0.0 0 5.3 14 230 M M 10 12 17 230
8 63 55 59 13 6 0 T 0.0 0 5.8 13 60 M M 10 1 19 50
9 55 44 50 4 15 0 0.04 0.0 0 6.2 16 90 M M 9 1 21 80
10 50 44 47 1 18 0 0.00 0.0 0 5.1 10 40 M M 10 14 50
11 55 44 50 5 15 0 0.00 0.0 0 2.2 8 30 M M 9 10 40
12 51 34 43 -2 22 0 0.00 0.0 0 4.0 14 80 M M 4 19 90
13 50 30 40 -5 25 0 0.00 0.0 0 3.2 14 90 M M 5 17 90
14 45 28 37 -8 28 0 0.35 0.0 0 2.3 10 80 M M 10 1 16 140
15 46 39 43 -2 22 0 1.14 0.0 0 7.1 15 90 M M 10 1 21 80
16 55 34 45 1 20 0 0.00 0.0 0 6.7 16 230 M M 4 12 22 230
17 51 32 42 -2 23 0 0.00 0.0 0 5.0 12 230 M M 5 13 220
18 50 27 39 -5 26 0 0.00 0.0 0 3.9 14 290 M M 1 22 270
19 50 25 38 -6 27 0 0.00 0.0 0 2.0 10 270 M M 5 16 270
20 40 28 34 -10 31 0 0.00 0.0 0 2.3 10 70 M M 9 14 60
21 46 27 37 -7 28 0 0.02 0.0 0 5.2 13 50 M M 8 16 50
22 52 41 47 4 18 0 1.19 0.0 0 8.1 20 230 M M 10 1 24 220
23 50 17 34 -9 31 0 0.01 T 0 17.2 33 230 M M 5 14 53 230
24 29 10 20 -23 45 0 0.00 0.0 0 11.3 18 230 M M 1 29 290
25 40 18 29 -14 36 0 0.00 0.0 0 5.5 15 240 M M 0 22 270
26 41 15 28 -15 37 0 0.00 0.0 0 0.6 9 30 M M 4 13 10
27 51 25 38 -5 27 0 0.00 0.0 0 1.4 8 40 M M 4 11 30
28 57 24 41 -2 24 0 0.00 0.0 0 2.6 12 220 M M 1 15 230
29 66 29 48 6 17 0 0.00 0.0 0 2.7 12 220 M M 1 15 230
30 72 35 54 12 11 0 0.00 0.0 0 3.0 13 160 M M 6 17 150
31 67 54 61 19 4 0 0.35 0.0 0 4.9 13 240 M M 10 12 17 200
================================================================================
SM 1644 1035 667 0 3.64 T 141.0 M 191
================================================================================
AV 53.0 33.4 4.5 FASTST M M 6 MAX(MPH)
MISC ----> 33 230 53 230
================================================================================
NOTES:
# LAST OF SEVERAL OCCURRENCES
COLUMN 17 PEAK WIND IN M.P.H.
PRELIMINARY LOCAL CLIMATOLOGICAL DATA (WS FORM: F-6) , PAGE 2
STATION: RALEIGH NC
MONTH: DECEMBER
YEAR: 2022
LATITUDE: 35 52 N
LONGITUDE: 78 47 W
[TEMPERATURE DATA] [PRECIPITATION DATA] SYMBOLS USED IN COLUMN 16
AVERAGE MONTHLY: 43.2 TOTAL FOR MONTH: 3.64 1 = FOG OR MIST
DPTR FM NORMAL: -1.4 DPTR FM NORMAL: 0.25 2 = FOG REDUCING VISIBILITY
HIGHEST: 72 ON 30 GRTST 24HR 1.49 ON 14-15 TO 1/4 MILE OR LESS
LOWEST: 10 ON 24 3 = THUNDER
SNOW, ICE PELLETS, HAIL 4 = ICE PELLETS
TOTAL MONTH: T 5 = HAIL
GRTST 24HR T ON 23-23 6 = FREEZING RAIN OR DRIZZLE
GRTST DEPTH: 0 7 = DUSTSTORM OR SANDSTORM:
VSBY 1/2 MILE OR LESS
8 = SMOKE OR HAZE
[NO. OF DAYS WITH] [WEATHER - DAYS WITH] 9 = BLOWING SNOW
X = TORNADO
MAX 32 OR BELOW: 1 0.01 INCH OR MORE: 10
MAX 90 OR ABOVE: 0 0.10 INCH OR MORE: 6
MIN 32 OR BELOW: 17 0.50 INCH OR MORE: 2
MIN 0 OR BELOW: 0 1.00 INCH OR MORE: 2
[HDD (BASE 65) ]
TOTAL THIS MO. 667 CLEAR (SCALE 0-3) 6
DPTR FM NORMAL 31 PTCLDY (SCALE 4-7) 13
TOTAL FM JUL 1 1152 CLOUDY (SCALE 8-10) 12
DPTR FM NORMAL -72
[CDD (BASE 65) ]
TOTAL THIS MO. 0
DPTR FM NORMAL -2 [PRESSURE DATA]
TOTAL FM JAN 1 2135 HIGHEST SLP 30.58 ON 2
DPTR FM NORMAL 331 LOWEST SLP 29.44 ON 23
[REMARKS]
#FINAL-12-22#