000
CXUS53 KLOT 010700
CF6RFD
PRELIMINARY LOCAL CLIMATOLOGICAL DATA (WS FORM: F-6)
STATION: ROCKFORD IL
MONTH: MARCH
YEAR: 2020
LATITUDE: 42 12 N
LONGITUDE: 89 6 W
TEMPERATURE IN F: :PCPN: SNOW: WIND :SUNSHINE: SKY :PK WND
================================================================================
1 2 3 4 5 6A 6B 7 8 9 10 11 12 13 14 15 16 17 18
12Z AVG MX 2MIN
DY MAX MIN AVG DEP HDD CDD WTR SNW DPTH SPD SPD DIR MIN PSBL S-S WX SPD DR
================================================================================
1 61 30 46 15 19 0 0.00 0.0 0 11.5 22 200 M M 8 28 190
2 41 28 35 4 30 0 0.00 0.0 0 7.8 16 290 M M 5 8 21 290
3 48 29 39 7 26 0 0.01 T 0 10.3 26 270 M M 6 14 35 250
4 46 29 38 6 27 0 0.07 0.2 T 6.4 17 310 M M 3 1 22 310
5 53 30 42 9 23 0 T T 0 16.7 29 320 M M 8 42 310
6 42 25 34 1 31 0 T T 0 13.9 29 330 M M 4 45 330
7 53 22 38 4 27 0 0.00 0.0 0 13.3 25 180 M M 2 32 170
8 65 35 50 16 15 0 0.00 0.0 0 15.2 28 190 M M 6 37 200
9 53 43 48 14 17 0 1.28 0.0 0 11.4 23 210 M M 10 1 35 220
10 50 35 43 8 22 0 T 0.0 0 8.7 17 340 M M 7 25 350
11 47 37 42 7 23 0 T 0.0 0 6.4 12 270 M M 9 1 16 280
12 54 34 44 8 21 0 0.06 0.0 0 13.2 26 290 M M 6 18 37 280
13 49 30 40 4 25 0 0.00 0.0 0 15.0 24 280 M M 4 38 270
14 38 30 34 -2 31 0 0.08 0.7 0 8.8 17 10 M M 10 1 20 360
15 44 27 36 -1 29 0 0.00 0.0 1 6.6 15 70 M M 7 21 80
16 40 29 35 -2 30 0 T T 0 5.7 12 270 M M 9 18 15 250
17 47 31 39 1 26 0 0.00 0.0 0 8.4 21 290 M M 6 30 300
18 44 37 41 3 24 0 0.12 0.0 0 7.7 13 60 M M 10 1 17 130
19 59 40 50 12 15 0 0.86 0.0 0 9.9 18 310 M M 10 123 26 150
20 45 29 37 -2 28 0 0.16 T 0 13.7 24 330 M M 9 1 35 320
21 40 23 32 -7 33 0 T T 0 7.5 14 110 M M 4 20 50
22 37 25 31 -9 34 0 0.12 1.4 0 8.0 17 120 M M 10 1 24 130
23 40 25 33 -7 32 0 T T 1 4.4 10 200 M M 10 126 13 190
24 51 34 43 3 22 0 0.00 0.0 0 5.6 15 140 M M 8 128 20 140
25 58 31 45 4 20 0 0.00 0.0 0 8.3 21 180 M M 8 128 26 180
26 52 38 45 4 20 0 0.11 0.0 0 8.4 15 40 M M 10 1 18 40
27 56 37 47 5 18 0 0.14 0.0 0 10.2 17 100 M M 10 13 25 80
28 66 45 56 14 9 0 2.00 0.0 0 11.2 22 220 M M 9 13 34 230
29 58 41 50 8 15 0 T 0.0 0 19.4 32 260 M M 9 1 50 260
30 58 36 47 4 18 0 0.00 0.0 0 11.5 22 30 M M 5 29 30
31 42 36 39 -4 26 0 0.00 0.0 0 9.9 17 20 M M 10 20 40
================================================================================
SM 1537 1001 736 0 5.01 2.3 315.0 M 232
================================================================================
AV 49.6 32.3 10.2 FASTST M M 7 MAX(MPH)
MISC ----> # 32 260 # 50 260
================================================================================
NOTES:
# LAST OF SEVERAL OCCURRENCES
COLUMN 17 PEAK WIND IN M.P.H.
PRELIMINARY LOCAL CLIMATOLOGICAL DATA (WS FORM: F-6) , PAGE 2
STATION: ROCKFORD IL
MONTH: MARCH
YEAR: 2020
LATITUDE: 42 12 N
LONGITUDE: 89 6 W
[TEMPERATURE DATA] [PRECIPITATION DATA] SYMBOLS USED IN COLUMN 16
AVERAGE MONTHLY: 40.9 TOTAL FOR MONTH: 5.01 1 = FOG OR MIST
DPTR FM NORMAL: 3.7 DPTR FM NORMAL: 2.69 2 = FOG REDUCING VISIBILITY
HIGHEST: 66 ON 28 GRTST 24HR 2.00 ON 28-28 TO 1/4 MILE OR LESS
LOWEST: 22 ON 7 3 = THUNDER
SNOW, ICE PELLETS, HAIL 4 = ICE PELLETS
TOTAL MONTH: 2.3 INCHES 5 = HAIL
GRTST 24HR 1.4 ON 22-22 6 = FREEZING RAIN OR DRIZZLE
GRTST DEPTH: 1 ON 23,15 7 = DUSTSTORM OR SANDSTORM:
VSBY 1/2 MILE OR LESS
8 = SMOKE OR HAZE
[NO. OF DAYS WITH] [WEATHER - DAYS WITH] 9 = BLOWING SNOW
X = TORNADO
MAX 32 OR BELOW: 0 0.01 INCH OR MORE: 12
MAX 90 OR ABOVE: 0 0.10 INCH OR MORE: 8
MIN 32 OR BELOW: 17 0.50 INCH OR MORE: 3
MIN 0 OR BELOW: 0 1.00 INCH OR MORE: 2
[HDD (BASE 65) ]
TOTAL THIS MO. 736 CLEAR (SCALE 0-3) 2
DPTR FM NORMAL -126 PTCLDY (SCALE 4-7) 14
TOTAL FM JUL 1 5407 CLOUDY (SCALE 8-10) 15
DPTR FM NORMAL -457
[CDD (BASE 65) ]
TOTAL THIS MO. 0
DPTR FM NORMAL 0 [PRESSURE DATA]
TOTAL FM JAN 1 0 HIGHEST SLP M ON M
DPTR FM NORMAL 0 LOWEST SLP 29.39 ON M
[REMARKS]
#FINAL-03-20#