000
CXUS51 KAKQ 010810
CF6RIC
PRELIMINARY LOCAL CLIMATOLOGICAL DATA (WS FORM: F-6)
STATION: RICHMOND VA
MONTH: JANUARY
YEAR: 2022
LATITUDE: 37 30 N
LONGITUDE: 77 20 W
TEMPERATURE IN F: :PCPN: SNOW: WIND :SUNSHINE: SKY :PK WND
================================================================================
1 2 3 4 5 6A 6B 7 8 9 10 11 12 13 14 15 16 17 18
12Z AVG MX 2MIN
DY MAX MIN AVG DEP HDD CDD WTR SNW DPTH SPD SPD DIR MIN PSBL S-S WX SPD DR
================================================================================
1 73 57 65 26 0 0 0.12 0.0 0 10.4 25 210 M M 9 1 36 200
2 72 52 62 23 3 0 0.60 0.0 0 10.4 22 20 M M 10 1 32 20
3 52 25 39 0 26 0 1.64 2.0 0 16.4 30 20 M M 7 1245 42 40
4 37 19 28 -11 37 0 0.00 0.0 2 2.2 8 50 M M 1 1 11 50
5 49 28 39 0 26 0 T 0.0 1 6.9 15 220 M M 8 16 19 210
6 56 34 45 7 20 0 0.00 0.0 0 4.6 16 110 M M 7 20 100
7 42 24 33 -5 32 0 T T 0 11.5 24 330 M M 5 1 31 330
8 37 20 29 -9 36 0 0.00 0.0 0 5.8 13 360 M M 1 16 30
9 63 28 46 8 19 0 0.25 0.0 0 10.0 25 210 M M 8 1 34 210
10 52 31 42 4 23 0 0.00 0.0 0 10.8 23 280 M M 4 29 360
11 35 22 29 -9 36 0 0.00 0.0 0 5.9 17 360 M M 2 21 360
12 50 22 36 -2 29 0 0.00 0.0 0 11.1 20 220 M M 5 25 220
13 50 27 39 1 26 0 0.00 0.0 0 2.8 8 30 M M 7 14 100
14 51 36 44 6 21 0 0.00 0.0 0 13.5 28 350 M M 5 34 340
15 39 23 31 -7 34 0 0.00 0.0 0 10.4 24 360 M M 6 30 10
16 41 21 31 -7 34 0 1.28 1.0 0 12.0 29 220 M M 9 16 38 220
17 42 33 38 0 27 0 T T 0 18.5 28 250 M M 8 4 39 220
18 45 27 36 -2 29 0 0.00 0.0 0 8.3 20 310 M M 1 24 320
19 58 25 42 4 23 0 0.00 0.0 0 10.8 24 240 M M 6 32 210
20 49 29 39 1 26 0 0.46 0.3 0 9.0 21 360 M M 9 1 25 360
21 29 22 26 -12 39 0 0.01 0.1 T 12.2 18 20 M M 10 1 24 20
22 37 20 29 -9 36 0 0.02 0.2 T 6.8 15 340 M M 6 1 21 10
23 45 20 33 -5 32 0 0.00 0.0 0 4.6 15 230 M M 5 18 220
24 48 23 36 -2 29 0 0.00 0.0 0 6.4 15 190 M M 4 19 190
25 53 31 42 4 23 0 0.00 0.0 0 7.5 17 30 M M 7 23 30
26 38 23 31 -7 34 0 0.00 0.0 0 9.1 18 20 M M 5 26 30
27 39 17 28 -10 37 0 0.00 0.0 0 2.8 10 120 M M 1 13 120
28 45 27 36 -2 29 0 0.09 0.6 0 5.5 15 20 M M 10 1 19 20
29 32 22 27 -11 38 0 0.01 0.1 1 16.3 28 330 M M 5 19 35 340
30 37 12 25 -13 40 0 0.00 0.0 T 5.1 13 190 M M 5 17 170
31 48 22 35 -4 30 0 0.00 0.0 0 5.2 14 50 M M 3 16 50
================================================================================
SM 1444 822 874 0 4.48 4.3 272.8 M 179
================================================================================
AV 46.6 26.5 8.8 FASTST M M 6 MAX(MPH)
MISC ----> 30 20 42 40
================================================================================
NOTES:
# LAST OF SEVERAL OCCURRENCES
COLUMN 17 PEAK WIND IN M.P.H.
PRELIMINARY LOCAL CLIMATOLOGICAL DATA (WS FORM: F-6) , PAGE 2
STATION: RICHMOND VA
MONTH: JANUARY
YEAR: 2022
LATITUDE: 37 30 N
LONGITUDE: 77 20 W
[TEMPERATURE DATA] [PRECIPITATION DATA] SYMBOLS USED IN COLUMN 16
AVERAGE MONTHLY: 36.5 TOTAL FOR MONTH: 4.48 1 = FOG OR MIST
DPTR FM NORMAL: -1.8 DPTR FM NORMAL: 1.25 2 = FOG REDUCING VISIBILITY
HIGHEST: 73 ON 1 GRTST 24HR 1.64 ON 3- 3 TO 1/4 MILE OR LESS
LOWEST: 12 ON 30 3 = THUNDER
SNOW, ICE PELLETS, HAIL 4 = ICE PELLETS
TOTAL MONTH: 4.3 INCHES 5 = HAIL
GRTST 24HR 2.0 ON 3- 3 6 = FREEZING RAIN OR DRIZZLE
GRTST DEPTH: 2 ON 4 7 = DUSTSTORM OR SANDSTORM:
VSBY 1/2 MILE OR LESS
8 = SMOKE OR HAZE
[NO. OF DAYS WITH] [WEATHER - DAYS WITH] 9 = BLOWING SNOW
X = TORNADO
MAX 32 OR BELOW: 2 0.01 INCH OR MORE: 10
MAX 90 OR ABOVE: 0 0.10 INCH OR MORE: 6
MIN 32 OR BELOW: 26 0.50 INCH OR MORE: 3
MIN 0 OR BELOW: 0 1.00 INCH OR MORE: 2
[HDD (BASE 65) ]
TOTAL THIS MO. 874 CLEAR (SCALE 0-3) 5
DPTR FM NORMAL 46 PTCLDY (SCALE 4-7) 20
TOTAL FM JUL 1 1932 CLOUDY (SCALE 8-10) 6
DPTR FM NORMAL -301
[CDD (BASE 65) ]
TOTAL THIS MO. 0
DPTR FM NORMAL 0 [PRESSURE DATA]
TOTAL FM JAN 1 0 HIGHEST SLP 30.72 ON 8
DPTR FM NORMAL 0 LOWEST SLP 29.23 ON 17
[REMARKS]
#FINAL-01-22#