000
CXUS55 KGJT 010910
CF6RIL
PRELIMINARY LOCAL CLIMATOLOGICAL DATA (WS FORM: F-6)
STATION: RIFLE CO
MONTH: OCTOBER
YEAR: 2021
LATITUDE: 39 31 N
LONGITUDE: 107 43 W
TEMPERATURE IN F: :PCPN: SNOW: WIND :SUNSHINE: SKY :PK WND
================================================================================
1 2 3 4 5 6A 6B 7 8 9 10 11 12 13 14 15 16 17 18
12Z AVG MX 2MIN
DY MAX MIN AVG DEP HDD CDD WTR SNW DPTH SPD SPD DIR MIN PSBL S-S WX SPD DR
================================================================================
1 71 45 58 2 7 0 0.17 M M 3.9 20 80 M M 5 3 26 80
2 74 44 59 3 6 0 0.00 M M 2.8 8 210 M M 1 11 150
3 76 40 58 3 7 0 0.00 M M 2.4 12 270 M M 0 15 270
4 78 41 60 5 5 0 0.00 M M 4.1 16 250 M M 0 8 22 260
5 79 44 62 8 3 0 0.00 M M 5.3 22 260 M M 1 29 260
6 67 48 58 4 7 0 0.05 M M 3.5 18 160 M M 7 25 270
7 72 42 57 3 8 0 0.00 M M 5.1 20 270 M M 2 23 270
8 64 46 55 2 10 0 0.04 M M 3.7 21 210 M M 5 1 27 210
9 63 43 53 0 12 0 0.14 M M 9.6 26 310 M M 5 1 37 350
10 61 39 50 -2 15 0 0.00 M M 3.6 14 270 M M 6 20 270
11 62 31 47 -5 18 0 0.00 M M 4.2 17 270 M M 0 23 270
12 57 37 47 -4 18 0 0.04 M M 12.7 36 260 M M 8 1 51 280
13 46 34 40 -11 25 0 0.07 M M 3.6 14 300 M M 9 16 21 290
14 47 33 40 -10 25 0 0.18 M M 6.6 18 240 M M 9 1 23 270
15 51 27 39 -11 26 0 0.00 M M 2.3 9 140 M M 2 15 150
16 64 26 45 -5 20 0 0.00 M M 2.7 9 150 M M 0 11 140
17 70 30 50 1 15 0 0.00 M M 3.9 18 270 M M 0 24 270
18 72 34 53 4 12 0 T M M 8.3 32 210 M M 2 43 200
19 51 33 42 -6 23 0 0.22 M M 6.6 35 260 M M 7 1 47 260
20 58 28 43 -5 22 0 0.00 M M 3.6 17 260 M M 0 24 280
21 64 30 47 0 18 0 0.00 M M 3.2 13 270 M M 0 16 280
22 66 28 47 0 18 0 0.00 M M 2.1 9 120 M M 0 10 130
23 61 32 47 1 18 0 T M M 4.1 26 260 M M 4 34 270
24 63 40 52 6 13 0 0.06 M M 2.7 10 130 M M 3 1 13 290
25 75 37 56 10 9 0 0.00 M M 5.1 30 260 M M 0 40 280
26 67 36 52 7 13 0 0.09 M M 12.8 39 260 M M 7 1 53 260
27 49 30 40 -5 25 0 0.00 M M 2.7 13 280 M M 8 17 280
28 58 35 47 3 18 0 0.00 M M 2.3 9 140 M M 7 11 140
29 63 29 46 2 19 0 0.00 M M 2.4 10 290 M M 0 14 280
30 66 29 48 4 17 0 0.00 M M 2.5 14 270 M M 0 8 18 260
31 56 35 46 3 19 0 0.00 M M 1.7 7 290 M M 2 8 280
================================================================================
SM 1971 1106 471 0 1.06 M 140.1 M 100
================================================================================
AV 63.6 35.7 4.5 FASTST M M 3 MAX(MPH)
MISC ----> 39 260 53 260
================================================================================
NOTES:
# LAST OF SEVERAL OCCURRENCES
COLUMN 17 PEAK WIND IN M.P.H.
PRELIMINARY LOCAL CLIMATOLOGICAL DATA (WS FORM: F-6) , PAGE 2
STATION: RIFLE CO
MONTH: OCTOBER
YEAR: 2021
LATITUDE: 39 31 N
LONGITUDE: 107 43 W
[TEMPERATURE DATA] [PRECIPITATION DATA] SYMBOLS USED IN COLUMN 16
AVERAGE MONTHLY: 49.6 TOTAL FOR MONTH: 1.06 1 = FOG OR MIST
DPTR FM NORMAL: 0.1 DPTR FM NORMAL: -0.21 2 = FOG REDUCING VISIBILITY
HIGHEST: 79 ON 5 GRTST 24HR 0.22 ON 18-19 TO 1/4 MILE OR LESS
LOWEST: 26 ON 16 3 = THUNDER
SNOW, ICE PELLETS, HAIL 4 = ICE PELLETS
TOTAL MONTH: M 5 = HAIL
GRTST 24HR M ON M 6 = FREEZING RAIN OR DRIZZLE
GRTST DEPTH: M ON M 7 = DUSTSTORM OR SANDSTORM:
VSBY 1/2 MILE OR LESS
8 = SMOKE OR HAZE
[NO. OF DAYS WITH] [WEATHER - DAYS WITH] 9 = BLOWING SNOW
X = TORNADO
MAX 32 OR BELOW: 0 0.01 INCH OR MORE: 10
MAX 90 OR ABOVE: 0 0.10 INCH OR MORE: 4
MIN 32 OR BELOW: 11 0.50 INCH OR MORE: 0
MIN 0 OR BELOW: 0 1.00 INCH OR MORE: 0
[HDD (BASE 65) ]
TOTAL THIS MO. 471 CLEAR (SCALE 0-3) 17
DPTR FM NORMAL -8 PTCLDY (SCALE 4-7) 11
TOTAL FM JUL 1 541 CLOUDY (SCALE 8-10) 3
DPTR FM NORMAL -56
[CDD (BASE 65) ]
TOTAL THIS MO. 0
DPTR FM NORMAL 0 [PRESSURE DATA]
TOTAL FM JAN 1 925 HIGHEST SLP M ON M
DPTR FM NORMAL 294 LOWEST SLP 29.34 ON 26
[REMARKS]
#FINAL-10-21#