000
CXUS55 KRIW 251838
CF6RIW
PRELIMINARY LOCAL CLIMATOLOGICAL DATA (WS FORM: F-6)
STATION: RIVERTON WY
MONTH: DECEMBER
YEAR: 2023
LATITUDE: 43 2 N
LONGITUDE: 108 27 W
TEMPERATURE IN F: :PCPN: SNOW: WIND :SUNSHINE: SKY :PK WND
================================================================================
1 2 3 4 5 6A 6B 7 8 9 10 11 12 13 14 15 16 17 18
12Z AVG MX 2MIN
DY MAX MIN AVG DEP HDD CDD WTR SNW DPTH SPD SPD DIR MIN PSBL S-S WX SPD DR
================================================================================
1 15 0 8 -15 57 0 0.00 0.0 0 3.5 17 310 M M 3 128 21 300
2 33 14 24 1 41 0 0.00 0.0 6 9.2 21 290 M M 1 25 290
3 32 19 26 3 39 0 0.00 0.0 5 17.8 41 290 M M 1 53 300
4 45 24 35 13 30 0 0.00 0.0 4 10.3 30 300 M M 0 44 290
5 44 29 37 15 28 0 0.00 0.0 3 9.4 20 210 M M 0 26 210
6 44 27 36 14 29 0 0.00 0.0 2 5.6 12 330 M M 0 15 320
7 44 25 35 14 30 0 0.00 0.0 1 11.6 25 250 M M 1 33 250
8 35 18 27 6 38 0 T T 1 9.1 17 10 M M 4 1 22 10
9 33 18 26 6 39 0 T T 1 11.7 30 280 M M 4 1 38 280
10 39 17 28 8 37 0 0.00 0.0 1 10.7 33 250 M M 1 52 270
11 36 18 27 7 38 0 0.00 0.0 1 4.9 20 280 M M 2 23 280
12 32 19 26 6 39 0 0.00 0.0 0 3.0 8 320 M M 5 1 9 320
13 24 12 18 -2 47 0 0.00 0.0 T 2.7 8 320 M M 8 128 9 320
14 22 15 19 0 46 0 0.00 0.0 T 2.8 8 60 M M 10 128 10 40
15 28 12 20 1 45 0 0.00 0.0 T 2.4 8 250 M M 5 128 10 260
16 30 12 21 2 44 0 0.00 0.0 0 1.7 10 240 M M 0 1 11 240
17 47 16 32 13 33 0 0.00 0.0 T 4.1 16 270 M M 0 20 280
18 30 14 22 3 43 0 0.00 0.0 T 2.6 8 310 M M 0 9 300
19 43 18 31 13 34 0 0.00 0.0 T 3.6 10 240 M M 0 11 240
20 44 20 32 14 33 0 0.00 0.0 T 3.0 12 220 M M 1 14 220
21 42 20 31 13 34 0 0.00 0.0 T 3.3 9 230 M M 1 12 10
22 41 17 29 11 36 0 0.00 0.0 T 3.0 10 310 M M 0 14 310
23 38 21 30 12 35 0 0.01 0.6 T 10.1 30 360 M M 5 1 42 10
24 25 7 16 -2 49 0 T T 1 8.2 20 350 M M 5 27 350
25 19 0 10 -8 55 0 0.00 0.0 T 3.8 12 250 M M 0 13 250
26 26 2 14 -4 51 0 0.00 0.0 T 2.3 10 240 M M 0 11 310
27 28 5 17 -1 48 0 0.00 0.0 T 2.6 9 330 M M 0 11 320
28 24 4 14 -4 51 0 0.00 0.0 T 1.4 8 330 M M 1 9 310
29 26 7 17 -1 48 0 0.00 0.0 T 1.4 7 250 M M 0 8 250
30 30 8 19 1 46 0 0.00 0.0 T 1.9 9 320 M M 0 10 320
31 33 14 24 6 41 0 0.00 0.0 T 2.1 8 240 M M 2 8 240
================================================================================
SM 1032 452 1264 0 0.01 0.6 169.8 M 60
================================================================================
AV 33.3 14.6 5.5 FASTST M M 2 MAX(MPH)
MISC ----> 41 290 53 300
================================================================================
NOTES:
# LAST OF SEVERAL OCCURRENCES
COLUMN 17 PEAK WIND IN M.P.H.
PRELIMINARY LOCAL CLIMATOLOGICAL DATA (WS FORM: F-6) , PAGE 2
STATION: RIVERTON WY
MONTH: DECEMBER
YEAR: 2023
LATITUDE: 43 2 N
LONGITUDE: 108 27 W
[TEMPERATURE DATA] [PRECIPITATION DATA] SYMBOLS USED IN COLUMN 16
AVERAGE MONTHLY: 23.9 TOTAL FOR MONTH: 0.01 1 = FOG OR MIST
DPTR FM NORMAL: 4.3 DPTR FM NORMAL: -0.25 2 = FOG REDUCING VISIBILITY
HIGHEST: 47 ON 17 GRTST 24HR 0.01 ON 23-23 TO 1/4 MILE OR LESS
LOWEST: 0 ON 25, 1 3 = THUNDER
SNOW, ICE PELLETS, HAIL 4 = ICE PELLETS
TOTAL MONTH: 0.6 INCH 5 = HAIL
GRTST 24HR 0.6 ON 23-23 6 = FREEZING RAIN OR DRIZZLE
GRTST DEPTH: 6 ON 2 7 = DUSTSTORM OR SANDSTORM:
VSBY 1/2 MILE OR LESS
8 = SMOKE OR HAZE
[NO. OF DAYS WITH] [WEATHER - DAYS WITH] 9 = BLOWING SNOW
X = TORNADO
MAX 32 OR BELOW: 15 0.01 INCH OR MORE: 1
MAX 90 OR ABOVE: 0 0.10 INCH OR MORE: 0
MIN 32 OR BELOW: 31 0.50 INCH OR MORE: 0
MIN 0 OR BELOW: 2 1.00 INCH OR MORE: 0
[HDD (BASE 65) ]
TOTAL THIS MO. 1264 CLEAR (SCALE 0-3) 22
DPTR FM NORMAL -143 PTCLDY (SCALE 4-7) 8
TOTAL FM JUL 1 2963 CLOUDY (SCALE 8-10) 1
DPTR FM NORMAL -343
[CDD (BASE 65) ]
TOTAL THIS MO. 0
DPTR FM NORMAL 0 [PRESSURE DATA]
TOTAL FM JAN 1 401 HIGHEST SLP 30.61 ON 15
DPTR FM NORMAL -98 LOWEST SLP 29.62 ON 7
[REMARKS]
#FINAL-12-23#