000
CXUS56 KSGX 011045
CF6RNM
PRELIMINARY LOCAL CLIMATOLOGICAL DATA (WS FORM: F-6)
STATION: RAMONA AIRPORT CA
MONTH: MAY
YEAR: 2021
LATITUDE: 33 2 N
LONGITUDE: 116 55 W
TEMPERATURE IN F: :PCPN: SNOW: WIND :SUNSHINE: SKY :PK WND
================================================================================
1 2 3 4 5 6A 6B 7 8 9 10 11 12 13 14 15 16 17 18
12Z AVG MX 2MIN
DY MAX MIN AVG DEP HDD CDD WTR SNW DPTH SPD SPD DIR MIN PSBL S-S WX SPD DR
================================================================================
1 84 41 63 3 2 0 0.00 M M 5.3 15 260 M M 1 20 260
2 63 53 58 -2 7 0 0.00 M M 6.0 14 180 M M 10 8 17 180
3 80 48 64 4 1 0 0.00 M M 3.7 15 280 M M 4 1 18 290
4 86 42 64 4 1 0 0.00 M M 4.7 14 270 M M 1 1 19 290
5 90 45 68 7 0 3 0.00 M M 5.5 18 280 M M 0 1 23 280
6 77 47 62 1 3 0 0.00 M M 5.3 15 270 M M 4 12 21 270
7 76 50 63 2 2 0 0.00 M M 5.3 16 270 M M 5 18 20 250
8 75 49 62 1 3 0 0.00 M M 5.4 14 260 M M 4 1 19 250
9 77 47 62 1 3 0 0.00 M M 4.2 15 270 M M 5 12 18 300
10 72 49 61 0 4 0 0.00 M M 4.7 15 290 M M 4 20 260
11 79 43 61 -1 4 0 0.00 M M 4.3 14 260 M M 2 1 19 260
12 80 46 63 1 2 0 0.00 M M 5.1 17 270 M M 3 12 21 270
13 79 50 65 3 0 0 0.00 M M 4.9 14 300 M M 4 12 18 310
14 79 52 66 4 0 1 0.00 M M 5.0 15 280 M M 6 12 20 270
15 72 55 64 2 1 0 0.00 M M 5.9 16 260 M M 7 25 270
16 60 53 57 -5 8 0 T M M 6.6 14 260 M M 10 17 260
17 64 52 58 -4 7 0 0.02 M M 5.1 13 290 M M 10 1 15 260
18 75 50 63 1 2 0 0.00 M M 5.2 15 270 M M 5 12 18 260
19 79 49 64 1 1 0 0.00 M M 5.7 16 260 M M 5 12 23 260
20 71 51 61 -2 4 0 0.00 M M 6.6 15 180 M M 9 20 200
21 67 42 55 -8 10 0 0.00 M M 9.1 20 270 M M 7 25 270
22 68 39 54 -9 11 0 0.00 M M 5.0 18 270 M M 3 1 26 250
23 77 34 56 -7 9 0 0.00 M M 5.8 18 270 M M 0 24 280
24 91 42 67 4 0 2 0.00 M M 6.0 20 80 M M 0 27 90
25 87 46 67 4 0 2 0.00 M M 4.7 15 260 M M 0 20 260
26 82 49 66 2 0 1 0.00 M M 5.9 14 250 M M 1 12 22 250
27 78 47 63 -1 2 0 0.00 M M 5.0 15 260 M M 3 18 20 250
28 80 43 62 -2 3 0 0.00 M M 5.4 16 270 M M 2 12 20 300
29 76 49 63 -1 2 0 0.00 M M 5.6 15 270 M M 4 12 26 310
30 78 49 64 0 1 0 0.00 M M 5.2 15 270 M M 4 18 290
31 82 49 66 2 0 1 0.00 M M 4.4 14 280 M M 3 1 20 320
================================================================================
SM 2384 1461 93 10 0.02 M 166.6 M 126
================================================================================
AV 76.9 47.1 5.4 FASTST M M 4 MAX(MPH)
MISC ----> # 20 270 27 90
================================================================================
NOTES:
# LAST OF SEVERAL OCCURRENCES
COLUMN 17 PEAK WIND IN M.P.H.
PRELIMINARY LOCAL CLIMATOLOGICAL DATA (WS FORM: F-6) , PAGE 2
STATION: RAMONA AIRPORT CA
MONTH: MAY
YEAR: 2021
LATITUDE: 33 2 N
LONGITUDE: 116 55 W
[TEMPERATURE DATA] [PRECIPITATION DATA] SYMBOLS USED IN COLUMN 16
AVERAGE MONTHLY: 62.0 TOTAL FOR MONTH: 0.02 1 = FOG OR MIST
DPTR FM NORMAL: -0.2 DPTR FM NORMAL: -0.39 2 = FOG REDUCING VISIBILITY
HIGHEST: 91 ON 24 GRTST 24HR 0.02 ON 16-17 TO 1/4 MILE OR LESS
LOWEST: 34 ON 23 3 = THUNDER
SNOW, ICE PELLETS, HAIL 4 = ICE PELLETS
TOTAL MONTH: M 5 = HAIL
GRTST 24HR M ON M 6 = FREEZING RAIN OR DRIZZLE
GRTST DEPTH: M ON M 7 = DUSTSTORM OR SANDSTORM:
VSBY 1/2 MILE OR LESS
8 = SMOKE OR HAZE
[NO. OF DAYS WITH] [WEATHER - DAYS WITH] 9 = BLOWING SNOW
X = TORNADO
MAX 32 OR BELOW: 0 0.01 INCH OR MORE: 1
MAX 90 OR ABOVE: 2 0.10 INCH OR MORE: 0
MIN 32 OR BELOW: 0 0.50 INCH OR MORE: 0
MIN 0 OR BELOW: 0 1.00 INCH OR MORE: 0
[HDD (BASE 65) ]
TOTAL THIS MO. 93 CLEAR (SCALE 0-3) 11
DPTR FM NORMAL -22 PTCLDY (SCALE 4-7) 16
TOTAL FM JUL 1 2322 CLOUDY (SCALE 8-10) 4
DPTR FM NORMAL 20
[CDD (BASE 65) ]
TOTAL THIS MO. 10
DPTR FM NORMAL -18 [PRESSURE DATA]
TOTAL FM JAN 1 17 HIGHEST SLP 30.11 ON 23
DPTR FM NORMAL -20 LOWEST SLP 29.79 ON 3
[REMARKS]
#FINAL-05-21#