000
CXUS55 KREV 012345
CF6RNO
PRELIMINARY LOCAL CLIMATOLOGICAL DATA (WS FORM: F-6)
STATION: RENO-TAHOE INTL AIRPORT NV
MONTH: JANUARY
YEAR: 2023
LATITUDE: 39 30 N
LONGITUDE: 119 47 W
TEMPERATURE IN F: :PCPN: SNOW: WIND :SUNSHINE: SKY :PK WND
================================================================================
1 2 3 4 5 6A 6B 7 8 9 10 11 12 13 14 15 16 17 18
12Z AVG MX 2MIN
DY MAX MIN AVG DEP HDD CDD WTR SNW DPTH SPD SPD DIR MIN PSBL S-S WX SPD DR
================================================================================
1 36 21 29 -7 36 0 0.11 0.7 8 5.7 16 330 M M 7 18 19 330
2 28 15 22 -14 43 0 0.05 0.7 7 0.5 6 210 M M 8 1 6 210
3 34 14 24 -12 41 0 T 0.2 7 1.9 14 40 M M 8 1 16 30
4 38 17 28 -8 37 0 0.06 0.2 7 2.6 13 190 M M 8 1 18 180
5 44 33 39 3 26 0 0.18 0.0 6 7.4 23 170 M M 9 1 29 170
6 43 25 34 -2 31 0 0.00 0.0 4 2.4 17 330 M M 7 21 320
7 45 25 35 -1 30 0 0.00 0.0 4 6.5 30 160 M M 8 37 160
8 47 34 41 5 24 0 0.10 0.0 3 8.5 26 180 M M 7 1 32 50
9 46 32 39 3 26 0 0.82 0.0 2 6.1 23 160 M M 10 1 29 150
10 42 30 36 0 29 0 0.25 0.3 0 11.3 32 180 M M 7 1 43 110
11 41 30 36 0 29 0 0.01 T 0 4.4 12 190 M M 9 13 120
12 50 33 42 5 23 0 0.00 0.0 0 2.1 13 150 M M 8 16 150
13 56 31 44 7 21 0 0.02 0.0 0 5.6 31 180 M M 8 40 190
14 45 35 40 3 25 0 0.17 0.0 0 7.1 24 200 M M 9 13 33 170
15 43 30 37 0 28 0 0.01 0.2 T 5.0 18 190 M M 8 1 23 190
16 36 30 33 -4 32 0 0.41 4.9 1 4.7 15 340 M M 10 18 17 340
17 36 19 28 -9 37 0 T T 3 4.2 10 360 M M 4 12 30
18 39 15 27 -10 38 0 T T 2 3.5 25 170 M M 5 29 180
19 35 17 26 -11 39 0 0.06 0.6 3 9.5 25 330 M M 4 18 30 330
20 36 12 24 -13 41 0 0.00 0.0 2 2.3 10 140 M M 2 13 140
21 38 13 26 -11 39 0 0.00 0.0 2 1.2 9 70 M M 4 11 70
22 36 20 28 -9 37 0 0.00 0.0 2 6.4 18 40 M M 4 25 10
23 37 21 29 -9 36 0 0.00 0.0 2 3.6 12 140 M M 3 14 140
24 43 17 30 -8 35 0 0.00 0.0 1 2.1 7 190 M M 0 9 180
25 45 20 33 -5 32 0 0.00 0.0 T 2.1 8 30 M M 0 10 90
26 48 23 36 -2 29 0 0.00 0.0 0 1.9 9 170 M M 1 11 160
27 50 22 36 -2 29 0 0.00 0.0 0 2.2 14 340 M M 3 17 50
28 48 23 36 -2 29 0 0.00 0.0 0 1.8 10 80 M M 1 12 80
29 32 13 23 -15 42 0 0.19 2.3 2 5.6 17 30 M M 6 128 24 30
30 27 4 16 -22 49 0 0.00 0.0 1 3.6 13 160 M M 1 14 160
31 31 4 18 -20 47 0 0.00 0.0 1 2.4 9 170 M M 1 9 180
================================================================================
SM 1255 678 1040 0 2.44 10.1 134.2 M 170
================================================================================
AV 40.5 21.9 4.3 FASTST M M 5 MAX(MPH)
MISC ----> 32 180 43 110
================================================================================
NOTES:
# LAST OF SEVERAL OCCURRENCES
COLUMN 17 PEAK WIND IN M.P.H.
PRELIMINARY LOCAL CLIMATOLOGICAL DATA (WS FORM: F-6) , PAGE 2
STATION: RENO-TAHOE INTL AIRPORT NV
MONTH: JANUARY
YEAR: 2023
LATITUDE: 39 30 N
LONGITUDE: 119 47 W
[TEMPERATURE DATA] [PRECIPITATION DATA] SYMBOLS USED IN COLUMN 16
AVERAGE MONTHLY: 31.2 TOTAL FOR MONTH: 2.44 1 = FOG OR MIST
DPTR FM NORMAL: -5.7 DPTR FM NORMAL: 1.19 2 = FOG REDUCING VISIBILITY
HIGHEST: 56 ON 13 GRTST 24HR 1.57 ON 4- 5 TO 1/4 MILE OR LESS
LOWEST: 4 ON 31,30 3 = THUNDER
SNOW, ICE PELLETS, HAIL 4 = ICE PELLETS
TOTAL MONTH: 10.1 INCHES 5 = HAIL
GRTST 24HR 4.9 ON 16-16 6 = FREEZING RAIN OR DRIZZLE
GRTST DEPTH: 8 ON 1 7 = DUSTSTORM OR SANDSTORM:
VSBY 1/2 MILE OR LESS
8 = SMOKE OR HAZE
[NO. OF DAYS WITH] [WEATHER - DAYS WITH] 9 = BLOWING SNOW
X = TORNADO
MAX 32 OR BELOW: 4 0.01 INCH OR MORE: 14
MAX 90 OR ABOVE: 0 0.10 INCH OR MORE: 8
MIN 32 OR BELOW: 27 0.50 INCH OR MORE: 1
MIN 0 OR BELOW: 0 1.00 INCH OR MORE: 0
[HDD (BASE 65) ]
TOTAL THIS MO. 1040 CLEAR (SCALE 0-3) 8
DPTR FM NORMAL 169 PTCLDY (SCALE 4-7) 17
TOTAL FM JUL 1 2973 CLOUDY (SCALE 8-10) 6
DPTR FM NORMAL 199
[CDD (BASE 65) ]
TOTAL THIS MO. 0
DPTR FM NORMAL 0 [PRESSURE DATA]
TOTAL FM JAN 1 0 HIGHEST SLP 30.71 ON 26
DPTR FM NORMAL 0 LOWEST SLP 29.45 ON 16
[REMARKS]
#FINAL-01-23#