519
CXUS55 KREV 020909
CF6RNO
PRELIMINARY LOCAL CLIMATOLOGICAL DATA (WS FORM: F-6)
STATION: RENO-TAHOE INTL AIRPORT NV
MONTH: NOVEMBER
YEAR: 2020
LATITUDE: 39 30 N
LONGITUDE: 119 47 W
TEMPERATURE IN F: :PCPN: SNOW: WIND :SUNSHINE: SKY :PK WND
================================================================================
1 2 3 4 5 6A 6B 7 8 9 10 11 12 13 14 15 16 17 18
12Z AVG MX 2MIN
DY MAX MIN AVG DEP HDD CDD WTR SNW DPTH SPD SPD DIR MIN PSBL S-S WX SPD DR
================================================================================
1 74 31 53 5 12 0 0.00 0.0 0 1.3 9 100 M M 2 11 100
2 74 33 54 6 11 0 0.00 0.0 0 1.2 12 270 M M 1 21 270
3 76 33 55 8 10 0 0.00 0.0 0 2.2 14 280 M M 1 21 280
4 76 35 56 9 9 0 0.00 0.0 0 1.2 9 310 M M 0 13 300
5 74 34 54 8 11 0 0.00 0.0 0 2.5 17 280 M M 1 26 290
6 64 37 51 5 14 0 0.00 0.0 0 16.4 33 210 M M 6 43 180
7 46 28 37 -9 28 0 0.09 0.7 0 12.9 28 290 M M 9 1 35 270
8 34 24 29 -16 36 0 0.34 3.8 4 5.8 18 40 M M 9 12 22 30
9 35 26 31 -14 34 0 0.00 0.0 1 3.1 9 360 M M 6 12 340
10 52 25 39 -6 26 0 0.00 0.0 T 4.5 21 290 M M 5 26 290
11 49 25 37 -7 28 0 0.00 0.0 0 2.5 10 10 M M 3 12 10
12 52 22 37 -7 28 0 0.00 0.0 0 1.7 7 300 M M 2 11 270
13 57 30 44 0 21 0 T 0.0 0 13.1 46 190 M M 7 8 58 190
14 56 28 42 -1 23 0 0.00 0.0 0 5.8 22 290 M M 5 28 40
15 65 36 51 8 14 0 0.00 0.0 0 6.6 25 300 M M 3 34 270
16 67 29 48 6 17 0 0.00 0.0 0 1.6 8 130 M M 4 10 270
17 68 34 51 9 14 0 T 0.0 0 20.3 52 170 M M 7 78 170
18 54 39 47 5 18 0 0.16 0.0 0 14.1 36 180 M M 7 8 42 180
19 52 30 41 0 24 0 0.00 0.0 0 4.0 17 280 M M 3 21 280
20 48 25 37 -4 28 0 0.00 0.0 0 2.8 10 90 M M 3 13 80
21 49 22 36 -5 29 0 0.00 0.0 0 2.6 13 80 M M 2 14 80
22 51 27 39 -1 26 0 0.00 0.0 0 2.5 28 280 M M 7 35 280
23 52 31 42 2 23 0 T 0.0 0 5.3 20 340 M M 4 22 360
24 52 26 39 -1 26 0 0.00 0.0 0 1.8 7 280 M M 0 17 280
25 50 29 40 1 25 0 T T 0 11.0 32 290 M M M 41 350
26 43 21 32 -7 33 0 0.00 0.0 0 4.5 15 60 M M M 20 60
27 48 20 34 -5 31 0 0.00 0.0 0 2.0 10 140 M M M 12 130
28 52 20 36 -2 29 0 0.00 0.0 0 0.9 7 300 M M M 10 290
29 51 21 36 -2 29 0 0.00 0.0 0 1.1 7 290 M M 5 8 13 290
30 63 23 43 5 22 0 0.00 0.0 0 3.6 16 250 M M M 24 280
================================================================================
SM 1684 844 679 0 0.59 4.5 158.9 M 102
================================================================================
AV 56.1 28.1 5.3 FASTST M M 4 MAX(MPH)
MISC ----> 52 170 78 170
================================================================================
NOTES:
# LAST OF SEVERAL OCCURRENCES
COLUMN 17 PEAK WIND IN M.P.H.
PRELIMINARY LOCAL CLIMATOLOGICAL DATA (WS FORM: F-6) , PAGE 2
STATION: RENO-TAHOE INTL AIRPORT NV
MONTH: NOVEMBER
YEAR: 2020
LATITUDE: 39 30 N
LONGITUDE: 119 47 W
[TEMPERATURE DATA] [PRECIPITATION DATA] SYMBOLS USED IN COLUMN 16
AVERAGE MONTHLY: 42.1 TOTAL FOR MONTH: 0.59 1 = FOG OR MIST
DPTR FM NORMAL: -0.6 DPTR FM NORMAL: -0.23 2 = FOG REDUCING VISIBILITY
HIGHEST: 76 ON 4, 3 GRTST 24HR 0.43 ON 7- 8 TO 1/4 MILE OR LESS
LOWEST: 20 ON 28,27 3 = THUNDER
SNOW, ICE PELLETS, HAIL 4 = ICE PELLETS
TOTAL MONTH: 4.5 INCHES 5 = HAIL
GRTST 24HR 3.8 ON 8- 8 6 = FREEZING RAIN OR DRIZZLE
GRTST DEPTH: 4 ON 8 7 = DUSTSTORM OR SANDSTORM:
VSBY 1/2 MILE OR LESS
8 = SMOKE OR HAZE
[NO. OF DAYS WITH] [WEATHER - DAYS WITH] 9 = BLOWING SNOW
X = TORNADO
MAX 32 OR BELOW: 0 0.01 INCH OR MORE: 3
MAX 90 OR ABOVE: 0 0.10 INCH OR MORE: 2
MIN 32 OR BELOW: 22 0.50 INCH OR MORE: 0
MIN 0 OR BELOW: 0 1.00 INCH OR MORE: 0
[HDD (BASE 65) ]
TOTAL THIS MO. 679 CLEAR (SCALE 0-3) 11
DPTR FM NORMAL 12 PTCLDY (SCALE 4-7) 12
TOTAL FM JUL 1 927 CLOUDY (SCALE 8-10) 7
DPTR FM NORMAL -177
[CDD (BASE 65) ]
TOTAL THIS MO. 0
DPTR FM NORMAL 0 [PRESSURE DATA]
TOTAL FM JAN 1 1176 HIGHEST SLP 30.50 ON 27
DPTR FM NORMAL 337 LOWEST SLP 29.39 ON 6
[REMARKS]
...THE RENO-TAHOE INTL AIRPORT NV CLIMATE SUMMARY FOR THE MONTH OF
NOVEMBER 2020...
THE AVERAGE TEMPERATURE FOR NOVEMBER 2020 AT THE RENO-TAHOE
INTERNATIONAL AIRPORT WAS 42.1 DEGREES WHICH IS 0.6 DEGREES BELOW
NORMAL. THE HIGHEST TEMPERATURE FOR NOVEMBER WAS 76 DEGREES WHICH
OCCURRED ON THE 3RD AND 4TH. THE LOWEST TEMPERATURE FOR THE MONTH
WAS 20 DEGREES WHICH OCCURRED ON THE 27TH AND 28TH.
FOR NOVEMBER 2020, 0.59 INCHES OF PRECIPITATION WAS RECORDED AT THE
RENO-TAHOE INTERNATIONAL AIRPORT. THIS IS 0.23 INCHES BELOW NORMAL.
THE TOTAL SNOWFALL FOR THE MONTH WAS 4.5 INCHES, WHICH IS 1.4 INCHES
ABOVE NORMAL.
THE AVERAGE WIND SPEED FOR NOVEMBER 2020 WAS 5.3 MPH. THE PEAK WIND
GUST FOR THE MONTH WAS 78 MPH FROM THE SOUTH ON THE 17TH, WHICH WAS
THE STRONGEST GUST REPORTED FOR ANY DAY IN THE MONTH OF NOVEMBER.
#FINAL-11-20#