000
CXUS55 KREV 010901
CF6RNO
PRELIMINARY LOCAL CLIMATOLOGICAL DATA (WS FORM: F-6)
STATION: RENO-TAHOE INTL AIRPORT NV
MONTH: AUGUST
YEAR: 2023
LATITUDE: 39 30 N
LONGITUDE: 119 47 W
TEMPERATURE IN F: :PCPN: SNOW: WIND :SUNSHINE: SKY :PK WND
================================================================================
1 2 3 4 5 6A 6B 7 8 9 10 11 12 13 14 15 16 17 18
12Z AVG MX 2MIN
DY MAX MIN AVG DEP HDD CDD WTR SNW DPTH SPD SPD DIR MIN PSBL S-S WX SPD DR
================================================================================
1 95 64 80 2 0 15 0.00 0.0 0 5.7 22 330 M M 6 28 340
2 94 65 80 2 0 15 0.00 0.0 0 6.9 23 280 M M 5 33 280
3 92 65 79 1 0 14 0.00 0.0 0 7.1 24 300 M M 2 33 280
4 92 62 77 0 0 12 T 0.0 0 6.1 23 310 M M 2 3 31 280
5 92 61 77 0 0 12 0.00 0.0 0 5.8 21 320 M M 2 30 340
6 92 63 78 1 0 13 0.00 0.0 0 5.1 17 330 M M 1 31 270
7 93 62 78 1 0 13 0.00 0.0 0 8.1 23 280 M M 2 43 280
8 92 61 77 0 0 12 0.00 0.0 0 6.2 21 280 M M 2 28 330
9 92 60 76 -1 0 11 0.00 0.0 0 7.5 23 270 M M 2 40 290
10 94 56 75 -1 0 10 0.00 0.0 0 6.6 23 290 M M 1 33 290
11 94 61 78 2 0 13 T 0.0 0 5.6 29 170 M M 5 38 180
12 97 65 81 5 0 16 0.00 0.0 0 4.4 25 150 M M 4 38 150
13 97 66 82 6 0 17 0.00 0.0 0 3.8 16 170 M M 2 20 30
14 89 63 76 0 0 11 0.07 0.0 0 6.8 35 190 M M 6 3 47 200
15 94 60 77 2 0 12 0.00 0.0 0 5.0 28 180 M M 4 33 180
16 98 64 81 6 0 16 T 0.0 0 4.6 25 280 M M 6 38 40 270
17 94 67 81 6 0 16 T 0.0 0 4.9 26 220 M M 7 3 44 210
18 91 64 78 3 0 13 0.02 0.0 0 6.8 22 270 M M 4 3 32 280
19 94 63 79 4 0 14 T 0.0 0 8.0 25 130 M M 6 3 36 130
20 71 61 66 -8 0 1 0.21 0.0 0 6.2 16 110 M M 10 22 100
21 77 60 69 -5 0 4 0.10 0.0 0 4.9 24 280 M M 8 32 300
22 80 57 69 -5 0 4 0.02 0.0 0 5.8 17 160 M M 6 30 290
23 85 56 71 -3 0 6 0.00 0.0 0 4.1 10 260 M M 2 26 280
24 92 59 76 2 0 11 0.00 0.0 0 5.3 22 190 M M 3 40 220
25 92 63 78 5 0 13 0.00 0.0 0 6.8 21 300 M M 4 28 180
26 92 61 77 4 0 12 0.00 0.0 0 4.6 21 310 M M 1 31 290
27 94 59 77 4 0 12 0.00 0.0 0 3.5 14 310 M M 1 21 300
28 97 60 79 6 0 14 0.00 0.0 0 4.8 18 290 M M 0 45 290
29 91 58 75 3 0 10 0.00 0.0 0 6.9 24 290 M M 0 37 290
30 90 55 73 1 0 8 0.00 0.0 0 4.7 13 20 M M 0 23 280
31 89 55 72 0 0 7 0.00 0.0 0 6.2 24 180 M M 3 34 290
================================================================================
SM 2826 1896 0 357 0.42 0.0 178.8 M 107
================================================================================
AV 91.2 61.2 5.8 FASTST M M 3 MAX(MPH)
MISC ----> 35 190 47 200
================================================================================
NOTES:
# LAST OF SEVERAL OCCURRENCES
COLUMN 17 PEAK WIND IN M.P.H.
PRELIMINARY LOCAL CLIMATOLOGICAL DATA (WS FORM: F-6) , PAGE 2
STATION: RENO-TAHOE INTL AIRPORT NV
MONTH: AUGUST
YEAR: 2023
LATITUDE: 39 30 N
LONGITUDE: 119 47 W
[TEMPERATURE DATA] [PRECIPITATION DATA] SYMBOLS USED IN COLUMN 16
AVERAGE MONTHLY: 76.2 TOTAL FOR MONTH: 0.42 1 = FOG OR MIST
DPTR FM NORMAL: 1.1 DPTR FM NORMAL: 0.18 2 = FOG REDUCING VISIBILITY
HIGHEST: 98 ON 16 GRTST 24HR 0.29 ON 20-21 TO 1/4 MILE OR LESS
LOWEST: 55 ON 31,30 3 = THUNDER
SNOW, ICE PELLETS, HAIL 4 = ICE PELLETS
TOTAL MONTH: 0.0 INCH 5 = HAIL
GRTST 24HR 0.0 6 = FREEZING RAIN OR DRIZZLE
GRTST DEPTH: 0 7 = DUSTSTORM OR SANDSTORM:
VSBY 1/2 MILE OR LESS
8 = SMOKE OR HAZE
[NO. OF DAYS WITH] [WEATHER - DAYS WITH] 9 = BLOWING SNOW
X = TORNADO
MAX 32 OR BELOW: 0 0.01 INCH OR MORE: 5
MAX 90 OR ABOVE: 25 0.10 INCH OR MORE: 2
MIN 32 OR BELOW: 0 0.50 INCH OR MORE: 0
MIN 0 OR BELOW: 0 1.00 INCH OR MORE: 0
[HDD (BASE 65) ]
TOTAL THIS MO. 0 CLEAR (SCALE 0-3) 16
DPTR FM NORMAL -3 PTCLDY (SCALE 4-7) 14
TOTAL FM JUL 1 0 CLOUDY (SCALE 8-10) 1
DPTR FM NORMAL -2
[CDD (BASE 65) ]
TOTAL THIS MO. 357
DPTR FM NORMAL 41 [PRESSURE DATA]
TOTAL FM JAN 1 990 HIGHEST SLP M ON M
DPTR FM NORMAL 77 LOWEST SLP 29.64 ON 31
[REMARKS]
#FINAL-08-23#