000
CXUS56 KFGZ 010910
CF6RQE
PRELIMINARY LOCAL CLIMATOLOGICAL DATA (WS FORM: F-6)
STATION: WINDOW ROCK AZ AIRPORT
MONTH: DECEMBER
YEAR: 2021
LATITUDE: 35 39 N
LONGITUDE: 109 4 W
TEMPERATURE IN F: :PCPN: SNOW: WIND :SUNSHINE: SKY :PK WND
================================================================================
1 2 3 4 5 6A 6B 7 8 9 10 11 12 13 14 15 16 17 18
12Z AVG MX 2MIN
DY MAX MIN AVG DEP HDD CDD WTR SNW DPTH SPD SPD DIR MIN PSBL S-S WX SPD DR
================================================================================
1 63 12 38 5 27 0 0.00 M M 1.9 8 140 M M 0 12 190
2 63 16 40 7 25 0 0.00 M M 1.9 12 230 M M 0 15 280
3 63 19 41 9 24 0 0.00 M M 2.1 12 240 M M 0 15 250
4 61 17 39 7 26 0 0.00 M M 1.6 9 220 M M 1 12 240
5 63 17 40 8 25 0 0.00 M M 2.8 15 300 M M 0 20 280
6 60 15 38 7 27 0 0.00 M M 4.5 16 230 M M 0 8 21 230
7 46 30 38 7 27 0 0.00 M M 4.6 15 320 M M 7 18 330
8 51 25 38 7 27 0 0.00 M M 6.9 21 220 M M 9 29 220
9 50 38 44 13 21 0 0.06 M M 14.4 26 230 M M 10 1 39 230
10 39 17 28 -2 37 0 0.16 M M 12.3 25 260 M M 5 18 33 300
11 42 8 25 -5 40 0 0.00 M M 2.4 13 360 M M 0 15 360
12 54 9 32 2 33 0 0.00 M M 2.3 14 190 M M 0 17 200
13 53 15 34 4 31 0 0.00 M M 3.9 18 220 M M 0 24 210
14 53 33 43 13 22 0 0.01 M M 8.8 24 180 M M 5 8 34 180
15 46 12 29 0 36 0 0.09 M M 11.7 47 200 M M 1 13 64 210
16 51 5 28 -1 37 0 0.00 M M 4.7 22 250 M M 1 26 240
17 44 14 29 0 36 0 0.00 M M 2.8 13 10 M M 0 16 20
18 38 4 21 -8 44 0 0.00 M M 1.3 9 100 M M 0 12 70
19 49 3 26 -3 39 0 0.00 M M 1.2 10 120 M M 0 12 120
20 54 7 31 2 34 0 0.00 M M 1.1 8 180 M M 0 8 10 170
21 47 17 32 4 33 0 0.00 M M 0.3 7 200 M M 0 9 330
22 59 15 37 9 28 0 0.00 M M 2.4 16 240 M M 0 19 230
23 56 34 45 17 20 0 0.01 M M 10.0 25 220 M M 8 35 230
24 46 35 41 13 24 0 0.74 M M 11.6 25 230 M M 10 1 35 220
25 45 35 40 12 25 0 0.03 M M 9.0 21 210 M M 7 1 29 220
26 44 31 38 10 27 0 0.00 M M 18.7 36 240 M M 3 48 240
27 38 29 34 6 31 0 T M M 15.0 29 230 M M 4 37 260
28 33 29 31 3 34 0 0.11 M M 12.2 23 230 M M 10 18 31 220
29 35 29 32 4 33 0 0.08 M M 12.3 24 240 M M 10 18 36 250
30 40 27 34 6 31 0 0.00 M M 9.3 20 210 M M 7 25 220
31 40 29 35 7 30 0 0.10 M M 9.2 25 240 M M 7 18 37 250
================================================================================
SM 1526 626 934 0 1.39 M 203.2 M 105
================================================================================
AV 49.2 20.2 6.6 FASTST M M 3 MAX(MPH)
MISC ----> 47 200 64 210
================================================================================
NOTES:
# LAST OF SEVERAL OCCURRENCES
COLUMN 17 PEAK WIND IN M.P.H.
PRELIMINARY LOCAL CLIMATOLOGICAL DATA (WS FORM: F-6) , PAGE 2
STATION: WINDOW ROCK AZ AIRPORT
MONTH: DECEMBER
YEAR: 2021
LATITUDE: 35 39 N
LONGITUDE: 109 4 W
[TEMPERATURE DATA] [PRECIPITATION DATA] SYMBOLS USED IN COLUMN 16
AVERAGE MONTHLY: 34.7 TOTAL FOR MONTH: 1.39 1 = FOG OR MIST
DPTR FM NORMAL: 5.0 DPTR FM NORMAL: 0.56 2 = FOG REDUCING VISIBILITY
HIGHEST: 63 ON 5, 3 GRTST 24HR 0.75 ON 24-25 TO 1/4 MILE OR LESS
LOWEST: 3 ON 19 3 = THUNDER
SNOW, ICE PELLETS, HAIL 4 = ICE PELLETS
TOTAL MONTH: 0.0 INCH 5 = HAIL
GRTST 24HR M ON M 6 = FREEZING RAIN OR DRIZZLE
GRTST DEPTH: 0 7 = DUSTSTORM OR SANDSTORM:
VSBY 1/2 MILE OR LESS
8 = SMOKE OR HAZE
[NO. OF DAYS WITH] [WEATHER - DAYS WITH] 9 = BLOWING SNOW
X = TORNADO
MAX 32 OR BELOW: 0 0.01 INCH OR MORE: 10
MAX 90 OR ABOVE: 0 0.10 INCH OR MORE: 4
MIN 32 OR BELOW: 26 0.50 INCH OR MORE: 1
MIN 0 OR BELOW: 0 1.00 INCH OR MORE: 0
[HDD (BASE 65) ]
TOTAL THIS MO. 934 CLEAR (SCALE 0-3) 17
DPTR FM NORMAL -160 PTCLDY (SCALE 4-7) 9
TOTAL FM JUL 1 2208 CLOUDY (SCALE 8-10) 5
DPTR FM NORMAL -326
[CDD (BASE 65) ]
TOTAL THIS MO. 0
DPTR FM NORMAL 0 [PRESSURE DATA]
TOTAL FM JAN 1 599 HIGHEST SLP M ON M
DPTR FM NORMAL 186 LOWEST SLP 29.38 ON 31
[REMARKS]
#FINAL-12-21#