606
CXUS56 KFGZ 010910
CF6RQE
PRELIMINARY LOCAL CLIMATOLOGICAL DATA (WS FORM: F-6)
STATION: WINDOW ROCK AZ AIRPORT
MONTH: JANUARY
YEAR: 2021
LATITUDE: 35 39 N
LONGITUDE: 109 4 W
TEMPERATURE IN F: :PCPN: SNOW: WIND :SUNSHINE: SKY :PK WND
================================================================================
1 2 3 4 5 6A 6B 7 8 9 10 11 12 13 14 15 16 17 18
12Z AVG MX 2MIN
DY MAX MIN AVG DEP HDD CDD WTR SNW DPTH SPD SPD DIR MIN PSBL S-S WX SPD DR
================================================================================
1 45 12 29 1 36 0 0.04 M M 2.5 10 180 M M 4 18 12 170
2 44 4 24 -4 41 0 T M M 2.6 20 300 M M 0 25 270
3 50 5 28 0 37 0 0.00 M M 2.4 16 290 M M 1 23 320
4 55 9 32 4 33 0 0.00 M M 1.9 14 110 M M 0 17 100
5 51 18 35 7 30 0 0.00 M M 6.8 21 320 M M 1 27 280
6 54 9 32 4 33 0 0.00 M M 3.5 10 30 M M 0 14 20
7 56 6 31 3 34 0 0.00 M M 2.0 14 270 M M 0 17 270
8 53 7 30 2 35 0 0.00 M M 2.6 16 100 M M 1 19 100
9 40 5 23 -5 42 0 T M M 3.4 17 350 M M 3 8 22 340
10 43 2 23 -6 42 0 0.00 M M 1.6 9 250 M M 1 12 250
11 42 0 21 -8 44 0 0.00 M M 1.9 12 100 M M 0 18 100
12 49 -3 23 -6 42 0 0.00 M M 1.9 9 100 M M 0 12 110
13 59 3 31 2 34 0 0.00 M M 2.9 17 320 M M 0 22 330
14 53 10 32 3 33 0 0.00 M M 5.2 24 330 M M 0 8 31 360
15 57 14 36 7 29 0 0.00 M M 5.2 20 360 M M 0 27 340
16 55 13 34 5 31 0 0.00 M M 5.4 22 350 M M 1 28 360
17 60 9 35 6 30 0 0.00 M M 3.7 15 280 M M 0 20 280
18 51 15 33 4 32 0 T M M 4.6 22 180 M M 4 1 28 180
19 37 20 29 0 36 0 0.50 M M 5.7 15 60 M M 9 12 23 50
20 43 9 26 -3 39 0 0.00 M M 0.8 7 210 M M 5 128 9 220
21 48 11 30 0 35 0 T M M 0.9 7 200 M M 4 8 7 200
22 44 24 34 4 31 0 0.02 M M 4.3 16 200 M M 9 1 23 200
23 43 28 36 6 29 0 0.02 M M 10.0 23 220 M M 6 31 220
24 37 27 32 2 33 0 0.24 M M 7.0 20 250 M M 10 128 25 250
25 33 19 26 -4 39 0 0.19 M M 9.3 25 250 M M 9 128 33 230
26 25 -2 12 -18 53 0 0.12 M M 6.2 17 230 M M 7 18 22 220
27 37 -9 14 -16 51 0 0.00 M M 1.6 8 110 M M 4 8 13 90
28 49 7 28 -2 37 0 0.00 M M 0.6 6 280 M M 0 6 290
29 49 14 32 2 33 0 0.18 M M 9.8 28 250 M M 3 1 39 270
30 43 13 28 -3 37 0 0.00 M M 4.6 18 260 M M 2 24 250
31 46 2 24 -7 41 0 0.00 M M 2.1 10 50 M M 0 13 50
================================================================================
SM 1451 301 1132 0 1.31 M 123.0 M 84
================================================================================
AV 46.8 9.7 4.0 FASTST M M 3 MAX(MPH)
MISC ----> 28 250 39 270
================================================================================
NOTES:
# LAST OF SEVERAL OCCURRENCES
COLUMN 17 PEAK WIND IN M.P.H.
PRELIMINARY LOCAL CLIMATOLOGICAL DATA (WS FORM: F-6) , PAGE 2
STATION: WINDOW ROCK AZ AIRPORT
MONTH: JANUARY
YEAR: 2021
LATITUDE: 35 39 N
LONGITUDE: 109 4 W
[TEMPERATURE DATA] [PRECIPITATION DATA] SYMBOLS USED IN COLUMN 16
AVERAGE MONTHLY: 28.3 TOTAL FOR MONTH: 1.31 1 = FOG OR MIST
DPTR FM NORMAL: -0.8 DPTR FM NORMAL: 0.36 2 = FOG REDUCING VISIBILITY
HIGHEST: 60 ON 17 GRTST 24HR 0.50 ON 19-19 TO 1/4 MILE OR LESS
LOWEST: -9 ON 27 3 = THUNDER
SNOW, ICE PELLETS, HAIL 4 = ICE PELLETS
TOTAL MONTH: M 5 = HAIL
GRTST 24HR M ON M 6 = FREEZING RAIN OR DRIZZLE
GRTST DEPTH: M ON M 7 = DUSTSTORM OR SANDSTORM:
VSBY 1/2 MILE OR LESS
8 = SMOKE OR HAZE
[NO. OF DAYS WITH] [WEATHER - DAYS WITH] 9 = BLOWING SNOW
X = TORNADO
MAX 32 OR BELOW: 1 0.01 INCH OR MORE: 8
MAX 90 OR ABOVE: 0 0.10 INCH OR MORE: 5
MIN 32 OR BELOW: 31 0.50 INCH OR MORE: 1
MIN 0 OR BELOW: 4 1.00 INCH OR MORE: 0
[HDD (BASE 65) ]
TOTAL THIS MO. 1132 CLEAR (SCALE 0-3) 19
DPTR FM NORMAL 19 PTCLDY (SCALE 4-7) 8
TOTAL FM JUL 1 3527 CLOUDY (SCALE 8-10) 4
DPTR FM NORMAL -209
[CDD (BASE 65) ]
TOTAL THIS MO. 0
DPTR FM NORMAL 0 [PRESSURE DATA]
TOTAL FM JAN 1 0 HIGHEST SLP M ON M
DPTR FM NORMAL 0 LOWEST SLP 29.56 ON 25
[REMARKS]
#FINAL-01-21#