000
CXUS53 KGRB 240647
CF6RRL
PRELIMINARY LOCAL CLIMATOLOGICAL DATA (WS FORM: F-6)
STATION: MERRILL MUNICIPAL AI
MONTH: JUNE
YEAR: 2022
LATITUDE: 45 10 N
LONGITUDE: 89 42 W
TEMPERATURE IN F: :PCPN: SNOW: WIND :SUNSHINE: SKY :PK WND
================================================================================
1 2 3 4 5 6A 6B 7 8 9 10 11 12 13 14 15 16 17 18
12Z AVG MX 2MIN
DY MAX MIN AVG DEP HDD CDD WTR SNW DPTH SPD SPD DIR MIN PSBL S-S WX SPD DR
================================================================================
1 70 49 60 M 5 0 M M M 7.8 18 310 M M 1 22 310
2 73 39 56 M 9 0 M M M 6.0 16 290 M M 3 24 290
3 66 39 53 M 12 0 M M M 8.1 17 300 M M 1 22 320
4 72 32 52 M 13 0 M M M 5.7 14 250 M M 0 20 230
5 68 38 53 M 12 0 M M M 3.3 10 200 M M 6 12 M M
6 72 51 62 M 3 0 M M M 4.0 10 360 M M 8 16 80
7 72 45 59 M 6 0 M M M 1.5 7 320 M M 4 M M
8 70 47 59 M 6 0 M M M 0.9 9 290 M M 8 22 0
9 75 41 58 M 7 0 M M M 4.5 14 290 M M 4 1 23 310
10 77 39 58 M 7 0 M M M 3.1 10 300 M M 3 1 18 350
11 67 46 57 M 8 0 M M M 2.9 8 30 M M 9 12 M M
12 72 42 57 M 8 0 M M M 4.3 8 140 M M 3 12 M M
13 65 54 60 M 5 0 M M M 6.0 10 120 M M 8 1 18 120
14 92 61 77 M 0 12 M M M 8.5 16 140 M M 5 1 23 150
15 81 56 69 M 0 4 M M M 6.9 16 260 M M 3 22 260
16 76 55 66 M 0 1 M M M 13.6 29 270 M M 3 39 270
17 78 46 62 M 3 0 M M M 8.0 16 300 M M 1 24 310
18 72 38 55 M 10 0 M M M 2.7 10 160 M M 0 M M
19 80 48 64 M 1 0 M M M 5.6 14 190 M M 3 18 190
20 93 56 75 M 0 10 M M M 5.6 16 230 M M 0 21 230
21 90 67 79 M 0 14 M M M 8.3 18 280 M M 1 29 280
22 78 50 64 M 1 0 0.03 M M 7.1 14 290 M M 0 21 320
23 85 45 65 M 0 0 M M M 5.9 15 240 M M 1 20 240
================================================================================
SM 1744 1084 116 41 0.03 M 130.2 M 75
================================================================================
AV 75.8 47.1 5.7 FASTST M M 3 MAX(MPH)
MISC ----> 29 270 39 270
================================================================================
NOTES:
# LAST OF SEVERAL OCCURRENCES
COLUMN 17 PEAK WIND IN M.P.H.
PRELIMINARY LOCAL CLIMATOLOGICAL DATA (WS FORM: F-6) , PAGE 2
STATION: MERRILL MUNICIPAL AI
MONTH: JUNE
YEAR: 2022
LATITUDE: 45 10 N
LONGITUDE: 89 42 W
[TEMPERATURE DATA] [PRECIPITATION DATA] SYMBOLS USED IN COLUMN 16
AVERAGE MONTHLY: 61.5 TOTAL FOR MONTH: 0.03 1 = FOG OR MIST
DPTR FM NORMAL: 0.0 DPTR FM NORMAL: 0.03 2 = FOG REDUCING VISIBILITY
HIGHEST: 93 ON 20 GRTST 24HR 0.03 ON 22-22 TO 1/4 MILE OR LESS
LOWEST: 32 ON 4 3 = THUNDER
SNOW, ICE PELLETS, HAIL 4 = ICE PELLETS
TOTAL MONTH: M 5 = HAIL
GRTST 24HR M ON M 6 = FREEZING RAIN OR DRIZZLE
GRTST DEPTH: M ON M 7 = DUSTSTORM OR SANDSTORM:
VSBY 1/2 MILE OR LESS
8 = SMOKE OR HAZE
[NO. OF DAYS WITH] [WEATHER - DAYS WITH] 9 = BLOWING SNOW
X = TORNADO
MAX 32 OR BELOW: 0 0.01 INCH OR MORE: 1
MAX 90 OR ABOVE: 3 0.10 INCH OR MORE: 0
MIN 32 OR BELOW: 1 0.50 INCH OR MORE: 0
MIN 0 OR BELOW: 0 1.00 INCH OR MORE: 0
[HDD (BASE 65) ]
TOTAL THIS MO. 116 CLEAR (SCALE 0-3) 10
DPTR FM NORMAL M PTCLDY (SCALE 4-7) 11
TOTAL FM JUL 1 8769 CLOUDY (SCALE 8-10) 2
DPTR FM NORMAL 8389
[CDD (BASE 65) ]
TOTAL THIS MO. 41
DPTR FM NORMAL M [PRESSURE DATA]
TOTAL FM JAN 1 88 HIGHEST SLP M ON M
DPTR FM NORMAL 88 LOWEST SLP M ON M
[REMARKS]