000
CXUS54 KLZK 011230
CF6RUE
PRELIMINARY LOCAL CLIMATOLOGICAL DATA (WS FORM: F-6)
STATION: RUSSELLVILLE
MONTH: DECEMBER
YEAR: 2020
LATITUDE: 35 15 N
LONGITUDE: 93 6 W
TEMPERATURE IN F: :PCPN: SNOW: WIND :SUNSHINE: SKY :PK WND
================================================================================
1 2 3 4 5 6A 6B 7 8 9 10 11 12 13 14 15 16 17 18
12Z AVG MX 2MIN
DY MAX MIN AVG DEP HDD CDD WTR SNW DPTH SPD SPD DIR MIN PSBL S-S WX SPD DR
================================================================================
1 55 19 37 -8 28 0 0.00 M M 1.6 8 100 M M 0 12 140
2 53 27 40 -5 25 0 0.18 M M 4.2 13 100 M M 6 19 100
3 44 40 42 -2 23 0 0.09 M M 3.0 9 90 M M 10 14 100
4 50 30 40 -4 25 0 0.00 M M 7.3 15 260 M M 5 20 290
5 60 27 44 0 21 0 0.00 M M 1.5 10 320 M M 0 13 280
6 57 29 43 0 22 0 0.00 M M 2.7 14 310 M M 0 18 300
7 56 28 42 -1 23 0 0.00 M M 3.5 14 300 M M 0 18 290
8 63 27 45 2 20 0 0.00 M M 2.4 12 280 M M 0 15 280
9 72 29 51 9 14 0 0.00 M M 0.6 9 260 M M 0 12 270
10 76 29 53 11 12 0 0.00 M M 2.4 10 180 M M 0 16 190
11 57 41 49 7 16 0 0.69 0.0 0 3.5 18 270 M M 7 3 28 280
12 47 37 42 0 23 0 0.00 0.0 0 8.3 17 270 M M 6 23 280
13 41 30 36 -5 29 0 0.76 M M 4.2 16 50 M M 8 21 50
14 46 27 37 -4 28 0 0.00 0.0 0 4.8 15 40 M M 1 18 40
15 32 23 28 -13 37 0 0.00 M M 3.9 13 50 M M 6 19 70
16 39 24 32 -9 33 0 0.00 M M 5.2 12 290 M M 7 16 300
17 49 23 36 -5 29 0 0.00 M M 1.1 6 150 M M 2 10 200
18 57 24 41 1 24 0 0.00 M M 3.1 12 170 M M 1 17 150
19 50 44 47 7 18 0 T M M 2.4 8 70 M M 10 11 110
20 55 31 43 3 22 0 0.00 0.0 0 1.7 8 310 M M 5 11 290
21 65 27 46 6 19 0 0.00 M M 3.5 20 280 M M 0 23 290
22 64 29 47 7 18 0 0.00 M M 3.6 12 110 M M 0 17 110
23 66 34 50 10 15 0 0.30 0.0 0 9.9 29 290 M M 7 39 290
24 41 27 34 -6 31 0 0.00 0.0 0 12.0 28 280 M M 2 40 280
25 42 21 32 -8 33 0 0.00 M M 5.8 15 280 M M 0 19 310
26 62 21 42 2 23 0 0.00 M M 0.8 7 170 M M 0 10 180
27 66 33 50 10 15 0 0.00 M M 4.5 20 200 M M 4 28 200
28 57 30 44 4 21 0 0.00 M M 4.0 13 80 M M 0 20 70
29 43 36 40 0 25 0 0.02 M M 5.4 13 80 M M 9 22 130
30 53 37 45 5 20 0 0.81 M M 5.8 15 10 M M 10 20 340
31 38 36 37 -3 28 0 0.83 M M 7.3 21 60 M M 10 29 70
================================================================================
SM 1656 920 720 0 3.68 0.0 130.0 M 116
================================================================================
AV 53.4 29.7 4.2 FASTST M M 4 MAX(MPH)
MISC ----> 29 290 40 280
================================================================================
NOTES:
# LAST OF SEVERAL OCCURRENCES
COLUMN 17 PEAK WIND IN M.P.H.
PRELIMINARY LOCAL CLIMATOLOGICAL DATA (WS FORM: F-6) , PAGE 2
STATION: RUSSELLVILLE
MONTH: DECEMBER
YEAR: 2020
LATITUDE: 35 15 N
LONGITUDE: 93 6 W
[TEMPERATURE DATA] [PRECIPITATION DATA] SYMBOLS USED IN COLUMN 16
AVERAGE MONTHLY: 41.5 TOTAL FOR MONTH: 3.68 1 = FOG OR MIST
DPTR FM NORMAL: 0.2 DPTR FM NORMAL: -0.83 2 = FOG REDUCING VISIBILITY
HIGHEST: 76 ON 10 GRTST 24HR 0.83 ON 31-31 TO 1/4 MILE OR LESS
LOWEST: 19 ON 1 3 = THUNDER
SNOW, ICE PELLETS, HAIL 4 = ICE PELLETS
TOTAL MONTH: 0.0 INCH 5 = HAIL
GRTST 24HR 0.0 6 = FREEZING RAIN OR DRIZZLE
GRTST DEPTH: 0 7 = DUSTSTORM OR SANDSTORM:
VSBY 1/2 MILE OR LESS
8 = SMOKE OR HAZE
[NO. OF DAYS WITH] [WEATHER - DAYS WITH] 9 = BLOWING SNOW
X = TORNADO
MAX 32 OR BELOW: 1 0.01 INCH OR MORE: 8
MAX 90 OR ABOVE: 0 0.10 INCH OR MORE: 6
MIN 32 OR BELOW: 22 0.50 INCH OR MORE: 4
MIN 0 OR BELOW: 0 1.00 INCH OR MORE: 0
[HDD (BASE 65) ]
TOTAL THIS MO. 720 CLEAR (SCALE 0-3) 16
DPTR FM NORMAL -13 PTCLDY (SCALE 4-7) 10
TOTAL FM JUL 1 1288 CLOUDY (SCALE 8-10) 5
DPTR FM NORMAL -29
[CDD (BASE 65) ]
TOTAL THIS MO. 0
DPTR FM NORMAL -1 [PRESSURE DATA]
TOTAL FM JAN 1 1769 HIGHEST SLP 30.39 ON 28
DPTR FM NORMAL -195 LOWEST SLP 29.66 ON 23
[REMARKS]
#FINAL-12-20#