000
CXUS54 KLZK 011130
CF6RUE
PRELIMINARY LOCAL CLIMATOLOGICAL DATA (WS FORM: F-6)
STATION: Russellville
MONTH: MARCH
YEAR: 2020
LATITUDE: 35 15 N
LONGITUDE: 93 6 W
TEMPERATURE IN F: :PCPN: SNOW: WIND :SUNSHINE: SKY :PK WND
================================================================================
1 2 3 4 5 6A 6B 7 8 9 10 11 12 13 14 15 16 17 18
12Z AVG MX 2MIN
DY MAX MIN AVG DEP HDD CDD WTR SNW DPTH SPD SPD DIR MIN PSBL S-S WX SPD DR
================================================================================
1 64 42 53 5 12 0 0.00 M M 6.9 18 190 M M 7 31 210
2 76 58 67 18 0 2 0.00 M M 6.9 16 300 M M 7 23 320
3 67 47 57 8 8 0 0.00 M M 3.4 13 270 M M 0 16 270
4 64 47 56 7 9 0 0.00 M M 3.5 16 30 M M 1 21 30
5 74 38 56 6 9 0 0.00 M M 6.6 21 320 M M 0 26 330
6 66 35 51 1 14 0 0.00 M M 5.3 14 20 M M 0 19 320
7 64 29 47 -3 18 0 0.00 M M 4.2 12 100 M M 0 17 110
8 69 34 52 2 13 0 0.00 M M 3.7 13 200 M M 1 8 17 190
9 64 55 60 9 5 0 0.38 M M 5.6 14 180 M M 8 1 21 180
10 67 49 58 7 7 0 0.00 M M 5.1 18 280 M M 4 24 270
11 70 50 60 9 5 0 0.50 M M 3.6 18 360 M M 5 13 26 360
12 81 57 69 17 0 4 T M M 5.8 18 190 M M 6 13 28 210
13 67 42 55 3 10 0 0.36 M M 8.7 18 70 M M 7 1 24 60
14 50 42 46 -6 19 0 1.07 M M 3.4 14 330 M M 9 13 20 320
15 51 43 47 -5 18 0 0.03 M M 5.8 13 80 M M 10 1 18 70
16 47 39 43 -10 22 0 0.28 M M 3.5 9 70 M M 10 1 14 80
17 54 47 51 -2 14 0 0.05 M M 3.7 12 70 M M 10 1 14 80
18 72 49 61 8 4 0 0.75 M M 4.3 15 190 M M 9 13 20 210
19 77 63 70 16 0 5 0.69 M M 7.1 30 280 M M 8 13 38 250
20 66 44 55 1 10 0 0.00 M M 9.0 21 280 M M 5 1 25 290
21 55 40 48 -6 17 0 0.00 M M 5.4 13 30 M M 5 17 110
22 48 43 46 -8 19 0 0.39 M M 4.2 15 60 M M 9 13 18 60
23 61 47 54 -1 11 0 0.04 M M 2.3 7 110 M M 9 1 11 160
24 77 50 64 9 1 0 0.25 M M 4.6 15 40 M M 7 13 21 270
25 68 45 57 2 8 0 0.00 M M 4.6 10 100 M M 3 17 90
26 89 49 69 13 0 4 0.00 M M 3.3 15 190 M M 0 1 20 190
27 79 62 71 15 0 6 0.00 M M 4.6 14 190 M M 1 8 21 220
28 75 48 62 6 3 0 0.42 M M 3.7 15 290 M M 4 13 17 300
29 73 49 61 5 4 0 0.00 M M 6.3 17 280 M M 0 1 24 280
30 60 50 55 -1 10 0 1.84 M M 2.7 9 80 M M 6 1 17 80
31 68 45 57 0 8 0 0.17 M M 4.6 15 270 M M 5 1 19 280
================================================================================
SM 2063 1438 278 21 7.22 M 152.4 M 156
================================================================================
AV 66.6 46.4 4.9 FASTST M M 5 MAX(MPH)
MISC ----> # 30 280 # 38 250
================================================================================
NOTES:
# LAST OF SEVERAL OCCURRENCES
COLUMN 17 PEAK WIND IN M.P.H.
PRELIMINARY LOCAL CLIMATOLOGICAL DATA (WS FORM: F-6) , PAGE 2
STATION: Russellville
MONTH: MARCH
YEAR: 2020
LATITUDE: 35 15 N
LONGITUDE: 93 6 W
[TEMPERATURE DATA] [PRECIPITATION DATA] SYMBOLS USED IN COLUMN 16
AVERAGE MONTHLY: 56.5 TOTAL FOR MONTH: 7.22 1 = FOG OR MIST
DPTR FM NORMAL: 3.8 DPTR FM NORMAL: 2.86 2 = FOG REDUCING VISIBILITY
HIGHEST: 89 ON 26 GRTST 24HR 1.84 ON 30-30 TO 1/4 MILE OR LESS
LOWEST: 29 ON 7 3 = THUNDER
SNOW, ICE PELLETS, HAIL 4 = ICE PELLETS
TOTAL MONTH: M 5 = HAIL
GRTST 24HR M ON M 6 = FREEZING RAIN OR DRIZZLE
GRTST DEPTH: M ON M 7 = DUSTSTORM OR SANDSTORM:
VSBY 1/2 MILE OR LESS
8 = SMOKE OR HAZE
[NO. OF DAYS WITH] [WEATHER - DAYS WITH] 9 = BLOWING SNOW
X = TORNADO
MAX 32 OR BELOW: 0 0.01 INCH OR MORE: 15
MAX 90 OR ABOVE: 0 0.10 INCH OR MORE: 12
MIN 32 OR BELOW: 1 0.50 INCH OR MORE: 5
MIN 0 OR BELOW: 0 1.00 INCH OR MORE: 2
[HDD (BASE 65) ]
TOTAL THIS MO. 278 CLEAR (SCALE 0-3) 9
DPTR FM NORMAL -114 PTCLDY (SCALE 4-7) 15
TOTAL FM JUL 1 2946 CLOUDY (SCALE 8-10) 7
DPTR FM NORMAL -133
[CDD (BASE 65) ]
TOTAL THIS MO. 21
DPTR FM NORMAL 10 [PRESSURE DATA]
TOTAL FM JAN 1 21 HIGHEST SLP 30.54 ON 7
DPTR FM NORMAL 8 LOWEST SLP 29.62 ON 2
[REMARKS]
#FINAL-03-20#