000
CXUS54 KTSA 041226
CF6RVS
PRELIMINARY LOCAL CLIMATOLOGICAL DATA (WS FORM: F-6)
STATION: TULSA-RIVERSIDE OKLAHOMA
MONTH: NOVEMBER
YEAR: 2023
LATITUDE: 36 2 N
LONGITUDE: 95 59 W
TEMPERATURE IN F: :PCPN: SNOW: WIND :SUNSHINE: SKY :PK WND
================================================================================
1 2 3 4 5 6A 6B 7 8 9 10 11 12 13 14 15 16 17 18
12Z AVG MX 2MIN
DY MAX MIN AVG DEP HDD CDD WTR SNW DPTH SPD SPD DIR MIN PSBL S-S WX SPD DR
================================================================================
1 55 22 39 -17 26 0 0.00 0.0 M 5.1 14 180 M M 0 20 200
2 64 31 48 -8 17 0 0.00 0.0 M 6.8 18 190 M M 0 26 180
3 72 36 54 -1 11 0 0.00 0.0 M 6.6 21 200 M M 0 8 29 180
4 76 45 61 6 4 0 0.00 0.0 M 2.8 10 170 M M 4 16 160
5 80 51 66 11 0 1 0.00 0.0 M 5.9 15 190 M M 2 1 23 190
6 83 60 72 18 0 7 0.00 0.0 M 7.8 16 200 M M 0 24 210
7 85 58 72 18 0 7 0.00 0.0 M 7.6 17 190 M M 0 25 190
8 87 58 73 19 0 8 0.00 0.0 M 8.6 18 210 M M 0 27 220
9 61 49 55 2 10 0 T 0.0 M 9.2 17 20 M M 3 28 40
10 66 38 52 -1 13 0 0.00 0.0 M 4.3 13 40 M M 0 17 40
11 66 39 53 1 12 0 0.00 0.0 M 2.7 10 170 M M 3 16 170
12 69 37 53 1 12 0 0.00 0.0 M 1.4 9 170 M M 0 16 190
13 72 38 55 3 10 0 0.00 0.0 M 1.1 10 180 M M 0 18 14 130
14 70 38 54 3 11 0 0.00 0.0 M 2.4 12 170 M M 0 1 16 160
15 72 38 55 4 10 0 0.00 0.0 M 1.8 9 120 M M 0 1 14 160
16 64 41 53 3 12 0 0.00 0.0 M 8.9 17 180 M M 4 1 27 190
17 67 42 55 5 10 0 T 0.0 M 4.1 13 40 M M 5 20 10
18 71 35 53 3 12 0 0.00 0.0 M 1.1 8 130 M M 0 12 80
19 60 41 51 2 14 0 0.12 0.0 M 7.1 20 160 M M 7 13 32 160
20 55 47 51 2 14 0 0.17 0.0 M 6.5 16 150 M M 10 13 28 160
21 56 35 46 -2 19 0 0.00 0.0 M 8.1 14 320 M M 6 26 360
22 57 27 42 -6 23 0 0.00 0.0 M 1.4 8 350 M M 0 16 360
23 65 31 48 0 17 0 0.00 0.0 M 3.5 13 190 M M 0 20 180
24 50 35 43 -4 22 0 0.00 0.0 M 8.7 17 30 M M 0 25 10
25 56 30 43 -4 22 0 0.12 0.0 M 4.1 12 120 M M 4 18 20 310
26 45 25 35 -12 30 0 0.02 M M 4.7 13 310 M M 3 1 23 330
27 54 21 38 -8 27 0 0.00 0.0 M 1.5 9 310 M M 0 16 340
28 62 25 44 -2 21 0 0.00 0.0 M 3.2 14 210 M M 0 22 190
29 65 30 48 2 17 0 0.00 0.0 M 4.4 14 190 M M 0 20 190
30 56 48 52 7 13 0 0.41 0.0 M 7.1 15 190 M M 9 13 21 190
================================================================================
SM 1961 1151 409 23 0.84 0.0 148.5 M 60
================================================================================
AV 65.4 38.4 4.9 FASTST M M 2 MAX(MPH)
MISC ----> 21 200 32 160
================================================================================
NOTES:
# LAST OF SEVERAL OCCURRENCES
COLUMN 17 PEAK WIND IN M.P.H.
PRELIMINARY LOCAL CLIMATOLOGICAL DATA (WS FORM: F-6) , PAGE 2
STATION: TULSA-RIVERSIDE OKLAHOMA
MONTH: NOVEMBER
YEAR: 2023
LATITUDE: 36 2 N
LONGITUDE: 95 59 W
[TEMPERATURE DATA] [PRECIPITATION DATA] SYMBOLS USED IN COLUMN 16
AVERAGE MONTHLY: 51.9 TOTAL FOR MONTH: 0.84 1 = FOG OR MIST
DPTR FM NORMAL: 1.2 DPTR FM NORMAL: -1.80 2 = FOG REDUCING VISIBILITY
HIGHEST: 87 ON 8 GRTST 24HR 0.41 ON 30-30 TO 1/4 MILE OR LESS
LOWEST: 21 ON 27 3 = THUNDER
SNOW, ICE PELLETS, HAIL 4 = ICE PELLETS
TOTAL MONTH: 0.0 INCH 5 = HAIL
GRTST 24HR 0.0 6 = FREEZING RAIN OR DRIZZLE
GRTST DEPTH: M ON M 7 = DUSTSTORM OR SANDSTORM:
VSBY 1/2 MILE OR LESS
8 = SMOKE OR HAZE
[NO. OF DAYS WITH] [WEATHER - DAYS WITH] 9 = BLOWING SNOW
X = TORNADO
MAX 32 OR BELOW: 0 0.01 INCH OR MORE: 5
MAX 90 OR ABOVE: 0 0.10 INCH OR MORE: 4
MIN 32 OR BELOW: 9 0.50 INCH OR MORE: 0
MIN 0 OR BELOW: 0 1.00 INCH OR MORE: 0
[HDD (BASE 65) ]
TOTAL THIS MO. 409 CLEAR (SCALE 0-3) 22
DPTR FM NORMAL -28 PTCLDY (SCALE 4-7) 6
TOTAL FM JUL 1 585 CLOUDY (SCALE 8-10) 2
DPTR FM NORMAL -22
[CDD (BASE 65) ]
TOTAL THIS MO. 23
DPTR FM NORMAL 17 [PRESSURE DATA]
TOTAL FM JAN 1 2239 HIGHEST SLP 30.55 ON 1
DPTR FM NORMAL 94 LOWEST SLP 29.64 ON 30
[REMARKS]
#FINAL-11-23#