000
CXUS55 KCYS 170114
CF6RWL
PRELIMINARY LOCAL CLIMATOLOGICAL DATA (WS FORM: F-6) ...CORRECTED...
STATION: RAWLINS WYOMING AIRPORT
MONTH: JUNE
YEAR: 2020
LATITUDE: 41 47 N
LONGITUDE: 107 12 W
TEMPERATURE IN F: :PCPN: SNOW: WIND :SUNSHINE: SKY :PK WND
================================================================================
1 2 3 4 5 6A 6B 7 8 9 10 11 12 13 14 15 16 17 18
12Z AVG MX 2MIN
DY MAX MIN AVG DEP HDD CDD WTR SNW DPTH SPD SPD DIR MIN PSBL S-S WX SPD DR
================================================================================
1 84 52 68 14 0 3 0.00 M M 14.6 33 230 M M 0 45 230
2 84 47 66 11 0 1 0.00 M M 10.2 26 250 M M 0 36 260
3 82 56 69 14 0 4 T M M 15.5 38 260 M M 1 57 290
4 84 50 67 12 0 2 T M M 17.4 38 280 M M 1 55 290
5 89 44 67 11 0 2 T M M 11.1 44 210 M M 0 65 200
6 68 48 58 2 7 0 0.01 M M 20.0 49 220 M M 4 13 70 210
7 67 40 54 -2 11 0 T M M 18.1 44 290 M M 3 3 60 290
8 56 36 46 -11 19 0 0.00 M M 11.7 26 280 M M 7 38 290
9 63 38 51 -6 14 0 T M M 17.9 32 280 M M 2 44 280
10 71 42 57 0 8 0 0.00 M M 14.9 26 270 M M 1 37 300
11 76 39 58 0 7 0 0.00 M M 7.7 18 200 M M 0 26 280
12 84 38 61 3 4 0 0.00 M M 5.5 17 170 M M 0 25 200
13 85 58 72 14 0 7 0.00 M M 18.6 38 180 M M 2 59 220
14 77 47 62 3 3 0 T M M 15.4 37 220 M M 0 3 52 240
15 83 42 63 4 2 0 0.00 M M 9.5 32 230 M M 0 45 210
16 83 42 63 3 2 0 0.00 M M 19.1 40 200 M M 0 58 200
17 64 37 51 -9 14 0 0.00 M M 16.5 29 250 M M 1 38 270
18 69 36 53 -7 12 0 0.00 M M 9.3 16 260 M M 0 22 260
19 72 43 58 -2 7 0 0.00 M M 8.9 24 20 M M 2 33 20
20 77 47 62 1 3 0 0.00 M M 15.1 26 270 M M 1 39 250
21 72 49 61 0 4 0 T M M 9.9 38 300 M M 3 3 53 290
22 78 42 60 -2 5 0 0.00 M M 5.9 16 60 M M 3 18 23 50
23 83 49 66 4 0 1 0.00 M M 8.4 18 300 M M 1 28 320
24 88 46 67 5 0 2 0.00 M M 6.5 18 250 M M 1 3 26 250
25 88 55 72 9 0 7 T M M 12.1 30 350 M M 1 3 38 340
26 80 48 64 1 1 0 0.00 M M 7.0 22 210 M M 4 29 200
27 86 50 68 5 0 3 0.00 M M 14.0 26 280 M M 0 41 230
28 81 58 70 6 0 5 T M M 17.1 43 240 M M 2 57 210
29 74 47 61 -3 4 0 0.00 M M 15.1 25 280 M M 1 33 280
30 62 42 52 -12 13 0 T M M 16.6 41 260 M M 4 3 58 280
================================================================================
SM 2310 1368 140 37 0.01 M 389.6 M 45
================================================================================
AV 77.0 45.6 13.0 FASTST M M 2 MAX(MPH)
MISC ----> # 49 220 # 70 210
================================================================================
NOTES:
# LAST OF SEVERAL OCCURRENCES
COLUMN 17 PEAK WIND IN M.P.H.
PRELIMINARY LOCAL CLIMATOLOGICAL DATA (WS FORM: F-6) , PAGE 2
STATION: RAWLINS WYOMING AIRPORT
MONTH: JUNE
YEAR: 2020
LATITUDE: 41 47 N
LONGITUDE: 107 12 W
[TEMPERATURE DATA] [PRECIPITATION DATA] SYMBOLS USED IN COLUMN 16
AVERAGE MONTHLY: 61.3 TOTAL FOR MONTH: 0.01 1 = FOG OR MIST
DPTR FM NORMAL: 2.0 DPTR FM NORMAL: -1.02 2 = FOG REDUCING VISIBILITY
HIGHEST: 89 ON 5 GRTST 24HR 0.01 ON 6- 6 TO 1/4 MILE OR LESS
LOWEST: 36 ON 18, 8 3 = THUNDER
SNOW, ICE PELLETS, HAIL 4 = ICE PELLETS
TOTAL MONTH: M 5 = HAIL
GRTST 24HR M ON M 6 = FREEZING RAIN OR DRIZZLE
GRTST DEPTH: M ON M 7 = DUSTSTORM OR SANDSTORM:
VSBY 1/2 MILE OR LESS
8 = SMOKE OR HAZE
[NO. OF DAYS WITH] [WEATHER - DAYS WITH] 9 = BLOWING SNOW
X = TORNADO
MAX 32 OR BELOW: 0 0.01 INCH OR MORE: 1
MAX 90 OR ABOVE: 0 0.10 INCH OR MORE: 0
MIN 32 OR BELOW: 0 0.50 INCH OR MORE: 0
MIN 0 OR BELOW: 0 1.00 INCH OR MORE: 0
[HDD (BASE 65) ]
TOTAL THIS MO. 140 CLEAR (SCALE 0-3) 24
DPTR FM NORMAL -50 PTCLDY (SCALE 4-7) 6
TOTAL FM JUL 1 8171 CLOUDY (SCALE 8-10) 0
DPTR FM NORMAL -222
[CDD (BASE 65) ]
TOTAL THIS MO. 37
DPTR FM NORMAL 18 [PRESSURE DATA]
TOTAL FM JAN 1 40 HIGHEST SLP 30.23 ON 12
DPTR FM NORMAL 21 LOWEST SLP 29.28 ON 28
[REMARKS]
JUNE 5TH...TIED RECORD HIGH 89 DEGREES PREVIOUSLY SET IN 2018.
#FINAL-06-20#