000
CXUS54 KEWX 011010
CF6RYW
PRELIMINARY LOCAL CLIMATOLOGICAL DATA (WS FORM: F-6)
STATION: LAGO VISTA
MONTH: MARCH
YEAR: 2023
LATITUDE: 30 30 N
LONGITUDE: 97 58 W
TEMPERATURE IN F: :PCPN: SNOW: WIND :SUNSHINE: SKY :PK WND
================================================================================
1 2 3 4 5 6A 6B 7 8 9 10 11 12 13 14 15 16 17 18
12Z AVG MX 2MIN
DY MAX MIN AVG DEP HDD CDD WTR SNW DPTH SPD SPD DIR MIN PSBL S-S WX SPD DR
================================================================================
1 82 68 75 M 0 10 0.00 M M 6.3 12 190 M M 8 1 17 170
2 78 53 66 M 0 1 0.66 M M 10.3 21 300 M M 9 138 40 300
3 70 46 58 M 7 0 0.00 M M 9.6 24 280 M M 0 8 40 280
4 80 51 66 M 0 1 0.00 M M 6.1 9 170 M M 0 18 210
5 77 53 65 M 0 0 0.00 M M 6.2 9 170 M M 1 12 21 150
6 80 58 69 M 0 4 0.00 M M 6.1 9 200 M M 4 17 180
7 81 64 73 M 0 8 0.00 M M 5.7 10 170 M M 8 1 16 160
8 75 59 67 M 0 2 0.00 M M 5.9 10 50 M M 8 1 18 30
9 82 56 69 M 0 4 0.00 M M 5.7 13 30 M M 9 22 30
10 72 52 62 M 3 0 0.00 M M 5.9 15 50 M M 6 21 30
11 89 60 75 M 0 10 0.00 M M 9.6 15 200 M M 3 1 24 210
12 72 55 64 M 1 0 0.00 M M 8.6 14 40 M M 2 23 40
13 65 46 56 M 9 0 0.03 M M 8.9 13 60 M M 1 22 50
14 64 45 55 M 10 0 0.00 M M 8.3 12 40 M M 6 18 50
15 72 47 60 M 5 0 0.00 M M 7.8 15 180 M M 7 22 160
16 80 47 64 M 1 0 0.10 M M 11.2 21 350 M M 7 3 31 20
17 56 37 47 M 18 0 0.00 M M 10.2 16 340 M M 4 28 340
18 51 42 47 M 18 0 0.00 M M 4.3 8 280 M M 7 M M
19 58 37 48 M 17 0 0.00 M M 3.6 8 270 M M 1 M M
20 54 41 48 M 17 0 0.00 M M 6.9 13 160 M M 8 22 180
21 69 49 59 M 6 0 0.03 M M 7.9 13 180 M M 10 1 22 200
22 77 66 72 M 0 7 0.00 M M 9.5 16 190 M M 9 1 23 190
23 80 68 74 M 0 9 0.00 M M 10.4 14 190 M M 10 29 170
24 83 64 74 M 0 9 0.05 M M 9.1 15 190 M M 5 25 190
25 79 52 66 M 0 1 0.00 M M 5.7 10 280 M M 0 18 320
26 84 58 71 M 0 6 0.00 M M 5.1 8 50 M M 2 16 180
27 78 54 66 M 0 1 0.00 M M 9.1 14 30 M M 5 22 40
28 66 53 60 M 5 0 0.00 M M 11.1 18 40 M M 5 29 20
29 72 50 61 M 4 0 0.00 M M 7.0 10 60 M M 9 20 40
30 70 58 64 M 1 0 0.16 M M 8.1 13 160 M M 10 1 24 160
31 88 67 78 M 0 13 0.00 M M 9.6 18 190 M M 6 26 190
================================================================================
SM 2284 1656 122 86 1.03 M 239.9 M 170
================================================================================
AV 73.7 53.4 7.7 FASTST M M 5 MAX(MPH)
MISC ----> 24 280 # 40 300
================================================================================
NOTES:
# LAST OF SEVERAL OCCURRENCES
COLUMN 17 PEAK WIND IN M.P.H.
PRELIMINARY LOCAL CLIMATOLOGICAL DATA (WS FORM: F-6) , PAGE 2
STATION: LAGO VISTA
MONTH: MARCH
YEAR: 2023
LATITUDE: 30 30 N
LONGITUDE: 97 58 W
[TEMPERATURE DATA] [PRECIPITATION DATA] SYMBOLS USED IN COLUMN 16
AVERAGE MONTHLY: 63.5 TOTAL FOR MONTH: 1.03 1 = FOG OR MIST
DPTR FM NORMAL: 0.0 DPTR FM NORMAL: M 2 = FOG REDUCING VISIBILITY
HIGHEST: 89 ON 11 GRTST 24HR 0.66 ON 2- 2 TO 1/4 MILE OR LESS
LOWEST: 37 ON 19,17 3 = THUNDER
SNOW, ICE PELLETS, HAIL 4 = ICE PELLETS
TOTAL MONTH: M 5 = HAIL
GRTST 24HR M ON M 6 = FREEZING RAIN OR DRIZZLE
GRTST DEPTH: M ON M 7 = DUSTSTORM OR SANDSTORM:
VSBY 1/2 MILE OR LESS
8 = SMOKE OR HAZE
[NO. OF DAYS WITH] [WEATHER - DAYS WITH] 9 = BLOWING SNOW
X = TORNADO
MAX 32 OR BELOW: 0 0.01 INCH OR MORE: 6
MAX 90 OR ABOVE: 0 0.10 INCH OR MORE: 3
MIN 32 OR BELOW: 0 0.50 INCH OR MORE: 1
MIN 0 OR BELOW: 0 1.00 INCH OR MORE: 0
[HDD (BASE 65) ]
TOTAL THIS MO. 122 CLEAR (SCALE 0-3) 9
DPTR FM NORMAL M PTCLDY (SCALE 4-7) 14
TOTAL FM JUL 1 1472 CLOUDY (SCALE 8-10) 8
DPTR FM NORMAL M
[CDD (BASE 65) ]
TOTAL THIS MO. 86
DPTR FM NORMAL M [PRESSURE DATA]
TOTAL FM JAN 1 143 HIGHEST SLP M ON M
DPTR FM NORMAL M LOWEST SLP M ON M
[REMARKS]
#FINAL-03-23#