000
CXUS56 KSTO 261300
CF6SAC
PRELIMINARY LOCAL CLIMATOLOGICAL DATA (WS FORM: F-6)
STATION: SACRAMENTO EXEC AP
MONTH: APRIL
YEAR: 2024
LATITUDE: 38 31 N
LONGITUDE: 121 30 W
TEMPERATURE IN F: :PCPN: SNOW: WIND :SUNSHINE: SKY :PK WND
================================================================================
1 2 3 4 5 6A 6B 7 8 9 10 11 12 13 14 15 16 17 18
12Z AVG MX 2MIN
DY MAX MIN AVG DEP HDD CDD WTR SNW DPTH SPD SPD DIR MIN PSBL S-S WX SPD DR
================================================================================
1 73 45 59 2 6 0 0.00 M M 6.2 14 340 M M 0 20 340
2 75 47 61 4 4 0 0.00 M M 5.0 13 210 M M 0 17 190
3 67 44 56 -1 9 0 0.00 M M 10.5 23 220 M M 0 33 220
4 51 41 46 -12 19 0 0.61 M M 6.4 18 120 M M 7 13 25 100
5 56 40 48 -10 17 0 0.16 M M 4.0 16 260 M M 7 21 260
6 60 40 50 -8 15 0 0.00 M M 6.3 12 220 M M 1 20 160
7 66 38 52 -6 13 0 0.00 0.0 M 4.2 15 300 M M 0 22 330
8 73 43 58 0 7 0 0.00 0.0 M 8.3 17 330 M M 0 29 300
9 78 42 60 2 5 0 0.00 0.0 M 2.5 8 230 M M 0 11 230
10 80 48 64 6 1 0 0.00 M M 2.6 10 290 M M 0 14 290
11 82 51 67 8 0 2 0.00 M M 2.3 10 220 M M 0 15 250
12 66 54 60 1 5 0 0.00 0.0 M 9.2 24 220 M M 1 35 240
13 58 45 52 -7 13 0 0.73 0.0 M 8.3 18 240 M M 9 1 31 230
14 59 44 52 -7 13 0 T M M 3.3 10 220 M M 8 16 230
15 69 49 59 0 6 0 0.00 M M 5.3 14 340 M M 4 18 330
16 77 47 62 2 3 0 0.00 M M 2.0 9 220 M M 0 12 280
17 78 51 65 5 0 0 0.00 M M 2.8 12 290 M M 0 14 290
18 81 52 67 7 0 2 0.00 M M 3.3 12 220 M M 0 17 220
19 77 52 65 5 0 0 0.00 M M 5.4 13 220 M M 0 17 220
20 80 51 66 6 0 1 0.00 M M 5.4 14 230 M M 0 18 230
21 85 50 68 8 0 3 0.00 M M 3.4 12 290 M M 0 18 300
22 86 53 70 9 0 5 0.00 M M 5.8 18 210 M M 0 31 210
23 68 54 61 0 4 0 0.00 M M 10.9 21 220 M M 4 32 210
24 69 52 61 0 4 0 0.00 0.0 M 5.5 14 220 M M 6 22 220
25 70 50 60 -1 5 0 T 0.0 M 9.1 18 220 M M 4 29 230
================================================================================
SM 1784 1183 149 13 1.50 0.0 138.0 M 51
================================================================================
AV 71.4 47.3 5.5 FASTST M M 2 MAX(MPH)
MISC ----> 24 220 35 240
================================================================================
NOTES:
# LAST OF SEVERAL OCCURRENCES
COLUMN 17 PEAK WIND IN M.P.H.
PRELIMINARY LOCAL CLIMATOLOGICAL DATA (WS FORM: F-6) , PAGE 2
STATION: SACRAMENTO EXEC AP
MONTH: APRIL
YEAR: 2024
LATITUDE: 38 31 N
LONGITUDE: 121 30 W
[TEMPERATURE DATA] [PRECIPITATION DATA] SYMBOLS USED IN COLUMN 16
AVERAGE MONTHLY: 59.3 TOTAL FOR MONTH: 1.50 1 = FOG OR MIST
DPTR FM NORMAL: 0.3 DPTR FM NORMAL: 0.36 2 = FOG REDUCING VISIBILITY
HIGHEST: 86 ON 22 GRTST 24HR 0.77 ON 4- 5 TO 1/4 MILE OR LESS
LOWEST: 38 ON 7 3 = THUNDER
SNOW, ICE PELLETS, HAIL 4 = ICE PELLETS
TOTAL MONTH: 0.0 INCH 5 = HAIL
GRTST 24HR 0.0 6 = FREEZING RAIN OR DRIZZLE
GRTST DEPTH: M ON M 7 = DUSTSTORM OR SANDSTORM:
VSBY 1/2 MILE OR LESS
8 = SMOKE OR HAZE
[NO. OF DAYS WITH] [WEATHER - DAYS WITH] 9 = BLOWING SNOW
X = TORNADO
MAX 32 OR BELOW: 0 0.01 INCH OR MORE: 3
MAX 90 OR ABOVE: 0 0.10 INCH OR MORE: 3
MIN 32 OR BELOW: 0 0.50 INCH OR MORE: 2
MIN 0 OR BELOW: 0 1.00 INCH OR MORE: 0
[HDD (BASE 65) ]
TOTAL THIS MO. 149 CLEAR (SCALE 0-3) 17
DPTR FM NORMAL -12 PTCLDY (SCALE 4-7) 7
TOTAL FM JUL 1 2017 CLOUDY (SCALE 8-10) 1
DPTR FM NORMAL -331
[CDD (BASE 65) ]
TOTAL THIS MO. 13
DPTR FM NORMAL 5 [PRESSURE DATA]
TOTAL FM JAN 1 13 HIGHEST SLP M ON M
DPTR FM NORMAL 4 LOWEST SLP 29.66 ON 12
[REMARKS]