000
CXUS56 KSTO 051715
CF6SAC
PRELIMINARY LOCAL CLIMATOLOGICAL DATA (WS FORM: F-6)
STATION: SACRAMENTO EXEC AP
MONTH: JANUARY
YEAR: 2024
LATITUDE: 38 31 N
LONGITUDE: 121 30 W
TEMPERATURE IN F: :PCPN: SNOW: WIND :SUNSHINE: SKY :PK WND
================================================================================
1 2 3 4 5 6A 6B 7 8 9 10 11 12 13 14 15 16 17 18
12Z AVG MX 2MIN
DY MAX MIN AVG DEP HDD CDD WTR SNW DPTH SPD SPD DIR MIN PSBL S-S WX SPD DR
================================================================================
1 60 45 53 6 12 0 0.00 M M 4.4 10 340 M M 4 1 12 340
2 52 42 47 0 18 0 0.45 M M 5.8 16 100 M M 7 1 19 100
3 55 41 48 1 17 0 0.03 M M 4.2 9 150 M M 6 14 150
4 58 37 48 1 17 0 0.00 M M 4.6 13 310 M M 1 12 15 310
5 60 39 50 3 15 0 0.00 M M 6.8 18 330 M M 1 1 23 340
6 49 35 42 -5 23 0 0.11 M M 5.6 14 140 M M 4 12 22 150
7 53 33 43 -4 22 0 0.00 M M 7.4 18 310 M M 0 22 310
8 55 34 45 -2 20 0 0.00 M M 4.6 13 330 M M 3 18 320
9 52 44 48 1 17 0 T M M 7.1 18 130 M M 9 18 25 150
10 55 38 47 0 18 0 T 0.0 M 8.7 23 340 M M 7 1 29 330
11 54 35 45 -2 20 0 0.00 0.0 M 6.4 16 320 M M 0 22 320
12 53 34 44 -3 21 0 0.00 M M 3.5 9 100 M M 4 12 180
13 48 44 46 -1 19 0 0.28 M M 9.5 18 140 M M 10 1 27 150
14 58 46 52 5 13 0 T M M 7.7 18 130 M M 8 1 24 150
15 57 41 49 2 16 0 0.00 M M 3.5 10 330 M M 7 1 12 340
16 53 45 49 1 16 0 0.30 M M 2.6 10 100 M M 10 1 12 150
17 61 43 52 4 13 0 0.01 M M 4.0 13 140 M M 5 1 18 140
18 59 40 50 2 15 0 0.00 M M 2.7 10 50 M M 0 1 15 60
19 58 44 51 3 14 0 0.01 M M 2.7 12 10 M M 5 1 13 20
20 62 52 57 9 8 0 0.77 M M 8.6 17 140 M M 9 1 26 130
21 61 53 57 9 8 0 0.47 M M 9.2 18 130 M M 9 1 27 150
22 59 50 55 7 10 0 0.40 M M 5.8 21 140 M M 10 1 34 160
23 62 52 57 9 8 0 T M M 3.4 12 310 M M 7 1 16 310
24 56 52 54 6 11 0 0.28 M M 7.0 15 140 M M 10 1 20 140
25 60 44 52 4 13 0 0.00 0.0 M 3.2 10 270 M M 2 1 15 280
26 60 49 55 7 10 0 0.00 0.0 M 2.0 12 320 M M 6 14 320
27 61 47 54 5 11 0 0.00 0.0 M 3.5 8 310 M M 0 10 290
28 71 46 59 10 6 0 0.00 M M 1.4 8 330 M M 0 12 10 330
29 71 44 58 9 7 0 0.00 M M 1.6 8 310 M M 0 1 10 310
30 69 47 58 9 7 0 0.00 M M 2.7 10 70 M M 0 1 13 230
31 63 52 58 9 7 0 0.42 M M 8.1 24 130 M M 5 1 39 140
================================================================================
SM 1805 1348 432 0 3.53 0.0 158.3 M 149
================================================================================
AV 58.2 43.5 5.1 FASTST M M 5 MAX(MPH)
MISC ----> 24 130 39 140
================================================================================
NOTES:
# LAST OF SEVERAL OCCURRENCES
COLUMN 17 PEAK WIND IN M.P.H.
PRELIMINARY LOCAL CLIMATOLOGICAL DATA (WS FORM: F-6) , PAGE 2
STATION: SACRAMENTO EXEC AP
MONTH: JANUARY
YEAR: 2024
LATITUDE: 38 31 N
LONGITUDE: 121 30 W
[TEMPERATURE DATA] [PRECIPITATION DATA] SYMBOLS USED IN COLUMN 16
AVERAGE MONTHLY: 50.9 TOTAL FOR MONTH: 3.53 1 = FOG OR MIST
DPTR FM NORMAL: 3.3 DPTR FM NORMAL: -0.13 2 = FOG REDUCING VISIBILITY
HIGHEST: 71 ON 29,28 GRTST 24HR 2.00 ON 21-22 TO 1/4 MILE OR LESS
LOWEST: 33 ON 7 3 = THUNDER
SNOW, ICE PELLETS, HAIL 4 = ICE PELLETS
TOTAL MONTH: 0.0 INCH 5 = HAIL
GRTST 24HR 0.0 6 = FREEZING RAIN OR DRIZZLE
GRTST DEPTH: M ON M 7 = DUSTSTORM OR SANDSTORM:
VSBY 1/2 MILE OR LESS
8 = SMOKE OR HAZE
[NO. OF DAYS WITH] [WEATHER - DAYS WITH] 9 = BLOWING SNOW
X = TORNADO
MAX 32 OR BELOW: 0 0.01 INCH OR MORE: 12
MAX 90 OR ABOVE: 0 0.10 INCH OR MORE: 9
MIN 32 OR BELOW: 0 0.50 INCH OR MORE: 1
MIN 0 OR BELOW: 0 1.00 INCH OR MORE: 0
[HDD (BASE 65) ]
TOTAL THIS MO. 432 CLEAR (SCALE 0-3) 11
DPTR FM NORMAL -107 PTCLDY (SCALE 4-7) 13
TOTAL FM JUL 1 1206 CLOUDY (SCALE 8-10) 7
DPTR FM NORMAL -300
[CDD (BASE 65) ]
TOTAL THIS MO. 0
DPTR FM NORMAL 0 [PRESSURE DATA]
TOTAL FM JAN 1 0 HIGHEST SLP 30.39 ON 9
DPTR FM NORMAL 0 LOWEST SLP 29.60 ON 31
[REMARKS]
#FINAL-01-24#