000
CXUS56 KSGX 011145
CF6SAN
PRELIMINARY LOCAL CLIMATOLOGICAL DATA (WS FORM: F-6)
STATION: SAN DIEGO INTL AIRPORT CA
MONTH: NOVEMBER
YEAR: 2022
LATITUDE: 32 43 N
LONGITUDE: 117 10 W
TEMPERATURE IN F: :PCPN: SNOW: WIND :SUNSHINE: SKY :PK WND
================================================================================
1 2 3 4 5 6A 6B 7 8 9 10 11 12 13 14 15 16 17 18
12Z AVG MX 2MIN
DY MAX MIN AVG DEP HDD CDD WTR SNW DPTH SPD SPD DIR MIN PSBL S-S WX SPD DR
================================================================================
1 69 63 66 0 0 1 0.00 M M 6.5 13 220 M M 7 1 23 220
2 67 60 64 -2 1 0 0.07 M M 10.2 18 280 M M 7 1 27 210
3 64 53 59 -6 6 0 T M M 10.2 26 280 M M 5 35 280
4 69 47 58 -7 7 0 0.00 M M 3.7 15 280 M M 5 18 290
5 70 49 60 -5 5 0 0.00 M M 2.4 13 280 M M 4 15 290
6 67 51 59 -6 6 0 0.00 M M 3.7 10 210 M M 3 19 230
7 67 60 64 -1 1 0 0.10 M M 6.3 12 200 M M 8 18 21 210
8 67 56 62 -2 3 0 0.84 M M 12.2 25 170 M M 9 1 33 160
9 70 51 61 -3 4 0 0.06 M M 7.8 16 280 M M 6 8 26 270
10 65 46 56 -8 9 0 0.00 M M 3.4 14 320 M M 0 19 320
11 69 45 57 -7 8 0 0.00 M M 2.5 14 320 M M 4 18 350
12 67 45 56 -8 9 0 0.00 M M 2.4 10 280 M M 2 18 200
13 64 51 58 -5 7 0 0.00 M M 4.6 13 290 M M 4 19 240
14 68 47 58 -5 7 0 0.00 M M 3.4 12 320 M M 3 17 320
15 69 46 58 -5 7 0 0.00 M M 2.2 14 310 M M 2 8 19 320
16 76 45 61 -2 4 0 0.00 M M 2.4 14 270 M M 0 22 210
17 71 42 57 -5 8 0 0.00 M M 2.9 14 320 M M 5 8 18 330
18 65 45 55 -7 10 0 0.00 M M 2.8 10 220 M M 2 21 200
19 74 47 61 -1 4 0 0.00 M M 2.8 10 320 M M 2 18 14 170
20 76 45 61 -1 4 0 0.00 M M 2.5 13 320 M M 0 16 330
21 76 46 61 -1 4 0 0.00 M M 2.6 12 300 M M 6 14 300
22 72 45 59 -2 6 0 0.00 M M 2.6 9 290 M M 5 12 260
23 71 43 57 -4 8 0 0.00 M M 2.2 12 300 M M 2 14 300
24 82 45 64 3 1 0 0.00 M M 4.8 22 30 M M 1 8 34 30
25 74 47 61 0 4 0 0.00 M M 3.0 14 310 M M 2 20 310
26 67 45 56 -4 9 0 0.00 M M 3.6 10 220 M M 1 22 220
27 67 44 56 -4 9 0 0.00 M M 3.6 10 280 M M 3 19 210
28 63 56 60 0 5 0 0.00 M M 6.5 13 250 M M 8 18 22 210
29 63 51 57 -3 8 0 T M M 5.3 13 140 M M 5 22 210
30 62 48 55 -5 10 0 0.00 M M 3.4 10 230 M M 7 22 210
================================================================================
SM 2071 1464 174 1 1.07 M 132.5 M 118
================================================================================
AV 69.0 48.8 4.4 FASTST M M 4 MAX(MPH)
MISC ----> 26 280 35 280
================================================================================
NOTES:
# LAST OF SEVERAL OCCURRENCES
COLUMN 17 PEAK WIND IN M.P.H.
PRELIMINARY LOCAL CLIMATOLOGICAL DATA (WS FORM: F-6) , PAGE 2
STATION: SAN DIEGO INTL AIRPORT CA
MONTH: NOVEMBER
YEAR: 2022
LATITUDE: 32 43 N
LONGITUDE: 117 10 W
[TEMPERATURE DATA] [PRECIPITATION DATA] SYMBOLS USED IN COLUMN 16
AVERAGE MONTHLY: 58.9 TOTAL FOR MONTH: 1.07 1 = FOG OR MIST
DPTR FM NORMAL: -3.8 DPTR FM NORMAL: 0.28 2 = FOG REDUCING VISIBILITY
HIGHEST: 82 ON 24 GRTST 24HR 0.90 ON 8- 9 TO 1/4 MILE OR LESS
LOWEST: 42 ON 17 3 = THUNDER
SNOW, ICE PELLETS, HAIL 4 = ICE PELLETS
TOTAL MONTH: M 5 = HAIL
GRTST 24HR M ON M 6 = FREEZING RAIN OR DRIZZLE
GRTST DEPTH: M ON M 7 = DUSTSTORM OR SANDSTORM:
VSBY 1/2 MILE OR LESS
8 = SMOKE OR HAZE
[NO. OF DAYS WITH] [WEATHER - DAYS WITH] 9 = BLOWING SNOW
X = TORNADO
MAX 32 OR BELOW: 0 0.01 INCH OR MORE: 4
MAX 90 OR ABOVE: 0 0.10 INCH OR MORE: 2
MIN 32 OR BELOW: 0 0.50 INCH OR MORE: 1
MIN 0 OR BELOW: 0 1.00 INCH OR MORE: 0
[HDD (BASE 65) ]
TOTAL THIS MO. 174 CLEAR (SCALE 0-3) 13
DPTR FM NORMAL 81 PTCLDY (SCALE 4-7) 15
TOTAL FM JUL 1 179 CLOUDY (SCALE 8-10) 2
DPTR FM NORMAL 75
[CDD (BASE 65) ]
TOTAL THIS MO. 1
DPTR FM NORMAL -25 [PRESSURE DATA]
TOTAL FM JAN 1 985 HIGHEST SLP 30.31 ON 4
DPTR FM NORMAL 92 LOWEST SLP 29.88 ON 8
[REMARKS]
#FINAL-11-22#