000
CXUS56 KLOX 011655
CF6SBA
PRELIMINARY LOCAL CLIMATOLOGICAL DATA (WS FORM: F-6)
STATION: SANTA BARBARA AIRPORT CA
MONTH: MARCH
YEAR: 2020
LATITUDE: 34 25 N
LONGITUDE: 119 50 W
TEMPERATURE IN F: :PCPN: SNOW: WIND :SUNSHINE: SKY :PK WND
================================================================================
1 2 3 4 5 6A 6B 7 8 9 10 11 12 13 14 15 16 17 18
12Z AVG MX 2MIN
DY MAX MIN AVG DEP HDD CDD WTR SNW DPTH SPD SPD DIR MIN PSBL S-S WX SPD DR
================================================================================
1 61 43 52 -3 13 0 0.14 M 0 9.1 25 250 M M 4 1 32 270
2 73 40 57 2 8 0 0.00 0.0 0 6.7 21 20 M M 0 23 270
3 71 36 54 -1 11 0 0.00 0.0 0 4.9 14 260 M M 0 18 18 260
4 63 46 55 0 10 0 0.00 0.0 0 5.2 15 130 M M 6 18 19 100
5 64 49 57 2 8 0 0.00 0.0 0 6.3 16 260 M M 4 18 21 250
6 64 47 56 1 9 0 0.00 0.0 0 6.4 16 250 M M 4 19 240
7 61 45 53 -2 12 0 0.00 0.0 0 5.1 14 260 M M 7 18 260
8 63 40 52 -3 13 0 0.00 0.0 0 4.2 10 130 M M 2 13 150
9 71 48 60 5 5 0 0.00 0.0 0 4.7 17 190 M M 7 25 190
10 64 57 61 6 4 0 0.45 0.0 0 8.3 22 110 M M 9 13 30 120
11 66 52 59 4 6 0 0.20 0.0 0 6.4 14 140 M M 6 1 20 130
12 66 49 58 3 7 0 0.10 M 0 3.1 M M M M 8 1 M M
13 58 54 56 1 9 0 0.07 0.0 0 4.2 10 150 M M 10 18 13 240
14 62 53 58 3 7 0 0.13 0.0 0 6.1 14 160 M M 10 18 17 170
15 61 51 56 0 9 0 0.14 0.0 0 6.3 16 140 M M 10 1 20 140
16 56 40 48 -8 17 0 1.05 M 0 8.9 21 140 M M 7 1 M M
17 57 39 48 -8 17 0 0.14 M 0 4.3 14 240 M M 3 1 17 240
18 66 36 51 -5 14 0 0.00 0.0 0 9.3 28 250 M M 1 35 250
19 61 40 51 -5 14 0 T M 0 5.4 12 250 M M 5 15 230
20 61 48 55 -1 10 0 0.03 M 0 4.7 16 160 M M 9 1 20 170
21 62 47 55 -1 10 0 0.00 0.0 0 4.7 13 130 M M 4 16 140
22 64 48 56 0 9 0 0.64 M 0 9.7 20 110 M M 8 1 24 120
23 63 46 55 -1 10 0 0.00 0.0 0 6.2 17 260 M M 5 22 240
24 63 45 54 -2 11 0 0.00 0.0 0 8.1 25 260 M M 4 31 260
25 63 44 54 -2 11 0 T M 0 7.7 28 260 M M 4 34 270
26 60 39 50 -6 15 0 0.00 0.0 0 10.0 30 260 M M 1 38 250
27 67 39 53 -3 12 0 0.00 0.0 0 7.9 29 250 M M 0 37 250
28 62 40 51 -5 14 0 0.00 0.0 0 3.5 10 220 M M 2 15 160
29 67 44 56 0 9 0 0.00 0.0 0 9.7 26 260 M M 2 35 270
30 66 42 54 -2 11 0 0.00 0.0 0 3.7 13 150 M M 0 15 150
31 67 45 56 0 9 0 0.00 0.0 0 3.1 12 140 M M 0 13 130
================================================================================
SM 1973 1392 324 0 3.09 0.0 193.9 M 142
================================================================================
AV 63.7 44.9 6.3 FASTST M M 5 MAX(MPH)
MISC ----> # 30 260 # 38 250
================================================================================
NOTES:
# LAST OF SEVERAL OCCURRENCES
COLUMN 17 PEAK WIND IN M.P.H.
PRELIMINARY LOCAL CLIMATOLOGICAL DATA (WS FORM: F-6) , PAGE 2
STATION: SANTA BARBARA AIRPORT CA
MONTH: MARCH
YEAR: 2020
LATITUDE: 34 25 N
LONGITUDE: 119 50 W
[TEMPERATURE DATA] [PRECIPITATION DATA] SYMBOLS USED IN COLUMN 16
AVERAGE MONTHLY: 54.3 TOTAL FOR MONTH: 3.09 1 = FOG OR MIST
DPTR FM NORMAL: -1.2 DPTR FM NORMAL: -0.09 2 = FOG REDUCING VISIBILITY
HIGHEST: 73 ON 2 GRTST 24HR 1.05 ON 16-16 TO 1/4 MILE OR LESS
LOWEST: 36 ON 18, 3 3 = THUNDER
SNOW, ICE PELLETS, HAIL 4 = ICE PELLETS
TOTAL MONTH: 0.0 INCH 5 = HAIL
GRTST 24HR 0.0 6 = FREEZING RAIN OR DRIZZLE
GRTST DEPTH: 0 7 = DUSTSTORM OR SANDSTORM:
VSBY 1/2 MILE OR LESS
8 = SMOKE OR HAZE
[NO. OF DAYS WITH] [WEATHER - DAYS WITH] 9 = BLOWING SNOW
X = TORNADO
MAX 32 OR BELOW: 0 0.01 INCH OR MORE: 11
MAX 90 OR ABOVE: 0 0.10 INCH OR MORE: 9
MIN 32 OR BELOW: 0 0.50 INCH OR MORE: 2
MIN 0 OR BELOW: 0 1.00 INCH OR MORE: 1
[HDD (BASE 65) ]
TOTAL THIS MO. 324 CLEAR (SCALE 0-3) 11
DPTR FM NORMAL 28 PTCLDY (SCALE 4-7) 14
TOTAL FM JUL 1 1692 CLOUDY (SCALE 8-10) 6
DPTR FM NORMAL -205
[CDD (BASE 65) ]
TOTAL THIS MO. 0
DPTR FM NORMAL -2 [PRESSURE DATA]
TOTAL FM JAN 1 0 HIGHEST SLP 30.26 ON 30
DPTR FM NORMAL -2 LOWEST SLP 29.71 ON 12
[REMARKS]
#FINAL-03-20#