275
CXUS53 KMKX 020213
CF6SBM
PRELIMINARY LOCAL CLIMATOLOGICAL DATA (WS FORM: F-6)
STATION: SHEBOYGAN WI
MONTH: DECEMBER
YEAR: 2020
LATITUDE: 43 46 N
LONGITUDE: 87 51 W
TEMPERATURE IN F: :PCPN: SNOW: WIND :SUNSHINE: SKY :PK WND
================================================================================
1 2 3 4 5 6A 6B 7 8 9 10 11 12 13 14 15 16 17 18
12Z AVG MX 2MIN
DY MAX MIN AVG DEP HDD CDD WTR SNW DPTH SPD SPD DIR MIN PSBL S-S WX SPD DR
================================================================================
1 40 29 35 6 30 0 0.00 M M 10.2 18 350 M M 4 26 340
2 50 27 39 11 26 0 0.00 M M 12.7 23 280 M M 0 33 290
3 43 34 39 11 26 0 0.00 M M 14.8 25 260 M M 6 33 280
4 46 30 38 10 27 0 0.00 M M 9.6 22 270 M M 6 30 270
5 38 29 34 7 31 0 0.00 M M 4.6 10 340 M M 10 14 340
6 39 32 36 9 29 0 T M M 3.0 9 260 M M 10 13 10
7 39 34 37 11 28 0 0.00 M M 5.3 9 280 M M 10 12 340
8 39 33 36 10 29 0 0.00 M M 11.8 24 260 M M 7 8 30 260
9 54 37 46 20 19 0 0.00 M M 9.1 17 270 M M 1 23 300
10 56 27 42 17 23 0 0.00 M M 5.2 18 180 M M 0 128 24 180
11 45 37 41 16 24 0 0.26 M M 16.5 26 40 M M 8 1 33 20
12 40 30 35 11 30 0 0.48 M M 17.8 35 30 M M 10 1 46 50
13 33 27 30 6 35 0 0.00 M M 7.5 18 260 M M 9 24 250
14 33 18 26 2 39 0 0.00 M M 10.3 23 300 M M 3 32 300
15 35 16 26 2 39 0 0.00 M M 4.6 9 350 M M 4 13 340
16 41 31 36 13 29 0 0.00 M M 6.2 14 60 M M 9 20 110
17 35 27 31 8 34 0 0.02 M M 2.7 7 340 M M 10 18 9 320
18 36 17 27 4 38 0 0.00 M M 9.3 20 180 M M 4 18 28 180
19 38 34 36 14 29 0 0.04 M M 3.6 14 180 M M 10 18 18 180
20 35 28 32 10 33 0 0.00 M M 10.7 21 240 M M 7 18 28 270
21 39 28 34 12 31 0 T M M 9.6 23 340 M M 9 1 30 350
22 40 32 36 14 29 0 0.00 M M 11.1 24 180 M M 9 33 170
23 48 26 37 15 28 0 0.05 M M 16.6 35 220 M M 6 48 220
24 26 11 19 -2 46 0 T M M 16.1 30 220 M M 10 8 39 240
25 22 11 17 -4 48 0 0.00 M M 12.7 21 290 M M 7 32 300
26 27 18 23 2 42 0 0.00 M M 8.1 20 310 M M 8 26 300
27 36 18 27 6 38 0 T M M 8.7 20 350 M M 7 18 27 350
28 27 16 22 2 43 0 0.00 M M 10.7 17 270 M M 4 25 330
29 33 5 19 -1 46 0 T M M 5.2 15 160 M M 3 1 41 170
30 33 24 29 9 36 0 T M M 15.0 25 250 M M 10 1 36 170
31 25 8 17 -3 48 0 0.00 M M 1.8 15 310 M M M 20 270
================================================================================
SM 1171 774 1033 0 0.85 M 291.1 M 201
================================================================================
AV 37.8 25.0 9.4 FASTST M M 7 MAX(MPH)
MISC ----> # 35 30 48 220
================================================================================
NOTES:
# LAST OF SEVERAL OCCURRENCES
COLUMN 17 PEAK WIND IN M.P.H.
PRELIMINARY LOCAL CLIMATOLOGICAL DATA (WS FORM: F-6) , PAGE 2
STATION: SHEBOYGAN WI
MONTH: DECEMBER
YEAR: 2020
LATITUDE: 43 46 N
LONGITUDE: 87 51 W
[TEMPERATURE DATA] [PRECIPITATION DATA] SYMBOLS USED IN COLUMN 16
AVERAGE MONTHLY: 31.4 TOTAL FOR MONTH: 0.85 1 = FOG OR MIST
DPTR FM NORMAL: 7.7 DPTR FM NORMAL: -0.58 2 = FOG REDUCING VISIBILITY
HIGHEST: 56 ON 10 GRTST 24HR 0.74 ON 11-12 TO 1/4 MILE OR LESS
LOWEST: 5 ON 29 3 = THUNDER
SNOW, ICE PELLETS, HAIL 4 = ICE PELLETS
TOTAL MONTH: M 5 = HAIL
GRTST 24HR M ON M 6 = FREEZING RAIN OR DRIZZLE
GRTST DEPTH: M ON M 7 = DUSTSTORM OR SANDSTORM:
VSBY 1/2 MILE OR LESS
8 = SMOKE OR HAZE
[NO. OF DAYS WITH] [WEATHER - DAYS WITH] 9 = BLOWING SNOW
X = TORNADO
MAX 32 OR BELOW: 5 0.01 INCH OR MORE: 5
MAX 90 OR ABOVE: 0 0.10 INCH OR MORE: 2
MIN 32 OR BELOW: 25 0.50 INCH OR MORE: 0
MIN 0 OR BELOW: 0 1.00 INCH OR MORE: 0
[HDD (BASE 65) ]
TOTAL THIS MO. 1033 CLEAR (SCALE 0-3) 3
DPTR FM NORMAL -249 PTCLDY (SCALE 4-7) 14
TOTAL FM JUL 1 2384 CLOUDY (SCALE 8-10) 14
DPTR FM NORMAL -536
[CDD (BASE 65) ]
TOTAL THIS MO. 0
DPTR FM NORMAL 0 [PRESSURE DATA]
TOTAL FM JAN 1 713 HIGHEST SLP 30.57 ON 29
DPTR FM NORMAL 319 LOWEST SLP 29.31 ON 23
[REMARKS]
#FINAL-12-20#