000
CXUS53 KIWX 010810
CF6SBN
PRELIMINARY LOCAL CLIMATOLOGICAL DATA (WS FORM: F-6)
STATION: SOUTH BEND
MONTH: AUGUST
YEAR: 2023
LATITUDE: 41 42 N
LONGITUDE: 86 19 W
TEMPERATURE IN F: :PCPN: SNOW: WIND :SUNSHINE: SKY :PK WND
================================================================================
1 2 3 4 5 6A 6B 7 8 9 10 11 12 13 14 15 16 17 18
12Z AVG MX 2MIN
DY MAX MIN AVG DEP HDD CDD WTR SNW DPTH SPD SPD DIR MIN PSBL S-S WX SPD DR
================================================================================
1 82 58 70 -2 0 5 0.00 0.0 0 3.3 10 220 M M 1 20 250
2 82 61 72 0 0 7 0.00 0.0 0 5.4 14 180 M M 1 21 190
3 86 62 74 2 0 9 0.00 0.0 0 2.7 8 360 M M 0 18 12 310
4 86 66 76 4 0 11 0.00 0.0 0 4.8 15 10 M M 1 18 18 360
5 77 65 71 -1 0 6 1.20 0.0 0 8.7 17 120 M M 5 1 25 70
6 74 65 70 -2 0 5 0.16 0.0 0 7.5 15 70 M M 10 18 26 80
7 76 63 70 -2 0 5 0.00 0.0 0 8.8 20 350 M M 7 1 26 320
8 83 59 71 -1 0 6 0.00 0.0 0 5.8 14 290 M M 1 1 20 300
9 81 64 73 2 0 8 T 0.0 0 6.2 14 230 M M 1 1 19 240
10 81 63 72 1 0 7 0.04 0.0 0 7.1 16 310 M M 5 128 21 290
11 84 67 76 5 0 11 T 0.0 0 7.5 21 220 M M 3 1 28 250
12 80 67 74 3 0 9 0.16 0.0 0 7.7 21 220 M M 1 13 27 220
13 81 63 72 1 0 7 0.00 0.0 0 7.2 15 280 M M 2 20 320
14 79 64 72 1 0 7 0.01 0.0 0 9.1 25 340 M M 7 1 41 340
15 75 58 67 -4 0 2 0.06 0.0 0 13.5 22 350 M M 7 18 30 310
16 80 53 67 -4 0 2 0.00 0.0 0 5.4 14 220 M M 0 18 19 190
17 78 58 68 -3 0 3 0.48 0.0 0 11.7 22 320 M M 4 13 34 290
18 76 55 66 -5 0 1 T 0.0 0 4.9 16 320 M M 1 8 23 340
19 79 53 66 -5 0 1 0.00 0.0 0 7.7 20 170 M M 0 25 190
20 89 67 78 8 0 13 0.00 0.0 0 5.2 13 350 M M 2 15 340
21 88 69 79 9 0 14 0.00 0.0 0 5.1 17 350 M M 2 1 20 360
22 84 67 76 6 0 11 0.00 0.0 0 7.8 14 120 M M 2 18 140
23 94 71 83 13 0 18 0.00 0.0 0 11.5 21 250 M M 3 28 240
24 96 77 87 17 0 22 0.00 0.0 0 11.2 21 220 M M 2 18 28 200
25 78 69 74 4 0 9 0.00 0.0 0 7.4 13 330 M M 9 1 16 300
26 82 64 73 3 0 8 T 0.0 0 8.0 18 350 M M 8 12 23 350
27 77 56 67 -2 0 2 0.00 0.0 0 6.6 14 20 M M 1 20 30
28 79 51 65 -4 0 0 0.00 0.0 0 2.9 13 330 M M 0 17 20
29 82 57 70 1 0 5 T 0.0 0 8.2 20 340 M M 2 1 29 240
30 73 55 64 -5 1 0 0.00 0.0 0 8.6 22 10 M M 3 29 20
31 77 48 63 -6 2 0 0.00 0.0 0 3.2 13 40 M M 0 17 30
================================================================================
SM 2519 1915 3 214 2.11 0.0 220.7 M 91
================================================================================
AV 81.3 61.8 7.1 FASTST M M 3 MAX(MPH)
MISC ----> 25 340 41 340
================================================================================
NOTES:
# LAST OF SEVERAL OCCURRENCES
COLUMN 17 PEAK WIND IN M.P.H.
PRELIMINARY LOCAL CLIMATOLOGICAL DATA (WS FORM: F-6) , PAGE 2
STATION: SOUTH BEND
MONTH: AUGUST
YEAR: 2023
LATITUDE: 41 42 N
LONGITUDE: 86 19 W
[TEMPERATURE DATA] [PRECIPITATION DATA] SYMBOLS USED IN COLUMN 16
AVERAGE MONTHLY: 71.5 TOTAL FOR MONTH: 2.11 1 = FOG OR MIST
DPTR FM NORMAL: 0.8 DPTR FM NORMAL: -1.90 2 = FOG REDUCING VISIBILITY
HIGHEST: 96 ON 24 GRTST 24HR 1.36 ON 5- 6 TO 1/4 MILE OR LESS
LOWEST: 48 ON 31 3 = THUNDER
SNOW, ICE PELLETS, HAIL 4 = ICE PELLETS
TOTAL MONTH: 0.0 INCH 5 = HAIL
GRTST 24HR 0.0 6 = FREEZING RAIN OR DRIZZLE
GRTST DEPTH: 0 7 = DUSTSTORM OR SANDSTORM:
VSBY 1/2 MILE OR LESS
8 = SMOKE OR HAZE
[NO. OF DAYS WITH] [WEATHER - DAYS WITH] 9 = BLOWING SNOW
X = TORNADO
MAX 32 OR BELOW: 0 0.01 INCH OR MORE: 7
MAX 90 OR ABOVE: 2 0.10 INCH OR MORE: 4
MIN 32 OR BELOW: 0 0.50 INCH OR MORE: 1
MIN 0 OR BELOW: 0 1.00 INCH OR MORE: 1
[HDD (BASE 65) ]
TOTAL THIS MO. 3 CLEAR (SCALE 0-3) 20
DPTR FM NORMAL -11 PTCLDY (SCALE 4-7) 9
TOTAL FM JUL 1 3 CLOUDY (SCALE 8-10) 2
DPTR FM NORMAL -11
[CDD (BASE 65) ]
TOTAL THIS MO. 214
DPTR FM NORMAL 25 [PRESSURE DATA]
TOTAL FM JAN 1 678 HIGHEST SLP 30.25 ON 22
DPTR FM NORMAL 41 LOWEST SLP 29.69 ON 17
[REMARKS]
#FINAL-08-23#