000
CXUS51 KAKQ 010810
CF6SBY
PRELIMINARY LOCAL CLIMATOLOGICAL DATA (WS FORM: F-6)
STATION: SALISBURY MD
MONTH: FEBRUARY
YEAR: 2024
LATITUDE: 38 20 N
LONGITUDE: 75 30 W
TEMPERATURE IN F: :PCPN: SNOW: WIND :SUNSHINE: SKY :PK WND
================================================================================
1 2 3 4 5 6A 6B 7 8 9 10 11 12 13 14 15 16 17 18
12Z AVG MX 2MIN
DY MAX MIN AVG DEP HDD CDD WTR SNW DPTH SPD SPD DIR MIN PSBL S-S WX SPD DR
================================================================================
1 52 26 39 2 26 0 0.00 0.0 0 3.7 14 240 M M 1 1 18 240
2 48 40 44 7 21 0 0.01 0.0 0 7.2 18 330 M M 10 27 320
3 48 29 39 2 26 0 0.00 0.0 0 5.8 16 10 M M 2 22 360
4 50 28 39 2 26 0 0.00 0.0 0 2.5 13 40 M M 0 19 30
5 51 26 39 2 26 0 0.00 0.0 0 3.2 13 10 M M 1 17 10
6 44 27 36 -1 29 0 0.00 0.0 0 6.6 18 20 M M 2 24 40
7 50 27 39 1 26 0 0.00 0.0 0 5.8 15 30 M M 0 23 50
8 55 26 41 3 24 0 0.00 0.0 0 3.3 9 200 M M 0 13 280
9 60 34 47 9 18 0 0.00 0.0 0 5.4 14 190 M M 0 19 240
10 64 46 55 17 10 0 0.01 0.0 0 7.8 15 140 M M 2 20 230
11 55 45 50 12 15 0 0.25 0.0 0 4.0 14 90 M M 9 1 19 100
12 50 43 47 9 18 0 0.00 0.0 0 4.5 13 80 M M 10 18 18 80
13 45 32 39 1 26 0 0.64 T 0 12.7 29 320 M M 7 13 40 320
14 45 26 36 -2 29 0 0.00 0.0 0 10.3 25 320 M M 3 37 320
15 47 23 35 -4 30 0 0.00 0.0 0 4.5 16 160 M M 0 23 160
16 47 33 40 1 25 0 0.00 0.0 0 9.6 21 310 M M 0 31 310
17 42 24 33 -6 32 0 0.18 T 0 10.4 25 320 M M 7 13 37 280
18 44 20 32 -7 33 0 0.00 0.0 0 6.3 18 240 M M 0 25 200
19 49 25 37 -2 28 0 0.00 0.0 0 3.7 15 330 M M 0 20 10
20 49 23 36 -4 29 0 0.00 0.0 0 5.6 16 50 M M 0 22 60
21 49 27 38 -2 27 0 0.00 0.0 0 5.4 16 60 M M 1 22 50
22 53 24 39 -1 26 0 0.00 0.0 0 6.6 16 190 M M 1 27 160
23 55 39 47 7 18 0 0.20 0.0 0 8.2 20 200 M M 6 1 27 200
24 51 33 42 2 23 0 0.01 0.0 0 6.6 16 340 M M 7 12 24 360
25 46 25 36 -4 29 0 0.00 0.0 0 5.3 13 360 M M 1 20 350
26 62 31 47 6 18 0 0.00 0.0 0 6.9 13 210 M M 2 20 200
27 68 42 55 14 10 0 0.11 0.0 0 10.4 21 190 M M 4 36 210
28 68 47 58 17 7 0 0.52 0.0 0 18.0 30 260 M M 9 1 43 270
29 47 28 38 -3 27 0 T 0.0 0 10.6 28 310 M M 0 39 320
================================================================================
SM 1494 899 682 0 1.93 T 200.9 M 85
================================================================================
AV 51.5 31.0 6.9 FASTST M M 3 MAX(MPH)
MISC ----> 30 260 43 270
================================================================================
NOTES:
# LAST OF SEVERAL OCCURRENCES
COLUMN 17 PEAK WIND IN M.P.H.
PRELIMINARY LOCAL CLIMATOLOGICAL DATA (WS FORM: F-6) , PAGE 2
STATION: SALISBURY MD
MONTH: FEBRUARY
YEAR: 2024
LATITUDE: 38 20 N
LONGITUDE: 75 30 W
[TEMPERATURE DATA] [PRECIPITATION DATA] SYMBOLS USED IN COLUMN 16
AVERAGE MONTHLY: 41.3 TOTAL FOR MONTH: 1.93 1 = FOG OR MIST
DPTR FM NORMAL: 2.6 DPTR FM NORMAL: -1.32 2 = FOG REDUCING VISIBILITY
HIGHEST: 68 ON 28,27 GRTST 24HR 0.64 ON 13-13 TO 1/4 MILE OR LESS
LOWEST: 20 ON 18 3 = THUNDER
SNOW, ICE PELLETS, HAIL 4 = ICE PELLETS
TOTAL MONTH: T 5 = HAIL
GRTST 24HR T ON 13-13 6 = FREEZING RAIN OR DRIZZLE
GRTST DEPTH: 0 7 = DUSTSTORM OR SANDSTORM:
VSBY 1/2 MILE OR LESS
8 = SMOKE OR HAZE
[NO. OF DAYS WITH] [WEATHER - DAYS WITH] 9 = BLOWING SNOW
X = TORNADO
MAX 32 OR BELOW: 0 0.01 INCH OR MORE: 9
MAX 90 OR ABOVE: 0 0.10 INCH OR MORE: 6
MIN 32 OR BELOW: 19 0.50 INCH OR MORE: 2
MIN 0 OR BELOW: 0 1.00 INCH OR MORE: 0
[HDD (BASE 65) ]
TOTAL THIS MO. 682 CLEAR (SCALE 0-3) 20
DPTR FM NORMAL -54 PTCLDY (SCALE 4-7) 5
TOTAL FM JUL 1 2715 CLOUDY (SCALE 8-10) 4
DPTR FM NORMAL -472
[CDD (BASE 65) ]
TOTAL THIS MO. 0
DPTR FM NORMAL 0 [PRESSURE DATA]
TOTAL FM JAN 1 0 HIGHEST SLP 30.51 ON 29
DPTR FM NORMAL 0 LOWEST SLP 29.29 ON 13
[REMARKS]
#FINAL-02-24#