000
CXUS56 KSTO 020953
CF6SCK
PRELIMINARY LOCAL CLIMATOLOGICAL DATA (WS FORM: F-6)
STATION: STOCKTON AIRPORT CA
MONTH: JULY
YEAR: 2023
LATITUDE: 37 54 N
LONGITUDE: 121 15 W
TEMPERATURE IN F: :PCPN: SNOW: WIND :SUNSHINE: SKY :PK WND
================================================================================
1 2 3 4 5 6A 6B 7 8 9 10 11 12 13 14 15 16 17 18
12Z AVG MX 2MIN
DY MAX MIN AVG DEP HDD CDD WTR SNW DPTH SPD SPD DIR MIN PSBL S-S WX SPD DR
================================================================================
1 109 66 88 11 0 23 0.00 M M 5.6 16 300 M M 0 20 310
2 106 70 88 11 0 23 0.00 M M 10.2 22 300 M M 0 27 310
3 101 64 83 6 0 18 0.00 M M 6.6 15 320 M M 0 19 300
4 94 59 77 0 0 12 0.00 M M 6.9 14 330 M M 0 28 330
5 89 58 74 -4 0 9 0.00 M M 8.1 16 320 M M 0 20 320
6 88 56 72 -6 0 7 0.00 M M 8.5 18 280 M M 0 22 290
7 86 58 72 -6 0 7 0.00 M M 11.6 22 260 M M 0 29 330
8 84 56 70 -8 0 5 0.00 M M 13.0 22 260 M M 0 26 270
9 81 55 68 -10 0 3 0.00 M M 12.8 20 270 M M 0 24 280
10 91 53 72 -6 0 7 0.00 M M 7.3 13 280 M M 0 20 150
11 99 57 78 0 0 13 0.00 M M 4.3 14 290 M M 0 17 310
12 98 61 80 2 0 15 0.00 M M 7.1 14 290 M M 0 8 27 280
13 99 59 79 1 0 14 0.00 M M 6.6 16 310 M M 0 20 290
14 103 62 83 5 0 18 0.00 M M 6.9 15 290 M M 0 21 360
15 107 63 85 7 0 20 0.00 M M 5.8 13 290 M M 0 20 310
16 109 66 88 10 0 23 0.00 M M 6.0 14 300 M M 0 17 290
17 103 73 88 10 0 23 0.00 M M 6.5 16 280 M M 0 19 280
18 99 66 83 5 0 18 0.00 M M 6.7 15 280 M M 0 20 280
19 97 59 78 0 0 13 0.00 M M 7.7 13 330 M M 0 18 270
20 102 61 82 4 0 17 0.00 M M 7.0 13 290 M M 0 18 310
21 107 62 85 7 0 20 0.00 M M 6.4 15 300 M M 0 19 150
22 108 63 86 8 0 21 0.00 M M 5.6 13 290 M M 0 16 280
23 102 68 85 7 0 20 0.00 M M 7.3 20 270 M M 0 29 260
24 97 64 81 3 0 16 0.00 M M 7.6 15 280 M M 0 8 20 310
25 100 60 80 2 0 15 0.00 M M 7.6 16 300 M M 0 19 300
26 98 67 83 5 0 18 0.00 M M 8.6 18 280 M M 0 24 280
27 95 60 78 0 0 13 0.00 M M 10.2 25 270 M M 0 31 270
28 96 60 78 0 0 13 0.00 M M 7.6 15 250 M M 0 20 300
29 97 61 79 1 0 14 0.00 M M 7.1 15 300 M M 0 18 290
30 98 58 78 0 0 13 0.00 M M 6.5 16 270 M M 0 20 280
31 98 57 78 0 0 13 0.00 M M 7.3 16 270 M M 0 20 300
================================================================================
SM 3041 1902 0 464 0.00 M 237.0 M 0
================================================================================
AV 98.1 61.4 7.6 FASTST M M 0 MAX(MPH)
MISC ----> 25 270 31 270
================================================================================
NOTES:
# LAST OF SEVERAL OCCURRENCES
COLUMN 17 PEAK WIND IN M.P.H.
PRELIMINARY LOCAL CLIMATOLOGICAL DATA (WS FORM: F-6) , PAGE 2
STATION: STOCKTON AIRPORT CA
MONTH: JULY
YEAR: 2023
LATITUDE: 37 54 N
LONGITUDE: 121 15 W
[TEMPERATURE DATA] [PRECIPITATION DATA] SYMBOLS USED IN COLUMN 16
AVERAGE MONTHLY: 79.7 TOTAL FOR MONTH: 0.00 1 = FOG OR MIST
DPTR FM NORMAL: 1.6 DPTR FM NORMAL: 0.00 2 = FOG REDUCING VISIBILITY
HIGHEST: 109 ON 16, 1 GRTST 24HR 0.00 ON 9- 9 TO 1/4 MILE OR LESS
LOWEST: 53 ON 10 3 = THUNDER
SNOW, ICE PELLETS, HAIL 4 = ICE PELLETS
TOTAL MONTH: M 5 = HAIL
GRTST 24HR M ON M 6 = FREEZING RAIN OR DRIZZLE
GRTST DEPTH: M ON M 7 = DUSTSTORM OR SANDSTORM:
VSBY 1/2 MILE OR LESS
8 = SMOKE OR HAZE
[NO. OF DAYS WITH] [WEATHER - DAYS WITH] 9 = BLOWING SNOW
X = TORNADO
MAX 32 OR BELOW: 0 0.01 INCH OR MORE: 0
MAX 90 OR ABOVE: 26 0.10 INCH OR MORE: 0
MIN 32 OR BELOW: 0 0.50 INCH OR MORE: 0
MIN 0 OR BELOW: 0 1.00 INCH OR MORE: 0
[HDD (BASE 65) ]
TOTAL THIS MO. 0 CLEAR (SCALE 0-3) 31
DPTR FM NORMAL 0 PTCLDY (SCALE 4-7) 0
TOTAL FM JUL 1 0 CLOUDY (SCALE 8-10) 0
DPTR FM NORMAL 0
[CDD (BASE 65) ]
TOTAL THIS MO. 464
DPTR FM NORMAL 56 [PRESSURE DATA]
TOTAL FM JAN 1 771 HIGHEST SLP 30.02 ON 25
DPTR FM NORMAL -61 LOWEST SLP 29.72 ON 22
[REMARKS]
#FINAL-07-23#