000
CXUS53 KLMK 010710
CF6SDF
PRELIMINARY LOCAL CLIMATOLOGICAL DATA (WS FORM: F-6)
STATION: LOUISVILLE KY
MONTH: SEPTEMBER
YEAR: 2021
LATITUDE: 38 10 N
LONGITUDE: 85 44 W
TEMPERATURE IN F: :PCPN: SNOW: WIND :SUNSHINE: SKY :PK WND
================================================================================
1 2 3 4 5 6A 6B 7 8 9 10 11 12 13 14 15 16 17 18
12Z AVG MX 2MIN
DY MAX MIN AVG DEP HDD CDD WTR SNW DPTH SPD SPD DIR MIN PSBL S-S WX SPD DR
================================================================================
1 85 69 77 0 0 12 T 0.0 0 11.5 18 350 M M 6 25 20
2 83 61 72 -4 0 7 0.00 0.0 0 6.6 15 90 M M 3 22 80
3 84 61 73 -3 0 8 0.00 0.0 0 5.3 13 110 M M 7 17 100
4 84 64 74 -2 0 9 T 0.0 0 5.9 16 240 M M 7 22 250
5 82 66 74 -2 0 9 1.10 0.0 0 6.0 17 240 M M 8 1 24 260
6 87 60 74 -1 0 9 0.00 0.0 0 3.9 13 220 M M 1 17 200
7 86 63 75 0 0 10 0.00 0.0 0 6.1 14 190 M M 2 20 190
8 85 66 76 1 0 11 0.11 0.0 0 6.5 15 290 M M 7 38 20 290
9 81 59 70 -4 0 5 0.00 0.0 0 5.6 15 320 M M 2 21 10
10 82 60 71 -3 0 6 0.00 0.0 0 2.4 10 220 M M 2 14 230
11 84 61 73 -1 0 8 0.00 0.0 0 8.9 18 230 M M 3 26 190
12 87 69 78 4 0 13 0.00 0.0 0 9.7 18 200 M M 1 26 200
13 89 69 79 6 0 14 0.00 0.0 0 6.3 15 210 M M 3 20 230
14 89 71 80 7 0 15 0.00 0.0 0 9.1 16 190 M M 5 26 170
15 84 71 78 6 0 13 T 0.0 0 6.0 14 30 M M 7 18 30
16 85 69 77 5 0 12 0.00 0.0 0 4.6 9 140 M M 6 18 13 140
17 89 70 80 8 0 15 0.00 0.0 0 5.0 12 160 M M 4 17 150
18 89 72 81 10 0 16 0.00 0.0 0 3.0 14 180 M M 7 17 110
19 86 72 79 8 0 14 0.10 0.0 0 4.1 17 170 M M 10 13 22 160
20 78 71 75 4 0 10 1.78 0.0 0 10.1 20 170 M M 9 13 27 170
21 78 70 74 4 0 9 0.30 0.0 0 5.6 10 140 M M 9 13 14 240
22 71 55 63 -7 2 0 1.30 0.0 0 11.1 22 300 M M 10 1 30 350
23 71 51 61 -8 4 0 0.00 0.0 0 9.0 23 260 M M 3 32 250
24 75 50 63 -6 2 0 0.00 0.0 0 5.7 13 200 M M 2 19 200
25 74 54 64 -5 1 0 0.07 0.0 0 6.3 16 270 M M 5 1 23 310
26 77 50 64 -4 1 0 0.00 0.0 0 6.2 15 220 M M 3 20 200
27 85 58 72 4 0 7 0.00 0.0 0 9.0 18 220 M M 1 26 220
28 87 68 78 10 0 13 0.00 0.0 0 7.9 14 250 M M 3 21 210
29 89 66 78 11 0 13 0.00 0.0 0 2.4 9 270 M M 4 1 13 240
30 86 68 77 10 0 12 0.00 0.0 0 3.5 12 70 M M 9 18 14 70
================================================================================
SM 2492 1914 10 270 4.76 0.0 193.3 M 149
================================================================================
AV 83.1 63.8 6.4 FASTST M M 5 MAX(MPH)
MISC ----> 23 260 32 250
================================================================================
NOTES:
# LAST OF SEVERAL OCCURRENCES
COLUMN 17 PEAK WIND IN M.P.H.
PRELIMINARY LOCAL CLIMATOLOGICAL DATA (WS FORM: F-6) , PAGE 2
STATION: LOUISVILLE KY
MONTH: SEPTEMBER
YEAR: 2021
LATITUDE: 38 10 N
LONGITUDE: 85 44 W
[TEMPERATURE DATA] [PRECIPITATION DATA] SYMBOLS USED IN COLUMN 16
AVERAGE MONTHLY: 73.4 TOTAL FOR MONTH: 4.76 1 = FOG OR MIST
DPTR FM NORMAL: 1.4 DPTR FM NORMAL: 1.10 2 = FOG REDUCING VISIBILITY
HIGHEST: 89 ON 29,18 GRTST 24HR 1.88 ON 19-20 TO 1/4 MILE OR LESS
LOWEST: 50 ON 26,24 3 = THUNDER
SNOW, ICE PELLETS, HAIL 4 = ICE PELLETS
TOTAL MONTH: 0.0 INCH 5 = HAIL
GRTST 24HR 0.0 6 = FREEZING RAIN OR DRIZZLE
GRTST DEPTH: 0 7 = DUSTSTORM OR SANDSTORM:
VSBY 1/2 MILE OR LESS
8 = SMOKE OR HAZE
[NO. OF DAYS WITH] [WEATHER - DAYS WITH] 9 = BLOWING SNOW
X = TORNADO
MAX 32 OR BELOW: 0 0.01 INCH OR MORE: 7
MAX 90 OR ABOVE: 0 0.10 INCH OR MORE: 6
MIN 32 OR BELOW: 0 0.50 INCH OR MORE: 3
MIN 0 OR BELOW: 0 1.00 INCH OR MORE: 3
[HDD (BASE 65) ]
TOTAL THIS MO. 10 CLEAR (SCALE 0-3) 13
DPTR FM NORMAL -12 PTCLDY (SCALE 4-7) 12
TOTAL FM JUL 1 10 CLOUDY (SCALE 8-10) 5
DPTR FM NORMAL -9
[CDD (BASE 65) ]
TOTAL THIS MO. 270
DPTR FM NORMAL 37 [PRESSURE DATA]
TOTAL FM JAN 1 1802 HIGHEST SLP M ON M
DPTR FM NORMAL 115 LOWEST SLP 29.64 ON 1
[REMARKS]
#FINAL-09-21#