000
CXUS53 KLMK 010810
CF6SDF
PRELIMINARY LOCAL CLIMATOLOGICAL DATA (WS FORM: F-6)
STATION: LOUISVILLE KY
MONTH: JANUARY
YEAR: 2024
LATITUDE: 38 10 N
LONGITUDE: 85 44 W
TEMPERATURE IN F: :PCPN: SNOW: WIND :SUNSHINE: SKY :PK WND
================================================================================
1 2 3 4 5 6A 6B 7 8 9 10 11 12 13 14 15 16 17 18
12Z AVG MX 2MIN
DY MAX MIN AVG DEP HDD CDD WTR SNW DPTH SPD SPD DIR MIN PSBL S-S WX SPD DR
================================================================================
1 40 32 36 -1 29 0 T T 0 8.4 14 280 M M 10 18 280
2 40 33 37 1 28 0 0.00 0.0 0 6.6 14 250 M M 9 17 250
3 46 25 36 0 29 0 0.00 0.0 0 6.3 17 320 M M 7 22 330
4 42 28 35 -1 30 0 0.00 0.0 0 6.5 17 360 M M 7 22 350
5 45 25 35 -1 30 0 0.00 0.0 0 4.2 10 130 M M 8 15 130
6 43 36 40 4 25 0 0.47 0.0 0 5.9 13 70 M M 10 1 16 60
7 41 37 39 3 26 0 0.03 T 0 9.2 22 260 M M 10 1 29 250
8 46 30 38 2 27 0 0.31 0.0 0 7.3 21 120 M M 8 1 30 120
9 52 36 44 8 21 0 1.42 T 0 14.3 33 240 M M 10 13 50 220
10 38 31 35 -1 30 0 0.02 T 0 13.3 25 250 M M 8 1 37 260
11 53 31 42 6 23 0 0.00 0.0 0 7.9 17 250 M M 3 26 200
12 53 34 44 9 21 0 1.22 T 0 14.9 35 260 M M 9 1 44 230
13 34 24 29 -6 36 0 0.04 0.7 T 15.2 30 270 M M 9 44 240
14 26 10 18 -17 47 0 0.05 0.7 T 11.8 25 280 M M 8 32 290
15 16 6 11 -24 54 0 T T 1 5.9 12 330 M M 9 14 320
16 19 10 15 -20 50 0 T T T 10.5 16 290 M M 6 21 290
17 30 7 19 -16 46 0 0.00 0.0 T 10.8 21 220 M M 1 28 210
18 35 23 29 -6 36 0 T T T 7.4 15 350 M M 10 19 190
19 30 10 20 -15 45 0 0.17 2.7 2 12.5 24 290 M M 9 9 34 300
20 20 3 12 -23 53 0 0.00 0.0 2 9.0 17 280 M M 2 24 280
21 27 5 16 -19 49 0 0.00 0.0 1 3.7 10 150 M M 2 13 120
22 49 18 34 -1 31 0 0.00 0.0 T 6.8 17 210 M M 7 24 190
23 51 40 46 11 19 0 0.39 0.0 0 5.0 10 160 M M 10 1 14 170
24 61 49 55 19 10 0 1.16 0.0 0 5.5 13 170 M M 10 1 17 180
25 62 56 59 23 6 0 0.29 0.0 0 5.6 20 240 M M 10 12 28 240
26 61 45 53 17 12 0 T 0.0 0 9.6 22 240 M M 10 1 32 250
27 47 43 45 9 20 0 0.54 0.0 0 9.0 26 20 M M 10 13 35 10
28 44 41 43 7 22 0 0.40 0.0 0 12.6 22 320 M M 10 18 30 320
29 41 34 38 2 27 0 T T 0 7.7 14 290 M M 10 18 290
30 43 33 38 2 27 0 0.02 0.0 0 8.3 16 170 M M 10 18 20 300
31 45 39 42 6 23 0 T 0.0 0 6.8 12 340 M M 10 14 340
================================================================================
SM 1280 874 932 0 6.53 4.1 268.5 M 252
================================================================================
AV 41.3 28.2 8.7 FASTST M M 8 MAX(MPH)
MISC ----> 35 260 50 220
================================================================================
NOTES:
# LAST OF SEVERAL OCCURRENCES
COLUMN 17 PEAK WIND IN M.P.H.
PRELIMINARY LOCAL CLIMATOLOGICAL DATA (WS FORM: F-6) , PAGE 2
STATION: LOUISVILLE KY
MONTH: JANUARY
YEAR: 2024
LATITUDE: 38 10 N
LONGITUDE: 85 44 W
[TEMPERATURE DATA] [PRECIPITATION DATA] SYMBOLS USED IN COLUMN 16
AVERAGE MONTHLY: 34.7 TOTAL FOR MONTH: 6.53 1 = FOG OR MIST
DPTR FM NORMAL: -1.0 DPTR FM NORMAL: 3.14 2 = FOG REDUCING VISIBILITY
HIGHEST: 62 ON 25 GRTST 24HR 1.42 ON 9- 9 TO 1/4 MILE OR LESS
LOWEST: 3 ON 20 3 = THUNDER
SNOW, ICE PELLETS, HAIL 4 = ICE PELLETS
TOTAL MONTH: 4.1 INCHES 5 = HAIL
GRTST 24HR 2.7 ON 19-19 6 = FREEZING RAIN OR DRIZZLE
GRTST DEPTH: 2 ON 20,19 7 = DUSTSTORM OR SANDSTORM:
VSBY 1/2 MILE OR LESS
8 = SMOKE OR HAZE
[NO. OF DAYS WITH] [WEATHER - DAYS WITH] 9 = BLOWING SNOW
X = TORNADO
MAX 32 OR BELOW: 7 0.01 INCH OR MORE: 15
MAX 90 OR ABOVE: 0 0.10 INCH OR MORE: 10
MIN 32 OR BELOW: 17 0.50 INCH OR MORE: 4
MIN 0 OR BELOW: 0 1.00 INCH OR MORE: 3
[HDD (BASE 65) ]
TOTAL THIS MO. 932 CLEAR (SCALE 0-3) 3
DPTR FM NORMAL 24 PTCLDY (SCALE 4-7) 8
TOTAL FM JUL 1 2130 CLOUDY (SCALE 8-10) 20
DPTR FM NORMAL -287
[CDD (BASE 65) ]
TOTAL THIS MO. 0
DPTR FM NORMAL 0 [PRESSURE DATA]
TOTAL FM JAN 1 0 HIGHEST SLP 30.77 ON 21
DPTR FM NORMAL 0 LOWEST SLP 29.07 ON 9
[REMARKS]
#FINAL-01-24#