000
CXUS55 KPSR 011005
CF6SDL
PRELIMINARY LOCAL CLIMATOLOGICAL DATA (WS FORM: F-6)
STATION: SCOTTSDALE AZ
MONTH: MARCH
YEAR: 2023
LATITUDE: 33 37 N
LONGITUDE: 111 54 W
TEMPERATURE IN F: :PCPN: SNOW: WIND :SUNSHINE: SKY :PK WND
================================================================================
1 2 3 4 5 6A 6B 7 8 9 10 11 12 13 14 15 16 17 18
12Z AVG MX 2MIN
DY MAX MIN AVG DEP HDD CDD WTR SNW DPTH SPD SPD DIR MIN PSBL S-S WX SPD DR
================================================================================
1 62 41 52 -8 13 0 0.67 0.0 M 7.7 24 190 M M 8 1 40 200
2 52 39 46 -14 19 0 0.02 M M 2.7 15 240 M M 9 22 240
3 61 41 51 -9 14 0 0.00 M M 2.2 12 260 M M 2 17 260
4 67 41 54 -7 11 0 0.00 M M 2.9 10 230 M M 0 16 200
5 70 45 58 -3 7 0 0.00 M M 2.7 10 160 M M 0 17 180
6 72 50 61 0 4 0 0.00 M M 2.0 10 260 M M 0 8 14 250
7 72 52 62 0 3 0 0.00 0.0 0 2.1 10 260 M M 0 15 270
8 74 45 60 -2 5 0 0.00 M M 3.0 12 270 M M 0 17 280
9 73 46 60 -2 5 0 0.00 0.0 0 1.0 7 50 M M 0 10 40
10 77 48 63 1 2 0 0.00 M M 1.1 8 230 M M 2 13 220
11 75 60 68 6 0 3 0.00 M M 3.1 14 40 M M 2 21 20
12 79 55 67 4 0 2 0.00 M M 3.5 18 250 M M 0 29 240
13 77 53 65 2 0 0 0.00 M M 3.3 16 230 M M 0 24 230
14 79 52 66 3 0 1 0.00 M M 3.8 12 260 M M 2 19 280
15 67 53 60 -4 5 0 0.54 M M 3.7 15 350 M M 8 13 24 350
16 69 50 60 -4 5 0 T M M 2.5 14 250 M M 4 3 21 250
17 72 50 61 -3 4 0 0.00 M M 2.2 13 280 M M 3 20 250
18 72 52 62 -2 3 0 0.00 M M 7.9 24 50 M M 0 31 50
19 70 58 64 0 1 0 0.00 M M 7.4 20 90 M M 3 29 90
20 69 56 63 -2 2 0 0.00 M M 3.5 12 290 M M 4 20 250
21 63 58 61 -4 4 0 0.06 M M 3.6 12 170 M M 10 17 170
22 63 49 56 -9 9 0 0.25 M M 3.5 17 280 M M 7 1 31 290
23 66 43 55 -11 10 0 0.00 M M 3.7 16 260 M M 1 22 260
24 66 50 58 -8 7 0 0.02 M M 6.3 18 260 M M 3 28 230
25 69 44 57 -9 8 0 0.00 0.0 0 3.6 14 260 M M 1 18 230
26 67 43 55 -11 10 0 0.00 0.0 0 3.7 15 250 M M 0 22 250
27 72 46 59 -7 6 0 0.00 M M 5.0 17 30 M M 0 29 10
28 79 45 62 -4 3 0 0.00 M M 3.5 12 230 M M 0 17 200
29 80 50 65 -2 0 0 0.00 M M 3.8 13 250 M M 0 19 220
30 64 52 58 -9 7 0 T 0.0 M 8.5 20 250 M M 6 29 220
31 70 45 58 -9 7 0 0.00 0.0 M 2.7 9 270 M M 0 13 210
================================================================================
SM 2168 1512 174 6 1.56 0.0 116.2 M 75
================================================================================
AV 69.9 48.8 3.7 FASTST M M 2 MAX(MPH)
MISC ----> # 24 190 40 200
================================================================================
NOTES:
# LAST OF SEVERAL OCCURRENCES
COLUMN 17 PEAK WIND IN M.P.H.
PRELIMINARY LOCAL CLIMATOLOGICAL DATA (WS FORM: F-6) , PAGE 2
STATION: SCOTTSDALE AZ
MONTH: MARCH
YEAR: 2023
LATITUDE: 33 37 N
LONGITUDE: 111 54 W
[TEMPERATURE DATA] [PRECIPITATION DATA] SYMBOLS USED IN COLUMN 16
AVERAGE MONTHLY: 59.4 TOTAL FOR MONTH: 1.56 1 = FOG OR MIST
DPTR FM NORMAL: -4.3 DPTR FM NORMAL: 0.46 2 = FOG REDUCING VISIBILITY
HIGHEST: 80 ON 29 GRTST 24HR 0.69 ON 1- 2 TO 1/4 MILE OR LESS
LOWEST: 39 ON 2 3 = THUNDER
SNOW, ICE PELLETS, HAIL 4 = ICE PELLETS
TOTAL MONTH: 0.0 INCH 5 = HAIL
GRTST 24HR 0.0 6 = FREEZING RAIN OR DRIZZLE
GRTST DEPTH: 0 7 = DUSTSTORM OR SANDSTORM:
VSBY 1/2 MILE OR LESS
8 = SMOKE OR HAZE
[NO. OF DAYS WITH] [WEATHER - DAYS WITH] 9 = BLOWING SNOW
X = TORNADO
MAX 32 OR BELOW: 0 0.01 INCH OR MORE: 6
MAX 90 OR ABOVE: 0 0.10 INCH OR MORE: 3
MIN 32 OR BELOW: 0 0.50 INCH OR MORE: 2
MIN 0 OR BELOW: 0 1.00 INCH OR MORE: 0
[HDD (BASE 65) ]
TOTAL THIS MO. 174 CLEAR (SCALE 0-3) 21
DPTR FM NORMAL 72 PTCLDY (SCALE 4-7) 6
TOTAL FM JUL 1 1397 CLOUDY (SCALE 8-10) 4
DPTR FM NORMAL 276
[CDD (BASE 65) ]
TOTAL THIS MO. 6
DPTR FM NORMAL -55 [PRESSURE DATA]
TOTAL FM JAN 1 6 HIGHEST SLP 30.20 ON 31
DPTR FM NORMAL -62 LOWEST SLP 29.52 ON 1
[REMARKS]
#FINAL-03-23#