000
CXUS56 KSGX 011045
CF6SDM
PRELIMINARY LOCAL CLIMATOLOGICAL DATA (WS FORM: F-6)
STATION: SAN DIEGO/BROWN
MONTH: MAY
YEAR: 2023
LATITUDE: 32 34 N
LONGITUDE: 116 59 W
TEMPERATURE IN F: :PCPN: SNOW: WIND :SUNSHINE: SKY :PK WND
================================================================================
1 2 3 4 5 6A 6B 7 8 9 10 11 12 13 14 15 16 17 18
12Z AVG MX 2MIN
DY MAX MIN AVG DEP HDD CDD WTR SNW DPTH SPD SPD DIR MIN PSBL S-S WX SPD DR
================================================================================
1 64 53 59 -3 6 0 0.00 M M 8.6 17 240 M M 9 22 250
2 65 49 57 -5 8 0 0.00 M M 5.2 16 260 M M 7 21 290
3 65 48 57 -5 8 0 0.01 M M 5.6 17 260 M M 5 18 22 280
4 65 47 56 -6 9 0 0.19 M M 7.5 17 180 M M 7 1 21 170
5 65 48 57 -5 8 0 0.06 M M 5.8 14 280 M M 6 18 20 270
6 67 48 58 -4 7 0 0.00 M M 4.9 15 260 M M 3 1 20 270
7 70 46 58 -4 7 0 0.00 M M 5.3 16 270 M M 2 18 20 270
8 69 55 62 0 3 0 0.00 M M 4.6 15 270 M M 5 8 20 270
9 68 56 62 0 3 0 T M M 6.9 15 260 M M 7 20 250
10 68 52 60 -2 5 0 0.03 M M 5.7 14 260 M M 6 18 270
11 68 56 62 0 3 0 0.00 M M 5.8 13 270 M M 7 19 250
12 68 57 63 1 2 0 0.00 M M 5.3 13 270 M M 9 8 19 320
13 71 58 65 2 0 0 0.00 M M 4.1 14 250 M M 9 18 17 240
14 67 57 62 -1 3 0 0.00 M M 3.9 13 260 M M 9 18 19 290
15 69 55 62 -1 3 0 0.00 M M 4.0 13 270 M M 6 18 18 280
16 72 55 64 1 1 0 0.00 M M 4.3 14 270 M M 6 18 17 270
17 64 56 60 -3 5 0 0.00 M M 3.9 12 270 M M 9 18 14 250
18 70 56 63 0 2 0 0.00 M M 4.3 10 280 M M 6 18 17 210
19 70 58 64 1 1 0 0.00 M M 3.5 13 260 M M 10 18 24 210
20 66 58 62 -1 3 0 0.00 M M 4.2 12 260 M M 10 18 15 270
21 71 58 65 2 0 0 0.00 M M 4.2 13 260 M M 9 18 18 260
22 62 57 60 -3 5 0 0.00 M M 5.0 10 210 M M 10 18 15 340
23 64 56 60 -3 5 0 0.00 M M 4.4 13 250 M M 10 18 M M
24 64 55 60 -3 5 0 0.00 M M 4.7 10 280 M M 10 1 23 300
25 67 57 62 -2 3 0 0.00 M M 5.8 15 250 M M 9 19 260
26 68 56 62 -2 3 0 0.00 M M 5.9 15 270 M M 9 20 280
27 69 58 64 0 1 0 0.00 M M 6.2 16 270 M M 8 22 220
28 69 58 64 0 1 0 0.00 M M 4.8 15 260 M M 10 1 19 250
29 61 57 59 -5 6 0 0.00 M M 4.2 9 270 M M 10 1 14 240
30 65 57 61 -3 4 0 T M M 5.0 14 270 M M 10 1 20 310
31 64 55 60 -4 5 0 T M M 4.4 13 260 M M 9 18 280
================================================================================
SM 2075 1692 125 0 0.29 M 158.0 M 242
================================================================================
AV 66.9 54.6 5.1 FASTST M M 8 MAX(MPH)
MISC ----> # 17 240 24 210
================================================================================
NOTES:
# LAST OF SEVERAL OCCURRENCES
COLUMN 17 PEAK WIND IN M.P.H.
PRELIMINARY LOCAL CLIMATOLOGICAL DATA (WS FORM: F-6) , PAGE 2
STATION: SAN DIEGO/BROWN
MONTH: MAY
YEAR: 2023
LATITUDE: 32 34 N
LONGITUDE: 116 59 W
[TEMPERATURE DATA] [PRECIPITATION DATA] SYMBOLS USED IN COLUMN 16
AVERAGE MONTHLY: 60.8 TOTAL FOR MONTH: 0.29 1 = FOG OR MIST
DPTR FM NORMAL: -2.0 DPTR FM NORMAL: 0.02 2 = FOG REDUCING VISIBILITY
HIGHEST: 72 ON 16 GRTST 24HR 0.19 ON 3- 4 TO 1/4 MILE OR LESS
LOWEST: 46 ON 7 3 = THUNDER
SNOW, ICE PELLETS, HAIL 4 = ICE PELLETS
TOTAL MONTH: M 5 = HAIL
GRTST 24HR M ON M 6 = FREEZING RAIN OR DRIZZLE
GRTST DEPTH: M ON M 7 = DUSTSTORM OR SANDSTORM:
VSBY 1/2 MILE OR LESS
8 = SMOKE OR HAZE
[NO. OF DAYS WITH] [WEATHER - DAYS WITH] 9 = BLOWING SNOW
X = TORNADO
MAX 32 OR BELOW: 0 0.01 INCH OR MORE: 4
MAX 90 OR ABOVE: 0 0.10 INCH OR MORE: 1
MIN 32 OR BELOW: 0 0.50 INCH OR MORE: 0
MIN 0 OR BELOW: 0 1.00 INCH OR MORE: 0
[HDD (BASE 65) ]
TOTAL THIS MO. 125 CLEAR (SCALE 0-3) 2
DPTR FM NORMAL 34 PTCLDY (SCALE 4-7) 12
TOTAL FM JUL 1 1946 CLOUDY (SCALE 8-10) 17
DPTR FM NORMAL 369
[CDD (BASE 65) ]
TOTAL THIS MO. 0
DPTR FM NORMAL -22 [PRESSURE DATA]
TOTAL FM JAN 1 6 HIGHEST SLP 30.11 ON 7
DPTR FM NORMAL -42 LOWEST SLP 29.83 ON 18
[REMARKS]
#FINAL-05-23#